{"id":1055,"date":"2021-02-05T02:09:56","date_gmt":"2021-02-05T02:09:56","guid":{"rendered":"https:\/\/digmit.at\/?page_id=1055"},"modified":"2024-01-01T14:51:15","modified_gmt":"2024-01-01T14:51:15","slug":"diskriminierung-aufgrund-von-behinderung","status":"publish","type":"page","link":"https:\/\/digmit.at\/index.php\/startseite\/diskriminierung\/diskriminierung-aufgrund-von-behinderung\/","title":{"rendered":"Diskriminierung aufgrund von einer Behinderung"},"content":{"rendered":"\n<p>Ich darf in der Arbeitswelt nicht wegen meiner <strong>Behinderung<\/strong> diskriminiert werden. <\/p>\n\n\n\n<p>Wenn ich schlechter behandelt werde, weil ich eine Behinderung habe, ist das Diskriminierung und somit verboten.<\/p>\n\n\n\n<p>Ich darf wegen meiner Behinderung auch <strong>nicht bel\u00e4stigt<\/strong>, <strong>gedem\u00fctigt<\/strong> oder <strong>gemobbt <\/strong>werden. <br><br><\/p>\n\n\n\n<h2 class=\"wp-block-heading\"><strong>Beispiele<\/strong><strong> f\u00fcr Diskriminierung:<\/strong><\/h2>\n\n\n\n<ul class=\"wp-block-list\">\n<li>Menschen mit Behinderung k\u00f6nnen durch Formulierungen in Stellenanzeigen wie \u201ejunges dynamisches Team\u201c diskriminiert werden.<\/li>\n\n\n\n<li>Ein Bewerber mit Behinderung wird wegen seiner Behinderung nicht zum Bewerbungsgespr\u00e4ch eingeladen.<\/li>\n\n\n\n<li>Die Bewerbung wird wegen der Blindheit des Bewerbers nicht ber\u00fccksichtigt.<\/li>\n\n\n\n<li>Eine Bewerberin bekommt den Job als Sportartikelverk\u00e4uferin nicht, weil sie Rollstuhlfahrerin ist. <\/li>\n\n\n\n<li>Ein*e Mitarbeiter*in mit Behinderung bekommt weniger Gehalt \/ Lohn als ein Mitarbeiter, der die gleiche oder eine gleichwertige Arbeit macht wie sie.<\/li>\n\n\n\n<li>Kolleg*innen machen sich oft \u00fcber einen Mitarbeiter mit Behinderung lustig; sie beleidigen und schikanieren ihn. Der Chef wei\u00df das und macht nichts dagegen. <\/li>\n\n\n\n<li>Nachdem die Firma von der Diabeteserkrankung einer Mitarbeiterin erf\u00e4hrt, beendet sie das Dienstverh\u00e4ltnis nach der Probezeit.<\/li>\n\n\n\n<li>Eine Mitarbeiterin wird nach einer schweren Operation am Hals gek\u00fcndigt, weil sie jetzt schwer und laut schluckt.<\/li>\n<\/ul>\n\n\n\n<p>\u2026<br><br><\/p>\n\n\n\n<h2 class=\"wp-block-heading\"><strong>Was tun bei Diskriminierung?<\/strong><\/h2>\n\n\n\n<p>Als Arbeitnehmer*in kann ich mich bei Diskriminierung an meine*n <strong>Arbeitgeber*in<\/strong> wenden. <br><strong>Der*die Arbeitgeber*in muss Arbeitnehmer*innen vor Diskriminierungen und Bel\u00e4stigungen sch\u00fctzen!<\/strong> <br>Wenn Arbeitgeber*innen von Diskriminierung oder Bel\u00e4stigung am Arbeitsplatz erfahren, <strong>m\u00fcssen<\/strong> sie <strong>etwas dagegen machen<\/strong>.<\/p>\n\n\n\n<p>Bei Diskriminierung in der Arbeit kann ich mich auch an meinen&nbsp;<strong>Betriebsrat<\/strong> wenden.<\/p>\n\n\n\n<figure class=\"wp-block-video\"><video controls src=\"https:\/\/www.oegsbarrierefrei.at\/wp-content\/uploads\/video\/AK\/Arbeit%20und%20Behinderung\/AK%202019-14%20mit%20UT.mp4 \"><\/video><figcaption class=\"wp-element-caption\"><a href=\"https:\/\/www.oegsbarrierefrei.at\/ak-arbeit-und-behinderung\/14\/\">Diskriminierung verboten (ServiceCenters \u00d6GS.barrierefrei\/AK) + Text zum Mitlesen<\/a><\/figcaption><\/figure>\n\n\n\n<p>Wenn ich wegen meiner Behinderung diskriminiert werde, kann ich mich an die Schlichtungsstelle im <strong><a href=\"https:\/\/sozialministeriumservice.at\/Ueber_uns\/Sozialministeriumservice\/Landesstellen\/Wien\/Sozialministeriumservice___Landesstelle_Wien.de.html#\">Sozialministeriumservice<\/a><\/strong> wenden.<br>Das Sozialministeriumservice probiert zuerst, dass sich Arbeitnehmer*innen und Arbeitger*innen <strong>einigen<\/strong>. <br>Wenn ich mich mit meinem*r Arbeitgeber*in nicht einigen kann, kann ich <strong>beim <a href=\"https:\/\/www.justiz.gv.at\/asg-wien\/arbeits--und-sozialgericht-wien~274.de.html\">Arbeits- und Sozialgericht<\/a><\/strong> <strong>klagen<\/strong>. <\/p>\n\n\n\n<p>Wenn ich wegen meiner Behinderung diskriminiert werde\/wurde, habe ich Anspruch auf <strong>Schadenersatz<\/strong>.<br>Wenn ich wegen meiner Behinderung gek\u00fcndigt werde, kann ich diese K\u00fcndigung anfechten oder Schadenersatz fordern.<\/p>\n\n\n\n<p>ACHTUNG<br>Es gibt <strong>Fristen<\/strong> f\u00fcr Beschwerden, Klagen und Schadenersatzforderungen!<br><br><\/p>\n\n\n\n<p>Wenn ich wegen meiner Behinderung diskriminiert werde, sollte ich mich gleich beraten lassen. <strong>Beratung<\/strong> und <strong>Informationen<\/strong> bekomme ich hier:<\/p>\n\n\n\n<p>Das <a href=\"https:\/\/sozialministeriumservice.at\/Ueber_uns\/Sozialministeriumservice\/Landesstellen\/Wien\/Sozialministeriumservice___Landesstelle_Wien.de.html#\"><strong>Sozialministeriumservice<\/strong> \u2013 Landesstelle Wien<\/a> ber\u00e4t und unterst\u00fctzt Menschen mit Behinderung in der Arbeitswelt.<\/p>\n\n\n\n<p>Wenn ich in der Arbeitswelt diskriminiert werde, kann ich mich bei der <strong><a href=\"https:\/\/wien.arbeiterkammer.at\/index.html\">Arbeiterkammer<\/a><\/strong> <a href=\"tel: +43 1 501 65 0\" data-type=\"tel\" data-id=\"tel: +43 1 501 65 0\">telefonisch<\/a> informieren und\/oder einen kostenlosen Beratungstermin vereinbaren.<\/p>\n\n\n\n<p>Auch meine <strong><a href=\"https:\/\/www.oegb.at\/cms\/S06\/S06_4\/gewerkschaften\">Fachgewerkschaft<\/a><\/strong> ber\u00e4t mich zum Thema Diskriminierung.<\/p>\n\n\n\n<p>Die <strong><a href=\"http:\/\/www.behindertenanwalt.gv.at\">Behindertenanwaltschaft<\/a><\/strong> ber\u00e4t und unterst\u00fctzt Menschen mit Behinderung, die aufgrund ihrer Behinderung benachteiligt werden.<\/p>\n\n\n\n<p>Der <strong><a href=\"https:\/\/www.behindertenrat.at\">\u00d6sterreichische Behindertenrat<\/a><\/strong> setzt sich f\u00fcr die Rechte von Menschen mit Behinderung ein.<\/p>\n\n\n\n<p>Wenn ich diskriminiert werde, kann ich mich an einen der <strong><a href=\"https:\/\/www.klagsverband.at\/ueber-uns\/mitglieder\">Mitgliedsvereine<\/a><\/strong> des <a href=\"https:\/\/www.klagsverband.at\"><strong>Klagsverband<\/strong>s<\/a> wenden. Mitglied beim Klagsverband sind auch einige <a href=\"https:\/\/www.behindertenarbeit.at\/links\/\">Organisationen der Behindertenarbeit<\/a>.<br>Der Klagsverband unterst\u00fctzt Menschen, die von Diskriminierung betroffen sind, zu ihrem Recht zu kommen. Der Klagsverband bietet rechtliche Informationen, bringt F\u00e4lle vor Gericht und unterst\u00fctzt Einzelpersonen vor Gericht.<br><br><\/p>\n\n\n\n<div class=\"wp-block-group\"><div class=\"wp-block-group__inner-container is-layout-constrained wp-block-group-is-layout-constrained\">\n<h2 class=\"wp-block-heading\">weitere Informationen<\/h2>\n\n\n\n<ul class=\"wp-block-list\">\n<li><a href=\"https:\/\/www.arbeiterkammer.at\/beratung\/arbeitundrecht\/arbeitundbehinderung\/Diskriminierung_verboten.html\">Diskriminierung verboten! (AK)<\/a><\/li>\n\n\n\n<li><a href=\"https:\/\/broschuerenservice.sozialministerium.at\/Home\/Download?publicationId=56\">Gleichstellung von Menschen mit Behinderung in \u00d6sterreich. Leicht zu lesen. Leicht zu verstehen. F\u00fcr alle, die es brauchen. (Bundesministerium Arbeit, Soziales, Gesundheit und Konsumentenschutz)<\/a><\/li>\n\n\n\n<li><a href=\"https:\/\/www.wko.at\/service\/arbeitsrecht-sozialrecht\/Diskriminierungsschutz_fuer_behinderte_Menschen_-_Tatbesta.html\">Diskriminierungsschutz f\u00fcr behinderte Menschen \u2013 Tatbest\u00e4nde (WKO)<\/a><\/li>\n<\/ul>\n<\/div><\/div>\n","protected":false},"excerpt":{"rendered":"<p>Ich darf in der Arbeitswelt nicht wegen meiner Behinderung diskriminiert werden. Wenn ich schlechter behandelt werde, weil ich eine Behinderung habe, ist das Diskriminierung und somit verboten. Ich darf wegen meiner Behinderung auch nicht bel\u00e4stigt, gedem\u00fctigt oder gemobbt werden. Beispiele f\u00fcr Diskriminierung: \u2026 Was tun bei Diskriminierung? Als Arbeitnehmer*in kann ich mich bei Diskriminierung an [&hellip;]<\/p>\n","protected":false},"author":2,"featured_media":0,"parent":688,"menu_order":0,"comment_status":"closed","ping_status":"closed","template":"","meta":{"footnotes":""},"class_list":["post-1055","page","type-page","status-publish","hentry"],"_links":{"self":[{"href":"https:\/\/digmit.at\/index.php\/wp-json\/wp\/v2\/pages\/1055","targetHints":{"allow":["GET"]}}],"collection":[{"href":"https:\/\/digmit.at\/index.php\/wp-json\/wp\/v2\/pages"}],"about":[{"href":"https:\/\/digmit.at\/index.php\/wp-json\/wp\/v2\/types\/page"}],"author":[{"embeddable":true,"href":"https:\/\/digmit.at\/index.php\/wp-json\/wp\/v2\/users\/2"}],"replies":[{"embeddable":true,"href":"https:\/\/digmit.at\/index.php\/wp-json\/wp\/v2\/comments?post=1055"}],"version-history":[{"count":13,"href":"https:\/\/digmit.at\/index.php\/wp-json\/wp\/v2\/pages\/1055\/revisions"}],"predecessor-version":[{"id":4593,"href":"https:\/\/digmit.at\/index.php\/wp-json\/wp\/v2\/pages\/1055\/revisions\/4593"}],"up":[{"embeddable":true,"href":"https:\/\/digmit.at\/index.php\/wp-json\/wp\/v2\/pages\/688"}],"wp:attachment":[{"href":"https:\/\/digmit.at\/index.php\/wp-json\/wp\/v2\/media?parent=1055"}],"curies":[{"name":"wp","href":"https:\/\/api.w.org\/{rel}","templated":true}]}}

<p>Ich darf in der Arbeitswelt nicht wegen meiner <strong>Behinderung</strong> diskriminiert werden. </p>



<p>Wenn ich schlechter behandelt werde, weil ich eine Behinderung habe, ist das Diskriminierung und somit verboten.</p>



<p>Ich darf wegen meiner Behinderung auch <strong>nicht belästigt</strong>, <strong>gedemütigt</strong> oder <strong>gemobbt </strong>werden. <br><br></p>



<h2 class="wp-block-heading"><strong>Beispiele</strong><strong> für Diskriminierung:</strong></h2>



<ul class="wp-block-list">
<li>Menschen mit Behinderung können durch Formulierungen in Stellenanzeigen wie „junges dynamisches Team“ diskriminiert werden.</li>



<li>Ein Bewerber mit Behinderung wird wegen seiner Behinderung nicht zum Bewerbungsgespräch eingeladen.</li>



<li>Die Bewerbung wird wegen der Blindheit des Bewerbers nicht berücksichtigt.</li>



<li>Eine Bewerberin bekommt den Job als Sportartikelverkäuferin nicht, weil sie Rollstuhlfahrerin ist. </li>



<li>Ein*e Mitarbeiter*in mit Behinderung bekommt weniger Gehalt / Lohn als ein Mitarbeiter, der die gleiche oder eine gleichwertige Arbeit macht wie sie.</li>



<li>Kolleg*innen machen sich oft über einen Mitarbeiter mit Behinderung lustig; sie beleidigen und schikanieren ihn. Der Chef weiß das und macht nichts dagegen. </li>



<li>Nachdem die Firma von der Diabeteserkrankung einer Mitarbeiterin erfährt, beendet sie das Dienstverhältnis nach der Probezeit.</li>



<li>Eine Mitarbeiterin wird nach einer schweren Operation am Hals gekündigt, weil sie jetzt schwer und laut schluckt.</li>
</ul>



<p>…<br><br></p>



<h2 class="wp-block-heading"><strong>Was tun bei Diskriminierung?</strong></h2>



<p>Als Arbeitnehmer*in kann ich mich bei Diskriminierung an meine*n <strong>Arbeitgeber*in</strong> wenden. <br><strong>Der*die Arbeitgeber*in muss Arbeitnehmer*innen vor Diskriminierungen und Belästigungen schützen!</strong> <br>Wenn Arbeitgeber*innen von Diskriminierung oder Belästigung am Arbeitsplatz erfahren, <strong>müssen</strong> sie <strong>etwas dagegen machen</strong>.</p>



<p>Bei Diskriminierung in der Arbeit kann ich mich auch an meinen&nbsp;<strong>Betriebsrat</strong> wenden.</p>



<figure class="wp-block-video"><video controls src="https://www.oegsbarrierefrei.at/wp-content/uploads/video/AK/Arbeit%20und%20Behinderung/AK%202019-14%20mit%20UT.mp4 "></video><figcaption class="wp-element-caption"><a href="https://www.oegsbarrierefrei.at/ak-arbeit-und-behinderung/14/">Diskriminierung verboten (ServiceCenters ÖGS.barrierefrei/AK) + Text zum Mitlesen</a></figcaption></figure>



<p>Wenn ich wegen meiner Behinderung diskriminiert werde, kann ich mich an die Schlichtungsstelle im <strong><a href="https://sozialministeriumservice.at/Ueber_uns/Sozialministeriumservice/Landesstellen/Wien/Sozialministeriumservice___Landesstelle_Wien.de.html#">Sozialministeriumservice</a></strong> wenden.<br>Das Sozialministeriumservice probiert zuerst, dass sich Arbeitnehmer*innen und Arbeitger*innen <strong>einigen</strong>. <br>Wenn ich mich mit meinem*r Arbeitgeber*in nicht einigen kann, kann ich <strong>beim <a href="https://www.justiz.gv.at/asg-wien/arbeits--und-sozialgericht-wien~274.de.html">Arbeits- und Sozialgericht</a></strong> <strong>klagen</strong>. </p>



<p>Wenn ich wegen meiner Behinderung diskriminiert werde/wurde, habe ich Anspruch auf <strong>Schadenersatz</strong>.<br>Wenn ich wegen meiner Behinderung gekündigt werde, kann ich diese Kündigung anfechten oder Schadenersatz fordern.</p>



<p>ACHTUNG<br>Es gibt <strong>Fristen</strong> für Beschwerden, Klagen und Schadenersatzforderungen!<br><br></p>



<p>Wenn ich wegen meiner Behinderung diskriminiert werde, sollte ich mich gleich beraten lassen. <strong>Beratung</strong> und <strong>Informationen</strong> bekomme ich hier:</p>



<p>Das <a href="https://sozialministeriumservice.at/Ueber_uns/Sozialministeriumservice/Landesstellen/Wien/Sozialministeriumservice___Landesstelle_Wien.de.html#"><strong>Sozialministeriumservice</strong> – Landesstelle Wien</a> berät und unterstützt Menschen mit Behinderung in der Arbeitswelt.</p>



<p>Wenn ich in der Arbeitswelt diskriminiert werde, kann ich mich bei der <strong><a href="https://wien.arbeiterkammer.at/index.html">Arbeiterkammer</a></strong> <a href="tel: +43 1 501 65 0" data-type="tel" data-id="tel: +43 1 501 65 0">telefonisch</a> informieren und/oder einen kostenlosen Beratungstermin vereinbaren.</p>



<p>Auch meine <strong><a href="https://www.oegb.at/cms/S06/S06_4/gewerkschaften">Fachgewerkschaft</a></strong> berät mich zum Thema Diskriminierung.</p>



<p>Die <strong><a href="http://www.behindertenanwalt.gv.at">Behindertenanwaltschaft</a></strong> berät und unterstützt Menschen mit Behinderung, die aufgrund ihrer Behinderung benachteiligt werden.</p>



<p>Der <strong><a href="https://www.behindertenrat.at">Österreichische Behindertenrat</a></strong> setzt sich für die Rechte von Menschen mit Behinderung ein.</p>



<p>Wenn ich diskriminiert werde, kann ich mich an einen der <strong><a href="https://www.klagsverband.at/ueber-uns/mitglieder">Mitgliedsvereine</a></strong> des <a href="https://www.klagsverband.at"><strong>Klagsverband</strong>s</a> wenden. Mitglied beim Klagsverband sind auch einige <a href="https://www.behindertenarbeit.at/links/">Organisationen der Behindertenarbeit</a>.<br>Der Klagsverband unterstützt Menschen, die von Diskriminierung betroffen sind, zu ihrem Recht zu kommen. Der Klagsverband bietet rechtliche Informationen, bringt Fälle vor Gericht und unterstützt Einzelpersonen vor Gericht.<br><br></p>



<div class="wp-block-group"><div class="wp-block-group__inner-container is-layout-constrained wp-block-group-is-layout-constrained">
<h2 class="wp-block-heading">weitere Informationen</h2>



<ul class="wp-block-list">
<li><a href="https://www.arbeiterkammer.at/beratung/arbeitundrecht/arbeitundbehinderung/Diskriminierung_verboten.html">Diskriminierung verboten! (AK)</a></li>



<li><a href="https://broschuerenservice.sozialministerium.at/Home/Download?publicationId=56">Gleichstellung von Menschen mit Behinderung in Österreich. Leicht zu lesen. Leicht zu verstehen. Für alle, die es brauchen. (Bundesministerium Arbeit, Soziales, Gesundheit und Konsumentenschutz)</a></li>



<li><a href="https://www.wko.at/service/arbeitsrecht-sozialrecht/Diskriminierungsschutz_fuer_behinderte_Menschen_-_Tatbesta.html">Diskriminierungsschutz für behinderte Menschen – Tatbestände (WKO)</a></li>
</ul>
</div></div>

<p>Ich darf in der Arbeitswelt nicht wegen meiner Behinderung diskriminiert werden. Wenn ich schlechter behandelt werde, weil ich eine Behinderung habe, ist das Diskriminierung und somit verboten. Ich darf wegen meiner Behinderung auch nicht belästigt, gedemütigt oder gemobbt werden. Beispiele für Diskriminierung: … Was tun bei Diskriminierung? Als Arbeitnehmer*in kann ich mich bei Diskriminierung an [&hellip;]</p>
