{"id":1131,"date":"2021-02-07T13:25:28","date_gmt":"2021-02-07T13:25:28","guid":{"rendered":"https:\/\/digmit.at\/?page_id=1131"},"modified":"2024-01-01T14:52:07","modified_gmt":"2024-01-01T14:52:07","slug":"was-tun-bei-diskriminierung","status":"publish","type":"page","link":"https:\/\/digmit.at\/index.php\/startseite\/diskriminierung\/was-tun-bei-diskriminierung\/","title":{"rendered":"Was tun bei Diskriminierung?"},"content":{"rendered":"\n<p><strong>Diskriminierung in der Arbeitswelt ist verboten!<\/strong><\/p>\n\n\n\n<p><strong>Wenn ich<\/strong> aufgrund<\/p>\n\n\n\n<ul class=\"wp-block-list\">\n<li>meiner ethnischen Zugeh\u00f6rigkeit \/ Herkunft \/ Hautfarbe, <\/li>\n\n\n\n<li>meines Geschlechts \/ meines Familienstandes \/ von Kindern, <\/li>\n\n\n\n<li>meiner sexuellen Orientierung, <\/li>\n\n\n\n<li>meines Alters, <\/li>\n\n\n\n<li>einer Behinderung, <\/li>\n\n\n\n<li>meiner Religion oder Weltanschauung<\/li>\n<\/ul>\n\n\n\n<p><strong>diskriminiert werde<\/strong>, kann ich <strong>mich <\/strong>dagegen <strong>wehren<\/strong>.<br><br><\/p>\n\n\n\n<p>Als Arbeitnehmer*in kann ich mich bei Diskriminierung an meine*n <strong>Arbeitgeber*in<\/strong> wenden. <\/p>\n\n\n\n<p><strong>Der*die Arbeitgeber*in muss Arbeitnehmer*innen vor Diskriminierungen und Bel\u00e4stigungen sch\u00fctzen! <\/strong><br>Wenn Arbeitgeber*innen von Diskriminierung oder Bel\u00e4stigung am Arbeitsplatz erfahren, <strong>m\u00fcssen<\/strong> sie <strong>etwas dagegen machen<\/strong>.<\/p>\n\n\n\n<p>Bei Diskriminierung in der Arbeit kann ich mich auch an meinen <strong>Betriebsrat<\/strong> wenden.<\/p>\n\n\n\n<p>Wenn ich in der Arbeitswelt diskriminiert werde, kann ich mich bei der <strong><a href=\"https:\/\/wien.arbeiterkammer.at\/index.html\">Arbeiterkammer<\/a><\/strong> <a href=\"tel: +43 1 501 65 0\" data-type=\"tel\" data-id=\"tel: +43 1 501 65 0\">telefonisch<\/a> informieren und\/oder einen kostenlosen Beratungstermin vereinbaren.<\/p>\n\n\n\n<p>Auch meine <strong><a href=\"https:\/\/www.oegb.at\/cms\/S06\/S06_4\/gewerkschaften\">Fachgewerkschaft<\/a><\/strong> ber\u00e4t mich zum Thema Diskriminierung.<\/p>\n\n\n\n<p>Wenn ich diskriminiert werde, kann ich mich an einen der <strong><a href=\"https:\/\/www.klagsverband.at\/ueber-uns\/mitglieder\">Mitgliedsvereine<\/a><\/strong> des <a href=\"https:\/\/www.klagsverband.at\"><strong>Klagsverband<\/strong>s<\/a> wenden.<br>Der Klagsverband unterst\u00fctzt Menschen, die von Diskriminierung betroffen sind, zu ihrem Recht zu kommen. Der Klagsverband bietet rechtliche Informationen, bringt F\u00e4lle vor Gericht und unterst\u00fctzt Einzelpersonen vor Gericht.<\/p>\n\n\n\n<p>Die <strong><a href=\"https:\/\/www.gleichbehandlungsanwaltschaft.gv.at\">Gleichbehandlungsanwaltschaft<\/a><\/strong> ber\u00e4t und unterst\u00fctzt mich, wenn ich diskriminiert oder (sexuell) bel\u00e4stigt werde.<br>\u00dcber die <strong><a href=\"https:\/\/www.gleichbehandlungsanwaltschaft.gv.at\/diskriminierung-melden\/gleichbehandlungs-app.html\">Gleichbehandlungs:App<\/a><\/strong> der Gleichbehandlungsanwaltschaft kann ich mich informieren und Diskriminierung und Bel\u00e4stigung melden (App Installieren: <a href=\"http:\/\/play.google.com\/store\/apps\/details?id=at.gv.gwa.bka&amp;gl=AT\">Google Playstore<\/a>\/ <a href=\"http:\/\/apps.apple.com\/at\/app\/gaw-gleichbehandlungs-app\/id1461211935\">iTunes<\/a>).<br>Die Gleichbehandlungsanwaltschaft leitet die notwendigen Informationen an die <strong><a href=\"https:\/\/www.bundeskanzleramt.gv.at\/agenda\/frauen-und-gleichstellung\/gleichbehandlungskommissionen\/gleichbehandlungskommission.html\">Gleichbehandlungskommission<\/a><\/strong> weiter. Die Gleichbehandlungskommission pr\u00fcft die Einzelf\u00e4lle.<\/p>\n\n\n\n<figure class=\"wp-block-embed is-type-video is-provider-youtube wp-block-embed-youtube wp-embed-aspect-16-9 wp-has-aspect-ratio\"><div class=\"wp-block-embed__wrapper\">\n<iframe loading=\"lazy\" title=\"Wege zum Recht - ein Informationsfilm der Gleichbehandlungsanwaltschaft\" width=\"500\" height=\"281\" src=\"https:\/\/www.youtube.com\/embed\/F47Lz1E6GHs?feature=oembed\" frameborder=\"0\" allow=\"accelerometer; autoplay; clipboard-write; encrypted-media; gyroscope; picture-in-picture; web-share\" referrerpolicy=\"strict-origin-when-cross-origin\" allowfullscreen><\/iframe>\n<\/div><figcaption class=\"wp-element-caption\"><a href=\"https:\/\/www.youtube.com\/watch?v=F47Lz1E6GHs\">Wege zum Recht &#8211; ein Informationsfilm der Gleichbehandlungsanwaltschaft (Gleichbehandlungsanwaltschaft)<\/a><\/figcaption><\/figure>\n\n\n\n<p>Wenn es zu einem Rechtsstreit kommt, kann ich beim <strong><a href=\"https:\/\/www.justiz.gv.at\/asg-wien\/arbeits--und-sozialgericht-wien~274.de.html\">Arbeits- und Sozialgericht<\/a><\/strong> klagen.<br>F\u00fcr <strong>Verfahren<\/strong> beim Arbeits- und Sozialgericht kann ich einen <strong>Antrag auf Rechtsschutz<\/strong> bei der Arbeiterkammer oder der Gewerkschaft stellen und so kostenlos vor Gericht vertreten werden.<\/p>\n\n\n\n<p>ACHTUNG<br>Es gibt <strong>Fristen<\/strong> f\u00fcr Beschwerden, Klagen und Schadenersatzforderungen!<br><br><\/p>\n\n\n\n<p>Wegen <strong>diskriminierende<\/strong>r <strong>Stellenanzeigen<\/strong> kann ich als Bewerber*in oder aber die <a href=\"https:\/\/www.gleichbehandlungsanwaltschaft.gv.at\">Gleichbehandlungsanwaltschaft<\/a> einen <strong>Strafantrag<\/strong> <a href=\"https:\/\/www.wien.gv.at\/mba\/mba.html\">bei der <strong>Bezirksverwaltungsbeh\u00f6rde<\/strong> \/ beim <strong>Magistrat<\/strong><\/a> (nach Sitz des ausschreibenden Unternehmens) stellen.<br><a href=\"https:\/\/www.gleichbehandlungsanwaltschaft.gv.at\/unser-angebot\/musterantrage.html\">Hier<\/a> finde ich Musterantr\u00e4ge wegen diskriminierender Stelleninserate.<\/p>\n\n\n\n<p><strong>Diskriminierende Stellenanzeigen<\/strong> kann ich auch der <strong>Zeitung<\/strong> melden.<br><br><\/p>\n\n\n\n<p>Wenn ich Rassismus \/ rassistische Diskriminierung erfahre, kann ich bei <strong><a href=\"https:\/\/www.zara.or.at\/de\">ZARA Zivilcourage und Anti-Rassismus-Arbeit<\/a><\/strong> einen kostenlosen <a href=\"tel: +43 (0)1 236 55 34\" data-type=\"tel\" data-id=\"tel: +43 (0)1 236 55 34\">Beratungstermin vereinbaren<\/a>.<br>Wenn ich Rassismus \/ rassistische Diskriminierung erfahre oder beobachte, kann ich das auch anonym <a href=\"https:\/\/www.zara.or.at\/de\/beratung\/melden\/rassismus\">online melden<\/a>.<\/p>\n\n\n\n<p>Wenn ich als <strong>Migrant*in<\/strong> aufgrund meiner <strong>ethnischen Zugeh\u00f6rigkeit<\/strong>, <strong>Herkunft<\/strong> oder <strong>Religion<\/strong> diskriminiert werde, kann ich bei der <strong><a href=\"tel: +43 (0) 800 222 666\" data-type=\"tel\" data-id=\"tel: +43 (0) 800 222 666\">Hotline gegen Diskriminierung und Intoleranz<\/a><\/strong> anrufen. Hier bekomme ich Informationen, an welche Antidiskriminierungsstelle ich mich wenden kann.<br><br><\/p>\n\n\n\n<p>Wenn ich als <strong>homo-<\/strong>, <strong>bi-<\/strong> oder <strong>pansexuelle<\/strong> oder als <strong>Transgender-<\/strong> oder <strong>Intersex-Person<\/strong> diskriminiert werde, kann ich mich an die <a href=\"https:\/\/www.wien.gv.at\/kontakte\/wast\/\"><strong>Wiener Antidiskriminierungsstelle f\u00fcr gleichgeschlechtliche und transgender Lebensweisen<\/strong> (<strong>WASt<\/strong>)<\/a> wenden.<br><br><\/p>\n\n\n\n<p>Wenn ich wegen einer <strong>Behinderung<\/strong> diskriminiert werde, bekomme ich zus\u00e4tzlich hier Beratung und Informationen:<br><a href=\"https:\/\/sozialministeriumservice.at\/Ueber_uns\/Sozialministeriumservice\/Landesstellen\/Wien\/Sozialministeriumservice___Landesstelle_Wien.de.html#\"><strong>Sozialministeriumservice<\/strong> \u2013 Landesstelle Wien<\/a><br><strong><a href=\"http:\/\/www.behindertenanwalt.gv.at\">Behindertenanwaltschaft<\/a><\/strong><br><strong><a href=\"https:\/\/www.behindertenrat.at\">\u00d6sterreichischer Behindertenrat<\/a><\/strong><br><br><\/p>\n\n\n\n<p>In Kooperation mit der <strong>AK Wien<\/strong> bietet der <strong><a href=\"https:\/\/sprungbrett.or.at\/allgemein\/act4respect\/\">Verein sprungbrett<\/a><\/strong> <a href=\"tel: +43 670 600 70 80\" data-type=\"tel\" data-id=\"tel: +43 670 600 70 80\">telefonische Beratung<\/a> und Information zum Thema sexuelle Bel\u00e4stigung am Arbeitsplatz \u2013 vertraulich, kostenlos und auf Wunsch anonym.<br><br><\/p>\n\n\n\n<p>Es ist oft <strong>schwierig<\/strong>, eine <strong>Diskriminierung<\/strong> oder <strong>Bel\u00e4stigung zu beweisen<\/strong>.<br>Deshalb gen\u00fcgt es, wenn ich eine Diskriminierung oder Bel\u00e4stigung <strong>glaubhaft mache<\/strong>. Daf\u00fcr brauche ich Indizien. Deshalb ist es sehr wichtig, dass ich mir <strong>Notizen<\/strong> mache und aufschreibe, <strong>wer wann was gesagt oder gemacht hat<\/strong>.<\/p>\n","protected":false},"excerpt":{"rendered":"<p>Diskriminierung in der Arbeitswelt ist verboten! Wenn ich aufgrund diskriminiert werde, kann ich mich dagegen wehren. Als Arbeitnehmer*in kann ich mich bei Diskriminierung an meine*n Arbeitgeber*in wenden. Der*die Arbeitgeber*in muss Arbeitnehmer*innen vor Diskriminierungen und Bel\u00e4stigungen sch\u00fctzen! Wenn Arbeitgeber*innen von Diskriminierung oder Bel\u00e4stigung am Arbeitsplatz erfahren, m\u00fcssen sie etwas dagegen machen. Bei Diskriminierung in der Arbeit [&hellip;]<\/p>\n","protected":false},"author":2,"featured_media":0,"parent":688,"menu_order":0,"comment_status":"closed","ping_status":"closed","template":"","meta":{"footnotes":""},"class_list":["post-1131","page","type-page","status-publish","hentry"],"_links":{"self":[{"href":"https:\/\/digmit.at\/index.php\/wp-json\/wp\/v2\/pages\/1131","targetHints":{"allow":["GET"]}}],"collection":[{"href":"https:\/\/digmit.at\/index.php\/wp-json\/wp\/v2\/pages"}],"about":[{"href":"https:\/\/digmit.at\/index.php\/wp-json\/wp\/v2\/types\/page"}],"author":[{"embeddable":true,"href":"https:\/\/digmit.at\/index.php\/wp-json\/wp\/v2\/users\/2"}],"replies":[{"embeddable":true,"href":"https:\/\/digmit.at\/index.php\/wp-json\/wp\/v2\/comments?post=1131"}],"version-history":[{"count":10,"href":"https:\/\/digmit.at\/index.php\/wp-json\/wp\/v2\/pages\/1131\/revisions"}],"predecessor-version":[{"id":4595,"href":"https:\/\/digmit.at\/index.php\/wp-json\/wp\/v2\/pages\/1131\/revisions\/4595"}],"up":[{"embeddable":true,"href":"https:\/\/digmit.at\/index.php\/wp-json\/wp\/v2\/pages\/688"}],"wp:attachment":[{"href":"https:\/\/digmit.at\/index.php\/wp-json\/wp\/v2\/media?parent=1131"}],"curies":[{"name":"wp","href":"https:\/\/api.w.org\/{rel}","templated":true}]}}