{"id":1414,"date":"2022-03-01T15:41:28","date_gmt":"2022-03-01T15:41:28","guid":{"rendered":"https:\/\/digmit.at\/?page_id=1414"},"modified":"2023-10-22T22:30:36","modified_gmt":"2023-10-22T22:30:36","slug":"ich-bin-drittstaatsangehoriger-und-bin-schulerin-oder-studierender","status":"publish","type":"page","link":"https:\/\/digmit.at\/index.php\/startseite\/aufenthaltsrecht\/ich-mochte-in-osterreich-leben-und-oder-arbeiten\/ich-bin-drittstaatsangehoriger-und\/ich-bin-drittstaatsangehoriger-und-bin-schulerin-oder-studierender\/","title":{"rendered":"Ich bin Drittstaatsangeh\u00f6rige*r und bin\u00a0Sch\u00fcler*in oder Studierende*r."},"content":{"rendered":"\n<p>Wenn ich <strong>zum Studieren nach \u00d6sterreich<\/strong> kommen will, muss ich bestimmte <strong>Voraussetzungen<\/strong> erf\u00fcllen.<\/p>\n\n\n\n<div class=\"wp-block-buttons is-layout-flex wp-block-buttons-is-layout-flex\">\n<div class=\"wp-block-button\"><a class=\"wp-block-button__link wp-element-button\" href=\"https:\/\/digmit.at\/index.php\/ich-mochte-zum-studieren-nach-osterreich-kommen\/\">Ich m\u00f6chte zum Studieren nach \u00d6sterreich kommen.<\/a><\/div>\n<\/div>\n\n\n\n<p>Als <strong>Drittstaatsangeh\u00f6rige*r<\/strong> brauche ich eine \u201e<strong>Aufenthaltsbewilligung \u2013 Student<\/strong>\u201c (\u201eStudentenvisum\u201c).<\/p>\n\n\n\n<div class=\"wp-block-buttons is-layout-flex wp-block-buttons-is-layout-flex\">\n<div class=\"wp-block-button\"><a class=\"wp-block-button__link wp-element-button\" href=\"https:\/\/digmit.at\/index.php\/aufenthaltsbewilligung-student\/\">Aufenthaltsbewilligung \u2013 Student<\/a><\/div>\n<\/div>\n\n\n\n<p><br>Ich darf mit einer \u201e<strong>Aufenthaltsbewilligung Sch\u00fcler<\/strong>\u201c oder einer \u201e<strong>Aufenthaltsbewilligung Student<\/strong>\u201c <strong>bis zu 20 Stunden pro Woche arbeiten<\/strong>.<\/p>\n\n\n\n<p>Bevor ich anfange zu arbeiten, muss ich oder mein*e Arbeitgeber*in eine <strong>Besch\u00e4ftigungsbewilligung beim AMS beantragen<\/strong>.<\/p>\n\n\n\n<p>In der vorlesungsfreien Zeit, also <strong>in den Ferien<\/strong>, darf ich auch <strong>mehr Stunden<\/strong> pro Woche <strong>arbeiten<\/strong>. Mein*e Arbeitgeber*in muss das aber dem AMS melden.<\/p>\n\n\n\n<p>Wenn ich sonst auch <strong>mehr als 20 Stunden pro Woche arbeiten<\/strong> m\u00f6chte, brauche ich eine <strong><strong>weitere Genehmigung<\/strong><\/strong>. Es gibt dann eine <strong>Arbeitsmarktpr\u00fcfung<\/strong>.<\/p>\n\n\n\n<p><br><\/p>\n\n\n\n<div class=\"wp-block-group\"><div class=\"wp-block-group__inner-container is-layout-constrained wp-block-group-is-layout-constrained\">\n<h2 class=\"wp-block-heading\">weitere Informationen<\/h2>\n\n\n\n<ul class=\"wp-block-list\">\n<li><a href=\"https:\/\/www.usp.gv.at\/mitarbeiter\/auslaendische-beschaeftigte\/berechtigungen-zur-beschaeftigung-fuer-arbeitgeber\/beschaeftigungsbewilligung-schueler-studierende-studienabsolventen.html\">Besch\u00e4ftigungsbewilligung \u2013 Sch\u00fcler, Studierende, Studienabsolventen (Unternehmensservice Portal)<\/a><\/li>\n\n\n\n<li><a href=\"https:\/\/www.ams.at\/unternehmen\/service-zur-personalsuche\/beschaeftigung-auslaendischer-arbeitskraefte\/beschaeftigung-auslaendischer-schuelerinnen-und-schueler--studen\">Besch\u00e4ftigung ausl\u00e4ndischer Sch\u00fclerinnen und Sch\u00fcler, Studentinnen und Studenten (AMS)<\/a><\/li>\n\n\n\n<li><a href=\"https:\/\/www.moment.at\/story\/studierende-aus-drittstaaten-arbeit-zwischen-buerokratie-und-ausbeutung\">Studierende aus Drittstaaten: Arbeit zwischen B\u00fcrokratie und Ausbeutung (Momentum Institut)<\/a><\/li>\n<\/ul>\n<\/div><\/div>\n","protected":false},"excerpt":{"rendered":"<p>Wenn ich zum Studieren nach \u00d6sterreich kommen will, muss ich bestimmte Voraussetzungen erf\u00fcllen. Als Drittstaatsangeh\u00f6rige*r brauche ich eine \u201eAufenthaltsbewilligung \u2013 Student\u201c (\u201eStudentenvisum\u201c). Ich darf mit einer \u201eAufenthaltsbewilligung Sch\u00fcler\u201c oder einer \u201eAufenthaltsbewilligung Student\u201c bis zu 20 Stunden pro Woche arbeiten. Bevor ich anfange zu arbeiten, muss ich oder mein*e Arbeitgeber*in eine Besch\u00e4ftigungsbewilligung beim AMS beantragen. In [&hellip;]<\/p>\n","protected":false},"author":2,"featured_media":0,"parent":1323,"menu_order":0,"comment_status":"closed","ping_status":"closed","template":"","meta":{"footnotes":""},"class_list":["post-1414","page","type-page","status-publish","hentry"],"_links":{"self":[{"href":"https:\/\/digmit.at\/index.php\/wp-json\/wp\/v2\/pages\/1414","targetHints":{"allow":["GET"]}}],"collection":[{"href":"https:\/\/digmit.at\/index.php\/wp-json\/wp\/v2\/pages"}],"about":[{"href":"https:\/\/digmit.at\/index.php\/wp-json\/wp\/v2\/types\/page"}],"author":[{"embeddable":true,"href":"https:\/\/digmit.at\/index.php\/wp-json\/wp\/v2\/users\/2"}],"replies":[{"embeddable":true,"href":"https:\/\/digmit.at\/index.php\/wp-json\/wp\/v2\/comments?post=1414"}],"version-history":[{"count":11,"href":"https:\/\/digmit.at\/index.php\/wp-json\/wp\/v2\/pages\/1414\/revisions"}],"predecessor-version":[{"id":3559,"href":"https:\/\/digmit.at\/index.php\/wp-json\/wp\/v2\/pages\/1414\/revisions\/3559"}],"up":[{"embeddable":true,"href":"https:\/\/digmit.at\/index.php\/wp-json\/wp\/v2\/pages\/1323"}],"wp:attachment":[{"href":"https:\/\/digmit.at\/index.php\/wp-json\/wp\/v2\/media?parent=1414"}],"curies":[{"name":"wp","href":"https:\/\/api.w.org\/{rel}","templated":true}]}}