{"id":1433,"date":"2022-03-01T16:16:15","date_gmt":"2022-03-01T16:16:15","guid":{"rendered":"https:\/\/digmit.at\/?page_id=1433"},"modified":"2023-11-18T06:52:36","modified_gmt":"2023-11-18T06:52:36","slug":"ich-bin-drittstaatsangehoriger-und-kunstlerin","status":"publish","type":"page","link":"https:\/\/digmit.at\/index.php\/startseite\/aufenthaltsrecht\/ich-mochte-in-osterreich-leben-und-oder-arbeiten\/ich-bin-drittstaatsangehoriger-und\/ich-bin-drittstaatsangehoriger-und-kunstlerin\/","title":{"rendered":"Ich bin Drittstaatsangeh\u00f6rige*r und bin K\u00fcnstler*in."},"content":{"rendered":"\n<p>Wenn ich K\u00fcnstler*in bin, darf ich f\u00fcr <strong>bis zu 6 Monaten mit einer Besch\u00e4ftigungsbewilligung vom AMS arbeiten<\/strong>. <\/p>\n\n\n\n<p>Ich kann eine \u201e<strong>Niederlassungsbewilligung K\u00fcnstler<\/strong>\u201c beantragen. <\/p>\n\n\n\n<p>Dazu brauche ich:<\/p>\n\n\n\n<ul class=\"wp-block-list\">\n<li>eine <strong>Unterkunft<\/strong> (zum Beispiel einen Mietvertrag),<\/li>\n\n\n\n<li>ausreichende <strong>finanzielle Mittel<\/strong> (zum Beispiel regelm\u00e4\u00dfiges Einkommen), <\/li>\n\n\n\n<li>eine <strong>Krankenversicherung<\/strong>, <\/li>\n\n\n\n<li><strong>keine Erteilungshindernisse<\/strong> (zum Beispiel Aufenthaltsverbot), <\/li>\n\n\n\n<li><strong>Deutsch<\/strong>kenntnisse auf <strong>A1<\/strong>&#8211; oder sp\u00e4ter <strong>A2<\/strong>-Niveau (<strong><a href=\"https:\/\/digmit.at\/index.php\/ich-muss-fur-meinen-aufenthalt-eine-deutschprufung-machen\/#moduleins\">Modul 1 Integrationsvereinbarung<\/a><\/strong>).<\/li>\n<\/ul>\n\n\n\n<p><br>Mit der \u201eNiederlassungsbewilligung K\u00fcnstler\u201c kann ich <strong>selbstst\u00e4ndig oder unselbstst\u00e4ndig<\/strong> als K\u00fcnstler*in arbeiten.<br><br><\/p>\n\n\n\n<div class=\"wp-block-group\"><div class=\"wp-block-group__inner-container is-layout-constrained wp-block-group-is-layout-constrained\">\n<h2 class=\"wp-block-heading\">weitere Informationen<\/h2>\n\n\n\n<ul class=\"wp-block-list\">\n<li><a href=\"https:\/\/www.smartatmobility.com\/\">SMartAt Mobility<\/a><\/li>\n<\/ul>\n<\/div><\/div>\n","protected":false},"excerpt":{"rendered":"<p>Wenn ich K\u00fcnstler*in bin, darf ich f\u00fcr bis zu 6 Monaten mit einer Besch\u00e4ftigungsbewilligung vom AMS arbeiten. Ich kann eine \u201eNiederlassungsbewilligung K\u00fcnstler\u201c beantragen. Dazu brauche ich: Mit der \u201eNiederlassungsbewilligung K\u00fcnstler\u201c kann ich selbstst\u00e4ndig oder unselbstst\u00e4ndig als K\u00fcnstler*in arbeiten. weitere Informationen<\/p>\n","protected":false},"author":2,"featured_media":0,"parent":1323,"menu_order":0,"comment_status":"closed","ping_status":"closed","template":"","meta":{"footnotes":""},"class_list":["post-1433","page","type-page","status-publish","hentry"],"_links":{"self":[{"href":"https:\/\/digmit.at\/index.php\/wp-json\/wp\/v2\/pages\/1433","targetHints":{"allow":["GET"]}}],"collection":[{"href":"https:\/\/digmit.at\/index.php\/wp-json\/wp\/v2\/pages"}],"about":[{"href":"https:\/\/digmit.at\/index.php\/wp-json\/wp\/v2\/types\/page"}],"author":[{"embeddable":true,"href":"https:\/\/digmit.at\/index.php\/wp-json\/wp\/v2\/users\/2"}],"replies":[{"embeddable":true,"href":"https:\/\/digmit.at\/index.php\/wp-json\/wp\/v2\/comments?post=1433"}],"version-history":[{"count":10,"href":"https:\/\/digmit.at\/index.php\/wp-json\/wp\/v2\/pages\/1433\/revisions"}],"predecessor-version":[{"id":4055,"href":"https:\/\/digmit.at\/index.php\/wp-json\/wp\/v2\/pages\/1433\/revisions\/4055"}],"up":[{"embeddable":true,"href":"https:\/\/digmit.at\/index.php\/wp-json\/wp\/v2\/pages\/1323"}],"wp:attachment":[{"href":"https:\/\/digmit.at\/index.php\/wp-json\/wp\/v2\/media?parent=1433"}],"curies":[{"name":"wp","href":"https:\/\/api.w.org\/{rel}","templated":true}]}}