{"id":1448,"date":"2022-03-01T16:44:16","date_gmt":"2022-03-01T16:44:16","guid":{"rendered":"https:\/\/digmit.at\/?page_id=1448"},"modified":"2024-01-02T14:23:52","modified_gmt":"2024-01-02T14:23:52","slug":"ich-bin-turkische-r-staatsburgerin","status":"publish","type":"page","link":"https:\/\/digmit.at\/index.php\/startseite\/aufenthaltsrecht\/ich-mochte-in-osterreich-leben-und-oder-arbeiten\/ich-bin-turkische-r-staatsburgerin\/","title":{"rendered":"Ich bin\u00a0t\u00fcrkische*r Staatsb\u00fcrger*in."},"content":{"rendered":"\n<p>Die EU hat mit der T\u00fcrkei ein eigenes Abkommen = <strong>Assoziationsabkommen EU\/TR<\/strong>. <br>Deshalb gelten f\u00fcr <strong>t\u00fcrkische Assoziationsarbeitnehmer*in<\/strong> besondere Voraussetzungen. <\/p>\n\n\n\n<p>Welche Voraussetzungen f\u00fcr mich als t\u00fcrkische*n Assoziationsarbeitnehmer*in gelten, h\u00e4ngt davon ab, ob ich <br>&#8211; Familie in \u00d6sterreich habe, <br>&#8211; ein Arbeitsangebot habe, <br>&#8211; Student*in\/Sch\u00fcler*in bin oder <br>&#8211; einen Daueraufenthalt in einem anderen EU-Land habe.<\/p>\n\n\n\n<p><br>Als t\u00fcrkische*r Assoziationsarbeitnehmer*in finde ich hier Informationen \u00fcber die Auswirkungen der <strong>Stillhalteklausel<\/strong> (<strong>Assoziationsabkommen EU\/TR<\/strong>): <a href=\"https:\/\/www.migrant.at\/wp-content\/uploads\/asso-deutsch.pdf\">auf Deutsch<\/a>, <a href=\"https:\/\/www.migrant.at\/wp-content\/uploads\/asso-tuerkisch.pdf\">auf T\u00fcrkisch<\/a><\/p>\n\n\n\n<p>Ich kann auch einen Beratungstermin bei der Migrantinnen*organisation <a href=\"https:\/\/miteinlernen.at\/\"><\/a><a href=\"https:\/\/miteinlernen.at\/beratung\/frauenservice-stelle\/\"><strong>Miteinander Lernen Birlikte \u00d6\u011frenelim<\/strong><\/a> vereinbaren.<\/p>\n","protected":false},"excerpt":{"rendered":"<p>Die EU hat mit der T\u00fcrkei ein eigenes Abkommen = Assoziationsabkommen EU\/TR. Deshalb gelten f\u00fcr t\u00fcrkische Assoziationsarbeitnehmer*in besondere Voraussetzungen. Welche Voraussetzungen f\u00fcr mich als t\u00fcrkische*n Assoziationsarbeitnehmer*in gelten, h\u00e4ngt davon ab, ob ich &#8211; Familie in \u00d6sterreich habe, &#8211; ein Arbeitsangebot habe, &#8211; Student*in\/Sch\u00fcler*in bin oder &#8211; einen Daueraufenthalt in einem anderen EU-Land habe. Als t\u00fcrkische*r [&hellip;]<\/p>\n","protected":false},"author":2,"featured_media":0,"parent":1318,"menu_order":0,"comment_status":"closed","ping_status":"closed","template":"","meta":{"footnotes":""},"class_list":["post-1448","page","type-page","status-publish","hentry"],"_links":{"self":[{"href":"https:\/\/digmit.at\/index.php\/wp-json\/wp\/v2\/pages\/1448","targetHints":{"allow":["GET"]}}],"collection":[{"href":"https:\/\/digmit.at\/index.php\/wp-json\/wp\/v2\/pages"}],"about":[{"href":"https:\/\/digmit.at\/index.php\/wp-json\/wp\/v2\/types\/page"}],"author":[{"embeddable":true,"href":"https:\/\/digmit.at\/index.php\/wp-json\/wp\/v2\/users\/2"}],"replies":[{"embeddable":true,"href":"https:\/\/digmit.at\/index.php\/wp-json\/wp\/v2\/comments?post=1448"}],"version-history":[{"count":7,"href":"https:\/\/digmit.at\/index.php\/wp-json\/wp\/v2\/pages\/1448\/revisions"}],"predecessor-version":[{"id":4631,"href":"https:\/\/digmit.at\/index.php\/wp-json\/wp\/v2\/pages\/1448\/revisions\/4631"}],"up":[{"embeddable":true,"href":"https:\/\/digmit.at\/index.php\/wp-json\/wp\/v2\/pages\/1318"}],"wp:attachment":[{"href":"https:\/\/digmit.at\/index.php\/wp-json\/wp\/v2\/media?parent=1448"}],"curies":[{"name":"wp","href":"https:\/\/api.w.org\/{rel}","templated":true}]}}