{"id":1999,"date":"2022-11-27T17:18:44","date_gmt":"2022-11-27T17:18:44","guid":{"rendered":"https:\/\/digmit.at\/?page_id=1999"},"modified":"2023-09-04T08:10:18","modified_gmt":"2023-09-04T08:10:18","slug":"arbeiten-im-alter-kann-schwierig-sein","status":"publish","type":"page","link":"https:\/\/digmit.at\/index.php\/startseite\/alter-pension-2\/arbeiten-alter-altere-arbeitnehmerinnen\/arbeiten-im-alter-kann-schwierig-sein\/","title":{"rendered":"Arbeiten im Alter kann schwierig sein."},"content":{"rendered":"\n<hr class=\"wp-block-separator has-alpha-channel-opacity\"\/>\n\n\n\n<p><strong>F\u00fcr \u00e4ltere Menschen<\/strong> kann es <strong>schwierig<\/strong> sein, <strong>Arbeit zu finden<\/strong>.<br>Vor allem als <strong>\u00e4ltere Frau<\/strong> ist es oft nicht leicht, einen Job zu bekommen.<br><br>Manche \u00e4lteren Menschen sind nicht ganz so <strong>fit <\/strong>und <strong>gesund <\/strong>wie fr\u00fcher, oder aber die Arbeitgeber*innen glauben, dass sie nicht mehr so schnell und leistungsf\u00e4hig sind wie j\u00fcngere Menschen. <\/p>\n\n\n\n<p>Manche Arbeitgeber*innen wollen keine \u00e4lteren Menschen besch\u00e4ftigen, weil sie mehr Arbeitserfahrung haben und deshalb <strong>teurer<\/strong> sind. <br><br>Manchmal werden \u00e4ltere Menschen in der Arbeitswelt <strong>diskriminiert<\/strong>.<\/p>\n\n\n\n<p><strong>Diskriminierung aufgrund des Alters ist verboten!<\/strong><\/p>\n\n\n\n<p>Am Arbeitsmarkt darf ich aufgrund meines Alters nicht schlechter behandelt werden als andere Menschen. <\/p>\n\n\n\n<p>Wenn ich einen Job nicht bekomme oder gek\u00fcndigt werde, weil ich zu alt bin, ist das Diskriminierung und somit verboten.<br>Ich darf auch nicht gek\u00fcndigt werden, nur weil ich schon im Pensionsalter bin.<\/p>\n\n\n\n<p>Mehr Informationen zum Thema \u201e<strong>Diskriminierung aufgrund des Alters<\/strong>\u201c und was ich bei Diskriminierung tun kann, finde ich <a href=\"https:\/\/digmit.at\/index.php\/startseite\/diskriminierung\/diskriminierung-aufgrund-von-alter\/\" data-type=\"page\" data-id=\"1051\">hier<\/a>.<\/p>\n","protected":false},"excerpt":{"rendered":"<p>F\u00fcr \u00e4ltere Menschen kann es schwierig sein, Arbeit zu finden.Vor allem als \u00e4ltere Frau ist es oft nicht leicht, einen Job zu bekommen. Manche \u00e4lteren Menschen sind nicht ganz so fit und gesund wie fr\u00fcher, oder aber die Arbeitgeber*innen glauben, dass sie nicht mehr so schnell und leistungsf\u00e4hig sind wie j\u00fcngere Menschen. Manche Arbeitgeber*innen wollen [&hellip;]<\/p>\n","protected":false},"author":2,"featured_media":0,"parent":1984,"menu_order":0,"comment_status":"closed","ping_status":"closed","template":"","meta":{"footnotes":""},"class_list":["post-1999","page","type-page","status-publish","hentry"],"_links":{"self":[{"href":"https:\/\/digmit.at\/index.php\/wp-json\/wp\/v2\/pages\/1999","targetHints":{"allow":["GET"]}}],"collection":[{"href":"https:\/\/digmit.at\/index.php\/wp-json\/wp\/v2\/pages"}],"about":[{"href":"https:\/\/digmit.at\/index.php\/wp-json\/wp\/v2\/types\/page"}],"author":[{"embeddable":true,"href":"https:\/\/digmit.at\/index.php\/wp-json\/wp\/v2\/users\/2"}],"replies":[{"embeddable":true,"href":"https:\/\/digmit.at\/index.php\/wp-json\/wp\/v2\/comments?post=1999"}],"version-history":[{"count":8,"href":"https:\/\/digmit.at\/index.php\/wp-json\/wp\/v2\/pages\/1999\/revisions"}],"predecessor-version":[{"id":2710,"href":"https:\/\/digmit.at\/index.php\/wp-json\/wp\/v2\/pages\/1999\/revisions\/2710"}],"up":[{"embeddable":true,"href":"https:\/\/digmit.at\/index.php\/wp-json\/wp\/v2\/pages\/1984"}],"wp:attachment":[{"href":"https:\/\/digmit.at\/index.php\/wp-json\/wp\/v2\/media?parent=1999"}],"curies":[{"name":"wp","href":"https:\/\/api.w.org\/{rel}","templated":true}]}}