{"id":2045,"date":"2022-11-27T18:17:44","date_gmt":"2022-11-27T18:17:44","guid":{"rendered":"https:\/\/digmit.at\/?page_id=2045"},"modified":"2023-10-15T20:40:34","modified_gmt":"2023-10-15T20:40:34","slug":"pensionssplitting","status":"publish","type":"page","link":"https:\/\/digmit.at\/index.php\/pensionssplitting\/","title":{"rendered":"<a>Pensionssplitting<\/a>"},"content":{"rendered":"\n<hr class=\"wp-block-separator has-alpha-channel-opacity\"\/>\n\n\n\n<p>Der <strong>Elternteil<\/strong>, der <strong>\u00fcberwiegend<\/strong> (= <strong>die meiste Zeit<\/strong>) das <strong>Kind<\/strong>\/die <strong>Kinder erzieht<\/strong>, kann <strong>nicht<\/strong> (<strong>so viel<\/strong>) <strong>arbeiten<\/strong> und bekommt deshalb <strong>weniger Pension<\/strong>.<br>Dieses Problem betrifft <strong>meistens Frauen*<\/strong>\/<strong>M\u00fctter*<\/strong>.<br>Um diesen Verlust auszugleichen, ist ein <strong>Pensionssplitting<\/strong> m\u00f6glich.<br><br>Der <strong>erwerbst\u00e4tige Elternteil<\/strong> kann <strong>Teile seiner Pensionskontogutschrift an den erziehenden Elternteil \u00fcbertragen<\/strong>.<br>Der <strong>Elternteil<\/strong>, der<strong> \u00fcberwiegend <\/strong>das <strong>Kind<\/strong>\/die<strong> Kinder erzieht<\/strong>, erh\u00e4lt daf\u00fcr eine <strong>Gutschrift im Pensionskonto<\/strong>.<br><br>Dadurch bekommt der <strong>erziehende Elternteil<\/strong> eine <strong>h\u00f6here Pension<\/strong>. <br>Der Elternteil, der Teile seiner Pensionskontogutschrift \u00fcbertr\u00e4gt, bekommt dann weniger Pension.<br><br>Die Pensionskontogutschrift kann f\u00fcr die ersten <strong>7 Jahre des Kindes<\/strong> \u00fcbertragen werden.<br>Bei <strong>mehreren Kinder<\/strong>n sind \u00dcbertragungen f\u00fcr insgesamt <strong>maximal 14 Jahre<\/strong> m\u00f6glich.<br><br>Pro Jahr k\u00f6nnen <strong>bis zu<\/strong> <strong>50 Prozent<\/strong> der Pensionskontogutschrift \u00fcbertragen werden.<br><br>Die <a href=\"https:\/\/www.pv.at\/cdscontent\/?contentid=10007.707628&amp;portal=pvaportal\">Pensionsversicherungsanstalt (<strong>PVA<\/strong>)<\/a> kann <strong>berechnen<\/strong>, wie sich ein Pensionssplitting in meinem Fall auswirken w\u00fcrde.<\/p>\n\n\n\n<p>Der <a href=\"https:\/\/www.pv.at\/cdscontent\/load?contentid=10008.734238&amp;version=1585307585\"><strong>Antrag<\/strong><\/a> kann gestellt werden, bis das j\u00fcngste Kind <strong>10 Jahre<\/strong> alt wird.<br><br>ACHTUNG<br>Die Vereinbarung ist <strong>unwiderruflich<\/strong>. Wenn ich einen Antrag auf Pensionssplitting gestellt habe, kann ich ihn nicht mehr zur\u00fcckziehen. Die \u00dcbertragung kann dann nicht mehr ge\u00e4ndert oder aufgehoben werden.<\/p>\n\n\n\n<p><br><\/p>\n\n\n\n<div class=\"wp-block-group\"><div class=\"wp-block-group__inner-container is-layout-constrained wp-block-group-is-layout-constrained\">\n<h2 class=\"wp-block-heading\">weitere Informationen<\/h2>\n\n\n\n<ul class=\"wp-block-list\">\n<li><a href=\"https:\/\/noe.arbeiterkammer.at\/beratung\/arbeitundrecht\/pension\/pensionsformen\/Pensionssplitting.html\">Pensionssplitting (AK N\u00d6)<\/a><\/li>\n\n\n\n<li><a href=\"https:\/\/www.pv.at\/cdscontent\/?contentid=10007.779168&amp;portal=pvaportal\">Pensionssplitting (PVA)<\/a><\/li>\n\n\n\n<li><a href=\"https:\/\/www.pv.at\/cdscontent\/load?contentid=10008.734238&amp;version=1585307585\">Unwiderrufliche Vereinbarung \u00fcber die \u00dcbertragung von Gutschriften bei Kindererziehung (PVA)<\/a><\/li>\n\n\n\n<li>Video: <a href=\"https:\/\/www.oegsbarrierefrei.at\/bm-sozial\/kindererziehungszeiten-und-pensionssplitting\/freiwilliges-pensionssplitting\">Freiwilliges Pensionssplitting (\u00d6GS)<\/a><\/li>\n<\/ul>\n<\/div><\/div>\n","protected":false},"excerpt":{"rendered":"<p>Der Elternteil, der \u00fcberwiegend (= die meiste Zeit) das Kind\/die Kinder erzieht, kann nicht (so viel) arbeiten und bekommt deshalb weniger Pension.Dieses Problem betrifft meistens Frauen*\/M\u00fctter*.Um diesen Verlust auszugleichen, ist ein Pensionssplitting m\u00f6glich. Der erwerbst\u00e4tige Elternteil kann Teile seiner Pensionskontogutschrift an den erziehenden Elternteil \u00fcbertragen.Der Elternteil, der \u00fcberwiegend das Kind\/die Kinder erzieht, erh\u00e4lt daf\u00fcr eine [&hellip;]<\/p>\n","protected":false},"author":2,"featured_media":0,"parent":0,"menu_order":0,"comment_status":"closed","ping_status":"closed","template":"","meta":{"footnotes":""},"class_list":["post-2045","page","type-page","status-publish","hentry"],"_links":{"self":[{"href":"https:\/\/digmit.at\/index.php\/wp-json\/wp\/v2\/pages\/2045","targetHints":{"allow":["GET"]}}],"collection":[{"href":"https:\/\/digmit.at\/index.php\/wp-json\/wp\/v2\/pages"}],"about":[{"href":"https:\/\/digmit.at\/index.php\/wp-json\/wp\/v2\/types\/page"}],"author":[{"embeddable":true,"href":"https:\/\/digmit.at\/index.php\/wp-json\/wp\/v2\/users\/2"}],"replies":[{"embeddable":true,"href":"https:\/\/digmit.at\/index.php\/wp-json\/wp\/v2\/comments?post=2045"}],"version-history":[{"count":13,"href":"https:\/\/digmit.at\/index.php\/wp-json\/wp\/v2\/pages\/2045\/revisions"}],"predecessor-version":[{"id":3223,"href":"https:\/\/digmit.at\/index.php\/wp-json\/wp\/v2\/pages\/2045\/revisions\/3223"}],"wp:attachment":[{"href":"https:\/\/digmit.at\/index.php\/wp-json\/wp\/v2\/media?parent=2045"}],"curies":[{"name":"wp","href":"https:\/\/api.w.org\/{rel}","templated":true}]}}