{"id":2281,"date":"2022-11-30T00:52:36","date_gmt":"2022-11-30T00:52:36","guid":{"rendered":"https:\/\/digmit.at\/?page_id=2281"},"modified":"2023-09-04T10:22:32","modified_gmt":"2023-09-04T10:22:32","slug":"ich-bekomme-korridorpension-und-mochte-dazuverdienen","status":"publish","type":"page","link":"https:\/\/digmit.at\/index.php\/ich-bekomme-korridorpension-und-mochte-dazuverdienen\/","title":{"rendered":"Zur Korridorpension dazuverdienen"},"content":{"rendered":"\n<hr class=\"wp-block-separator has-alpha-channel-opacity\"\/>\n\n\n\n<p>Ich bekomme <strong>Korridorpension<\/strong> und m\u00f6chte <strong>dazuverdienen<\/strong>.<\/p>\n\n\n\n<p><br><strong>Ich verliere meine Korridorpension, wenn ich \u00fcber der Geringf\u00fcgigkeitsgrenze<\/strong> (2023: 500,91 \u20ac\/Monat) <strong>verdiene<\/strong>.<br>F\u00fcr jedes Monat, in dem ich die Pension wegen einer Erwerbst\u00e4tigkeit \u00fcber Geringf\u00fcgigkeit verliere, erhalte ich einen Zuschlag von 0,55 %.<\/p>\n","protected":false},"excerpt":{"rendered":"<p>Ich bekomme Korridorpension und m\u00f6chte dazuverdienen. Ich verliere meine Korridorpension, wenn ich \u00fcber der Geringf\u00fcgigkeitsgrenze (2023: 500,91 \u20ac\/Monat) verdiene.F\u00fcr jedes Monat, in dem ich die Pension wegen einer Erwerbst\u00e4tigkeit \u00fcber Geringf\u00fcgigkeit verliere, erhalte ich einen Zuschlag von 0,55 %.<\/p>\n","protected":false},"author":2,"featured_media":0,"parent":0,"menu_order":0,"comment_status":"closed","ping_status":"closed","template":"","meta":{"footnotes":""},"class_list":["post-2281","page","type-page","status-publish","hentry"],"_links":{"self":[{"href":"https:\/\/digmit.at\/index.php\/wp-json\/wp\/v2\/pages\/2281","targetHints":{"allow":["GET"]}}],"collection":[{"href":"https:\/\/digmit.at\/index.php\/wp-json\/wp\/v2\/pages"}],"about":[{"href":"https:\/\/digmit.at\/index.php\/wp-json\/wp\/v2\/types\/page"}],"author":[{"embeddable":true,"href":"https:\/\/digmit.at\/index.php\/wp-json\/wp\/v2\/users\/2"}],"replies":[{"embeddable":true,"href":"https:\/\/digmit.at\/index.php\/wp-json\/wp\/v2\/comments?post=2281"}],"version-history":[{"count":4,"href":"https:\/\/digmit.at\/index.php\/wp-json\/wp\/v2\/pages\/2281\/revisions"}],"predecessor-version":[{"id":2734,"href":"https:\/\/digmit.at\/index.php\/wp-json\/wp\/v2\/pages\/2281\/revisions\/2734"}],"wp:attachment":[{"href":"https:\/\/digmit.at\/index.php\/wp-json\/wp\/v2\/media?parent=2281"}],"curies":[{"name":"wp","href":"https:\/\/api.w.org\/{rel}","templated":true}]}}