{"id":2811,"date":"2023-10-14T09:40:37","date_gmt":"2023-10-14T09:40:37","guid":{"rendered":"https:\/\/digmit.at\/?page_id=2811"},"modified":"2023-10-22T23:03:15","modified_gmt":"2023-10-22T23:03:15","slug":"kosten-finanzierung-forderung-ermasigung-2","status":"publish","type":"page","link":"https:\/\/digmit.at\/index.php\/kosten-finanzierung-forderung-ermasigung-2\/","title":{"rendered":"Kosten: Finanzierung \/ F\u00f6rderung \/ Erm\u00e4\u00dfigung"},"content":{"rendered":"\n<p>Wenn ich <strong>aus einem Drittstaat<\/strong> komme, kann ich mit dem <strong>Blauen Bundesgutschein<\/strong> <strong>50 % der Kurskosten<\/strong> (maximal 750 \u20ac) f\u00fcr einen <strong>Deutsch-Integrationskurs A2<\/strong> oder <strong>B1<\/strong> und <strong>Integrationspr\u00fcfung<\/strong> zur\u00fcckbekommen. Den Gutschein bekomme ich bei der <strong><a href=\"https:\/\/www.wien.gv.at\/kontakte\/ma35\/\">MA 35<\/a><\/strong>, wenn ich die <strong>Integrationsvereinbarung<\/strong> unterschreibe.<\/p>\n\n\n\n<p><br><strong>waff Bildungskonto f\u00fcr alle<\/strong><br>Mit dem <a href=\"https:\/\/www.waff.at\/foerderungen\/bildungskonto\/das-bildungskonto-fuer-alle\/\"><em>Bildungskonto f\u00fcr alle<\/em><\/a> f\u00f6rdert der waff <strong>50 % der Kurs- und Pr\u00fcfungskosten<\/strong> f\u00fcr Ausbildungen und Weiterbildungen \u2013 <strong>bis maximal 300 \u20ac<\/strong>.<\/p>\n\n\n\n<p>Ich kann die F\u00f6rderung bekommen, wenn ich<\/p>\n\n\n\n<p>&#8211; meinen <strong>Hauptwohnsitz in Wien<\/strong> habe,<\/p>\n\n\n\n<p><strong>&#8211; arbeite<\/strong> (auch geringf\u00fcgig, auch Neue Selbstst\u00e4ndige) oder<\/p>\n\n\n\n<p><strong>&#8211; <\/strong>in <strong>Bildungskarenz<\/strong> oder <strong>Bildungsteilzeit<\/strong> bin oder<\/p>\n\n\n\n<p>&#8211; in <strong>Elternkarenz<\/strong> bin oder<\/p>\n\n\n\n<p>&#8211; beim <strong>AMS Wien arbeitslos<\/strong> oder <strong>arbeitssuchend<\/strong> gemeldet bin oder<br>&#8211; <strong>Mindestsicherung<\/strong> beziehe und beim <strong>AMS Wien als arbeitssuchend<\/strong> vorgemerkt bin oder<\/p>\n\n\n\n<p>&#8211; <strong>Kinderbetreuungsgeld<\/strong> beziehe.<\/p>\n\n\n\n<p>Den <strong>Antrag auf F\u00f6rderung<\/strong> kann ich mit diesem <a href=\"https:\/\/www.waff.at\/wp-content\/uploads\/2020\/09\/waff_bikofolder_2020_end.pdf\">Formular<\/a> oder <a href=\"https:\/\/portal.waff.at\/bzbwoa\/\">online<\/a> stellen.<\/p>\n\n\n\n<p>Das <strong>Kursinstitut muss vom <\/strong><a href=\"https:\/\/www.waff.at\/anerkannte-bildungstraeger\/\"><strong>waff anerkannt<\/strong><\/a><strong> sein<\/strong>.<\/p>\n\n\n\n<p><br>Wenn ich als <strong>Leiharbeiter*in<\/strong> \/ <strong>Zeitarbeiter*in<\/strong> arbeite, kann ich beim <strong>Sozial- und Weiterbildungsfonds<\/strong>(<strong>SWF<\/strong>) um eine F\u00f6rderung ansuchen.<br><a href=\"https:\/\/www.swf-akue.at\/index.php\">F\u00f6rderungen f\u00fcr Zeitarbeitskr\u00e4fte (SWF)<\/a><br><a href=\"https:\/\/www.swf-akue.at\/index.php\/swffrauenfoerderung\">F\u00f6rderungen f\u00fcr Zeitarbeitskr\u00e4fte: SWF Frauenf\u00f6rderung (SWF)<\/a><\/p>\n\n\n\n<p><br>Wenn ich arbeite, kann ich Kosten f\u00fcr <strong>Kurse<\/strong>, <strong>Kursunterlagen<\/strong> sowie <strong>Pr\u00fcfungsgeb\u00fchren<\/strong> als <a href=\"https:\/\/www.bmf.gv.at\/themen\/steuern\/arbeitnehmerinnenveranlagung\/was-kann-ich-geltend-machen\/werbungskosten\/abc-der-werbungskosten.html\">Werbungskosten<\/a> <a href=\"https:\/\/ooe.arbeiterkammer.at\/beratung\/steuerundeinkommen\/arbeitnehmerveranlagung_schrittfuerschritt\/werbungskosten\/Fortbildungs--_Ausbildungs-_und_Umschulungskosten.html\"><strong>von der Steuer absetzen<\/strong><\/a>.<\/p>\n","protected":false},"excerpt":{"rendered":"<p>Wenn ich aus einem Drittstaat komme, kann ich mit dem Blauen Bundesgutschein 50 % der Kurskosten (maximal 750 \u20ac) f\u00fcr einen Deutsch-Integrationskurs A2 oder B1 und Integrationspr\u00fcfung zur\u00fcckbekommen. Den Gutschein bekomme ich bei der MA 35, wenn ich die Integrationsvereinbarung unterschreibe. waff Bildungskonto f\u00fcr alleMit dem Bildungskonto f\u00fcr alle f\u00f6rdert der waff 50 % der [&hellip;]<\/p>\n","protected":false},"author":2,"featured_media":0,"parent":0,"menu_order":0,"comment_status":"closed","ping_status":"closed","template":"","meta":{"footnotes":""},"class_list":["post-2811","page","type-page","status-publish","hentry"],"_links":{"self":[{"href":"https:\/\/digmit.at\/index.php\/wp-json\/wp\/v2\/pages\/2811","targetHints":{"allow":["GET"]}}],"collection":[{"href":"https:\/\/digmit.at\/index.php\/wp-json\/wp\/v2\/pages"}],"about":[{"href":"https:\/\/digmit.at\/index.php\/wp-json\/wp\/v2\/types\/page"}],"author":[{"embeddable":true,"href":"https:\/\/digmit.at\/index.php\/wp-json\/wp\/v2\/users\/2"}],"replies":[{"embeddable":true,"href":"https:\/\/digmit.at\/index.php\/wp-json\/wp\/v2\/comments?post=2811"}],"version-history":[{"count":11,"href":"https:\/\/digmit.at\/index.php\/wp-json\/wp\/v2\/pages\/2811\/revisions"}],"predecessor-version":[{"id":3573,"href":"https:\/\/digmit.at\/index.php\/wp-json\/wp\/v2\/pages\/2811\/revisions\/3573"}],"wp:attachment":[{"href":"https:\/\/digmit.at\/index.php\/wp-json\/wp\/v2\/media?parent=2811"}],"curies":[{"name":"wp","href":"https:\/\/api.w.org\/{rel}","templated":true}]}}