{"id":2881,"date":"2023-10-14T13:18:22","date_gmt":"2023-10-14T13:18:22","guid":{"rendered":"https:\/\/digmit.at\/?page_id=2881"},"modified":"2023-10-25T09:02:49","modified_gmt":"2023-10-25T09:02:49","slug":"beratung-und-ausbildung-fur-jugendliche-und-junge-erwachsene-mit-besonderen-bedurfnissen-behinderung","status":"publish","type":"page","link":"https:\/\/digmit.at\/index.php\/beratung-und-ausbildung-fur-jugendliche-und-junge-erwachsene-mit-besonderen-bedurfnissen-behinderung\/","title":{"rendered":"Beratung und Ausbildung f\u00fcr Jugendliche und junge Erwachsene mit besonderen Bed\u00fcrfnissen \/ Behinderung"},"content":{"rendered":"\n<p>Das <strong>Jugendcoaching<\/strong> unterst\u00fctzt und begleitet Jugendliche <strong>bis 24<\/strong> bei der Planung ihrer Zukunft am \u00dcbergang von Schule zu Beruf oder zur weiterf\u00fchrenden Ausbildung.<\/p>\n\n\n\n<p><a href=\"https:\/\/digmit.at\/?page_id=2885\" data-type=\"page\" data-id=\"2885\">Hier<\/a> gibt es Jugendcoaching.<\/p>\n\n\n\n<p>Nach dem Jugendcoaching kann mich eine <a href=\"https:\/\/www.koordinationsstelle.at\/angebot\/jugend-arbeitsassistenz\/\"><strong>Jugendarbeitsassistenz<\/strong><\/a> unterst\u00fctzen, eine Lehrstelle, eine andere Ausbildung oder eine Arbeit zu suchen.<\/p>\n\n\n\n<p id=\"verlaengertelehre\"><br>Wenn ich eine Behinderung\/Beeintr\u00e4chtigung oder sonderp\u00e4dagogischen F\u00f6rderbedarf habe, kann ich eine <strong><em>Verl\u00e4ngerte Lehre<\/em><\/strong> oder eine <strong><em>Teilqualifikation<\/em><\/strong> machen.<\/p>\n\n\n\n<p>Die <strong><em>Verl\u00e4ngerte Lehre<\/em><\/strong> dauert <strong>4 Jahre<\/strong>, also ein Jahr l\u00e4nger.<\/p>\n\n\n\n<p>Bei der <strong><em>Teilqualifikation<\/em><\/strong> mache ich <strong>nicht die ganze Ausbildung<\/strong>, sondern nur manche <strong>Teile<\/strong>.<br>Diese Ausbildung dauert <strong>3 Jahre<\/strong>.<br>Am Ende der Ausbildung habe ich eine Arbeitsprobe.<\/p>\n\n\n\n<p>Eine <em>Verl\u00e4ngerte Lehre<\/em> oder eine <em>Teilqualifikation<\/em> kann ich zum Beispiel bei <a href=\"https:\/\/www.jaw.at\/de\/dienstleistungen\/ausbildung\/80\/Ausbildung-mit-verlaengerter-Lehrzeit\"><strong>Jugend am Werk<\/strong><\/a> oder bei <a href=\"https:\/\/www.wienwork.at\/de\/verlaengertelehre-teilqualifikation\"><strong>wienwork<\/strong><\/a> oder machen.<\/p>\n\n\n\n<p><strong>Lehrberufe bei Wien Work<\/strong>:<br>&#8211; Einzelhandelskauffrau* \/ Einzelhandelskaufmann* allgemein<br>&#8211; Hochbauer*in<br>&#8211; K\u00f6ch*in<br>&#8211; Konditor*in<br>&#8211; Landschaftsg\u00e4rtner*in<br>&#8211; Maler*in und Beschichtungstechniker*in<br>&#8211; Plattenleger*in und Fliesenleger*in<br>&#8211; Reinigungstechniker*in<br>&#8211; Restaurantfachfrau* \/ Restaurantfachmann*<br>&#8211; Textilreiniger*in<br>&#8211; Tischler*in<\/p>\n\n\n\n<p><strong>Lehrberufe bei Jugend am Werk<\/strong>:<br>&#8211; B\u00e4cker*in<br>&#8211; Florist*in<br>&#8211; Garten- und Gr\u00fcnfl\u00e4chengestalter*in<br>&#8211; Karosseriebautechnik<br>&#8211; K\u00f6ch*in<br>&#8211; Konditor*in<br>&#8211; Kraftfahrzeugtechnik Personenkraftwagen<br>&#8211; Metallbearbeitung<br>&#8211; Restaurantfachfrau* \/ Restaurantfachmann*<br>&#8211; Spengler*in<br>&#8211; Tischler*in<\/p>\n\n\n\n<p>Eine Verl\u00e4ngerte Lehre oder eine Teilqualifikation kann ich auch <a href=\"https:\/\/www.koordinationsstelle.at\/angebot\/ueberbetriebliche-lehre-verlaengerte-lehrzeit-allgemein\/\">hier<\/a> machen.<\/p>\n\n\n\n<p>Wenn ich eine <em>Verl\u00e4ngerte Lehre<\/em> oder eine <em>Teilqualifikation<\/em> mache, bekomme ich Unterst\u00fctzung durch eine <a href=\"https:\/\/www.koordinationsstelle.at\/angebot\/berufsausbildungsassistenz\/\"><strong>Berufsausbildungsassistenz<\/strong><\/a>:<br>&#8211; Jugend am Werk:<br>Adresse: Obere Donaustra\u00dfe 21, Stiege 3, 1. Obergescho\u00df, 1020 Wien<br>Telefonnummer: <a href=\"tel: +431 271 44 57 28\">01 271 44 57 28<\/a><br>&#8211; Verein T.I.W.:<br>Adresse: Margaretenstra\u00dfe 166, 1. Stock, 1050 Wien<br>Telefonnummer: <a href=\"tel: +431 879 15 56\">01 879 15 56<\/a><\/p>\n\n\n\n<p><br><\/p>\n\n\n\n<div class=\"wp-block-group\"><div class=\"wp-block-group__inner-container is-layout-constrained wp-block-group-is-layout-constrained\">\n<h2 class=\"wp-block-heading\"><strong>weitere Informationen<\/strong><\/h2>\n\n\n\n<ul class=\"wp-block-list\">\n<li><a href=\"https:\/\/www.koordinationsstelle.at\/behinderung\/\">Behinderung (Koordinationsstelle Jugend Bildung Besch\u00e4ftigung)<\/a><\/li>\n<\/ul>\n<\/div><\/div>\n","protected":false},"excerpt":{"rendered":"<p>Das Jugendcoaching unterst\u00fctzt und begleitet Jugendliche bis 24 bei der Planung ihrer Zukunft am \u00dcbergang von Schule zu Beruf oder zur weiterf\u00fchrenden Ausbildung. Hier gibt es Jugendcoaching. Nach dem Jugendcoaching kann mich eine Jugendarbeitsassistenz unterst\u00fctzen, eine Lehrstelle, eine andere Ausbildung oder eine Arbeit zu suchen. Wenn ich eine Behinderung\/Beeintr\u00e4chtigung oder sonderp\u00e4dagogischen F\u00f6rderbedarf habe, kann ich [&hellip;]<\/p>\n","protected":false},"author":2,"featured_media":0,"parent":0,"menu_order":0,"comment_status":"closed","ping_status":"closed","template":"","meta":{"footnotes":""},"class_list":["post-2881","page","type-page","status-publish","hentry"],"_links":{"self":[{"href":"https:\/\/digmit.at\/index.php\/wp-json\/wp\/v2\/pages\/2881","targetHints":{"allow":["GET"]}}],"collection":[{"href":"https:\/\/digmit.at\/index.php\/wp-json\/wp\/v2\/pages"}],"about":[{"href":"https:\/\/digmit.at\/index.php\/wp-json\/wp\/v2\/types\/page"}],"author":[{"embeddable":true,"href":"https:\/\/digmit.at\/index.php\/wp-json\/wp\/v2\/users\/2"}],"replies":[{"embeddable":true,"href":"https:\/\/digmit.at\/index.php\/wp-json\/wp\/v2\/comments?post=2881"}],"version-history":[{"count":7,"href":"https:\/\/digmit.at\/index.php\/wp-json\/wp\/v2\/pages\/2881\/revisions"}],"predecessor-version":[{"id":3718,"href":"https:\/\/digmit.at\/index.php\/wp-json\/wp\/v2\/pages\/2881\/revisions\/3718"}],"wp:attachment":[{"href":"https:\/\/digmit.at\/index.php\/wp-json\/wp\/v2\/media?parent=2881"}],"curies":[{"name":"wp","href":"https:\/\/api.w.org\/{rel}","templated":true}]}}

Beratung und Ausbildung für Jugendliche und junge Erwachsene mit besonderen Bedürfnissen / Behinderung

<p>Das <strong>Jugendcoaching</strong> unterstützt und begleitet Jugendliche <strong>bis 24</strong> bei der Planung ihrer Zukunft am Übergang von Schule zu Beruf oder zur weiterführenden Ausbildung.</p>



<p><a href="https://digmit.at/?page_id=2885" data-type="page" data-id="2885">Hier</a> gibt es Jugendcoaching.</p>



<p>Nach dem Jugendcoaching kann mich eine <a href="https://www.koordinationsstelle.at/angebot/jugend-arbeitsassistenz/"><strong>Jugendarbeitsassistenz</strong></a> unterstützen, eine Lehrstelle, eine andere Ausbildung oder eine Arbeit zu suchen.</p>



<p id="verlaengertelehre"><br>Wenn ich eine Behinderung/Beeinträchtigung oder sonderpädagogischen Förderbedarf habe, kann ich eine <strong><em>Verlängerte Lehre</em></strong> oder eine <strong><em>Teilqualifikation</em></strong> machen.</p>



<p>Die <strong><em>Verlängerte Lehre</em></strong> dauert <strong>4 Jahre</strong>, also ein Jahr länger.</p>



<p>Bei der <strong><em>Teilqualifikation</em></strong> mache ich <strong>nicht die ganze Ausbildung</strong>, sondern nur manche <strong>Teile</strong>.<br>Diese Ausbildung dauert <strong>3 Jahre</strong>.<br>Am Ende der Ausbildung habe ich eine Arbeitsprobe.</p>



<p>Eine <em>Verlängerte Lehre</em> oder eine <em>Teilqualifikation</em> kann ich zum Beispiel bei <a href="https://www.jaw.at/de/dienstleistungen/ausbildung/80/Ausbildung-mit-verlaengerter-Lehrzeit"><strong>Jugend am Werk</strong></a> oder bei <a href="https://www.wienwork.at/de/verlaengertelehre-teilqualifikation"><strong>wienwork</strong></a> oder machen.</p>



<p><strong>Lehrberufe bei Wien Work</strong>:<br>&#8211; Einzelhandelskauffrau* / Einzelhandelskaufmann* allgemein<br>&#8211; Hochbauer*in<br>&#8211; Köch*in<br>&#8211; Konditor*in<br>&#8211; Landschaftsgärtner*in<br>&#8211; Maler*in und Beschichtungstechniker*in<br>&#8211; Plattenleger*in und Fliesenleger*in<br>&#8211; Reinigungstechniker*in<br>&#8211; Restaurantfachfrau* / Restaurantfachmann*<br>&#8211; Textilreiniger*in<br>&#8211; Tischler*in</p>



<p><strong>Lehrberufe bei Jugend am Werk</strong>:<br>&#8211; Bäcker*in<br>&#8211; Florist*in<br>&#8211; Garten- und Grünflächengestalter*in<br>&#8211; Karosseriebautechnik<br>&#8211; Köch*in<br>&#8211; Konditor*in<br>&#8211; Kraftfahrzeugtechnik Personenkraftwagen<br>&#8211; Metallbearbeitung<br>&#8211; Restaurantfachfrau* / Restaurantfachmann*<br>&#8211; Spengler*in<br>&#8211; Tischler*in</p>



<p>Eine Verlängerte Lehre oder eine Teilqualifikation kann ich auch <a href="https://www.koordinationsstelle.at/angebot/ueberbetriebliche-lehre-verlaengerte-lehrzeit-allgemein/">hier</a> machen.</p>



<p>Wenn ich eine <em>Verlängerte Lehre</em> oder eine <em>Teilqualifikation</em> mache, bekomme ich Unterstützung durch eine <a href="https://www.koordinationsstelle.at/angebot/berufsausbildungsassistenz/"><strong>Berufsausbildungsassistenz</strong></a>:<br>&#8211; Jugend am Werk:<br>Adresse: Obere Donaustraße 21, Stiege 3, 1. Obergeschoß, 1020 Wien<br>Telefonnummer: <a href="tel: +431 271 44 57 28">01 271 44 57 28</a><br>&#8211; Verein T.I.W.:<br>Adresse: Margaretenstraße 166, 1. Stock, 1050 Wien<br>Telefonnummer: <a href="tel: +431 879 15 56">01 879 15 56</a></p>



<p><br></p>



<div class="wp-block-group"><div class="wp-block-group__inner-container is-layout-constrained wp-block-group-is-layout-constrained">
<h2 class="wp-block-heading"><strong>weitere Informationen</strong></h2>



<ul class="wp-block-list">
<li><a href="https://www.koordinationsstelle.at/behinderung/">Behinderung (Koordinationsstelle Jugend Bildung Beschäftigung)</a></li>
</ul>
</div></div>

<p>Das Jugendcoaching unterstützt und begleitet Jugendliche bis 24 bei der Planung ihrer Zukunft am Übergang von Schule zu Beruf oder zur weiterführenden Ausbildung. Hier gibt es Jugendcoaching. Nach dem Jugendcoaching kann mich eine Jugendarbeitsassistenz unterstützen, eine Lehrstelle, eine andere Ausbildung oder eine Arbeit zu suchen. Wenn ich eine Behinderung/Beeinträchtigung oder sonderpädagogischen Förderbedarf habe, kann ich [&hellip;]</p>
