{"id":3008,"date":"2023-10-15T01:00:03","date_gmt":"2023-10-15T01:00:03","guid":{"rendered":"https:\/\/digmit.at\/?page_id=3008"},"modified":"2023-10-23T11:06:33","modified_gmt":"2023-10-23T11:06:33","slug":"volksschule","status":"publish","type":"page","link":"https:\/\/digmit.at\/index.php\/volksschule\/","title":{"rendered":"Volksschule"},"content":{"rendered":"\n<p>Wenn mein Kind <strong>6 Jahre<\/strong> alt ist, kommt es im September in die Schule = <strong>Volksschule<\/strong>.<\/p>\n\n\n\n<p>Wenn mein Kind noch nicht f\u00fcr die Schule bereit ist und mehr Zeit braucht, kommt es noch ein Jahr in die <strong>Vorschule<\/strong> und danach in die Volksschule.<\/p>\n\n\n\n<p>Die Volksschule dauert <strong>4 Jahre<\/strong>. <\/p>\n\n\n\n<p><br>Im <a href=\"https:\/\/schulfuehrer.bildung-wien.gv.at\/schoolguide\/\">Wiener Schulf\u00fchrer (wien.gv.at)<\/a> finde ich alle <strong>Volksschulen in Wien<\/strong>.<\/p>\n\n\n\n<p><br>Wenn mein Kind eine andere Erstsprache (= Muttersprache) als Deutsch hat, muss es einen <strong>MIKA-D-Test<\/strong> machen. Bei diesem Test wird auf Grammatik geschaut. Vielleicht kann mein Kind schon gut Deutsch verstehen und sprechen und schafft den Test trotzdem nicht. <br>Nach dem MIKA-D-Test bekommt mein Kind <strong>Deutschf\u00f6rderunterricht<\/strong> oder muss in <strong>Deutschf\u00f6rderklassen<\/strong> gehen.<br>Deutschf\u00f6rderklassen sind <strong>Extra-Klassen<\/strong> f\u00fcr Kinder, die nicht gut Deutsch k\u00f6nnen. Die Kinder sind 15 Stunden pro Woche in der Deutschf\u00f6rderklasse. Kinder werden so <strong>ausgegrenzt<\/strong>. Oft <strong>verlieren<\/strong> Kinder so <strong>1 bis 2 Schuljahre<\/strong>. Das ist <strong>Diskriminierung!<\/strong> In den Deutschf\u00f6rderklassen ist es f\u00fcr die Kinder schwieriger, gut Deutsch zu lernen. Sprache lernt man am besten, wenn man sie mit jemandem spricht, der sie kann. <br><strong>Die MIKA-D-Tests und die Deutschf\u00f6rderklassen m\u00fcssen abgeschafft werden!<\/strong><\/p>\n\n\n\n<figure class=\"wp-block-embed is-type-video is-provider-youtube wp-block-embed-youtube wp-embed-aspect-16-9 wp-has-aspect-ratio\"><div class=\"wp-block-embed__wrapper\">\n<iframe loading=\"lazy\" title=\"Lasst Kinder gemeinsam lernen!\" width=\"500\" height=\"281\" src=\"https:\/\/www.youtube.com\/embed\/N7303RQ-H1E?feature=oembed\" frameborder=\"0\" allow=\"accelerometer; autoplay; clipboard-write; encrypted-media; gyroscope; picture-in-picture; web-share\" referrerpolicy=\"strict-origin-when-cross-origin\" allowfullscreen><\/iframe>\n<\/div><figcaption class=\"wp-element-caption\">Video: <a href=\"https:\/\/www.youtube.com\/watch?v=N7303RQ-H1E\">Lasst Kinder gemeinsam lernen! (Sprachen Rechte)<\/a><\/figcaption><\/figure>\n\n\n\n<p><br>In manchen Schulen gibt es <a href=\"https:\/\/www.bildung-wien.gv.at\/unterricht\/Sprachf-rderzentrum.html\"><strong>muttersprachlichen Unterricht<\/strong><\/a>. Hier k\u00f6nnen die Kinder ihre Erstsprache oder die Erstsprache ihrer Eltern \u00fcben.<\/p>\n\n\n\n<p><br><strong>Nach der Volksschule<\/strong> kommt mein Kind <strong>4 Jahre<\/strong> entweder <\/p>\n\n\n\n<ul class=\"wp-block-list\">\n<li>ins <strong>Gymnasium<\/strong> = <strong>Allgemeinbildende h\u00f6here Schule<\/strong> = <strong>AHS Unterstufe<\/strong><\/li>\n\n\n\n<li>oder in die <strong>Mittelschule<\/strong> = <strong>NMS<\/strong>.<\/li>\n<\/ul>\n\n\n\n<div class=\"wp-block-buttons is-layout-flex wp-block-buttons-is-layout-flex\">\n<div class=\"wp-block-button\"><a class=\"wp-block-button__link wp-element-button\" href=\"https:\/\/digmit.at\/index.php\/gymnasium-mittelschule\/\">Gymnasium &amp; Mittelschule<\/a><\/div>\n<\/div>\n\n\n\n<p><br><\/p>\n\n\n\n<div class=\"wp-block-group\"><div class=\"wp-block-group__inner-container is-layout-constrained wp-block-group-is-layout-constrained\">\n<h2 class=\"wp-block-heading\"><strong>weitere Informationen<\/strong><strong><\/strong><\/h2>\n\n\n\n<ul class=\"wp-block-list\">\n<li><a href=\"https:\/\/www.wien.gv.at\/menschen\/integration\/pdf\/schul-abc.pdf\">Schul ABC (Stadt Wien, MA 17)<\/a><br>f\u00fcr Eltern und Lehrer*innen<br><strong>\u00dcbersetzungen der wichtigsten Begriffe und Mitteilungen im Schulalltag<br><\/strong>Sprachen: Englisch, Franz\u00f6sisch, Bosnisch\/Kroatisch\/Serbisch, Albanisch, T\u00fcrkisch, Kurdisch, Polnisch, Ungarisch<\/li>\n\n\n\n<li>interaktives Videoprojekt: <a href=\"https:\/\/bildungswege.arbeiterkammer.at\/#0\">Die richtige Ausbildung f\u00fcr mein Kind (AK)<\/a> in 10 Sprachen \u2013 Kapitel 1: SCHULE<\/li>\n\n\n\n<li>KOMPAKT \u2013 eine mehrsprachige Videoreihe zur Elternbildung (Verein Orient Express)<br>Teil 2 &#8211; <strong>Kind, Eltern und Schule \u2013 Eine Kooperation<\/strong> <a href=\"https:\/\/www.youtube.com\/watch?v=0URVX3bTAZI\">Deutsch<\/a> | <a href=\"https:\/\/www.youtube.com\/watch?v=Vb1ifmqqll8\">T\u00fcrkisch<\/a> | <a href=\"https:\/\/www.youtube.com\/watch?v=OQpXPtMw3ds\">Arabisch<\/a> | <a href=\"https:\/\/www.youtube.com\/watch?v=b1J347ipWWM\">Farsi<\/a><br>Teil 3 &#8211; <strong>Der Schulalltag<\/strong> <a href=\"https:\/\/www.youtube.com\/watch?v=4j2uar-N5Q0&amp;list=PLX0wpxiwvhLcRynoyUOtViVCvll1P6enN&amp;index=2\">Deutsch<\/a> | <a href=\"https:\/\/www.youtube.com\/watch?v=UkplXDPE1Hs\">T\u00fcrkisch<\/a> | <a href=\"https:\/\/www.youtube.com\/watch?v=BniRSKLA2iY\">Arabisch<\/a> | <a href=\"https:\/\/www.youtube.com\/watch?v=_baWACcIRNI\">Farsi<\/a><\/li>\n<\/ul>\n<\/div><\/div>\n","protected":false},"excerpt":{"rendered":"<p>Wenn mein Kind 6 Jahre alt ist, kommt es im September in die Schule = Volksschule. Wenn mein Kind noch nicht f\u00fcr die Schule bereit ist und mehr Zeit braucht, kommt es noch ein Jahr in die Vorschule und danach in die Volksschule. Die Volksschule dauert 4 Jahre. Im Wiener Schulf\u00fchrer (wien.gv.at) finde ich alle [&hellip;]<\/p>\n","protected":false},"author":2,"featured_media":0,"parent":0,"menu_order":0,"comment_status":"closed","ping_status":"closed","template":"","meta":{"footnotes":""},"class_list":["post-3008","page","type-page","status-publish","hentry"],"_links":{"self":[{"href":"https:\/\/digmit.at\/index.php\/wp-json\/wp\/v2\/pages\/3008","targetHints":{"allow":["GET"]}}],"collection":[{"href":"https:\/\/digmit.at\/index.php\/wp-json\/wp\/v2\/pages"}],"about":[{"href":"https:\/\/digmit.at\/index.php\/wp-json\/wp\/v2\/types\/page"}],"author":[{"embeddable":true,"href":"https:\/\/digmit.at\/index.php\/wp-json\/wp\/v2\/users\/2"}],"replies":[{"embeddable":true,"href":"https:\/\/digmit.at\/index.php\/wp-json\/wp\/v2\/comments?post=3008"}],"version-history":[{"count":6,"href":"https:\/\/digmit.at\/index.php\/wp-json\/wp\/v2\/pages\/3008\/revisions"}],"predecessor-version":[{"id":3624,"href":"https:\/\/digmit.at\/index.php\/wp-json\/wp\/v2\/pages\/3008\/revisions\/3624"}],"wp:attachment":[{"href":"https:\/\/digmit.at\/index.php\/wp-json\/wp\/v2\/media?parent=3008"}],"curies":[{"name":"wp","href":"https:\/\/api.w.org\/{rel}","templated":true}]}}

<p>Wenn mein Kind <strong>6 Jahre</strong> alt ist, kommt es im September in die Schule = <strong>Volksschule</strong>.</p>



<p>Wenn mein Kind noch nicht für die Schule bereit ist und mehr Zeit braucht, kommt es noch ein Jahr in die <strong>Vorschule</strong> und danach in die Volksschule.</p>



<p>Die Volksschule dauert <strong>4 Jahre</strong>. </p>



<p><br>Im <a href="https://schulfuehrer.bildung-wien.gv.at/schoolguide/">Wiener Schulführer (wien.gv.at)</a> finde ich alle <strong>Volksschulen in Wien</strong>.</p>



<p><br>Wenn mein Kind eine andere Erstsprache (= Muttersprache) als Deutsch hat, muss es einen <strong>MIKA-D-Test</strong> machen. Bei diesem Test wird auf Grammatik geschaut. Vielleicht kann mein Kind schon gut Deutsch verstehen und sprechen und schafft den Test trotzdem nicht. <br>Nach dem MIKA-D-Test bekommt mein Kind <strong>Deutschförderunterricht</strong> oder muss in <strong>Deutschförderklassen</strong> gehen.<br>Deutschförderklassen sind <strong>Extra-Klassen</strong> für Kinder, die nicht gut Deutsch können. Die Kinder sind 15 Stunden pro Woche in der Deutschförderklasse. Kinder werden so <strong>ausgegrenzt</strong>. Oft <strong>verlieren</strong> Kinder so <strong>1 bis 2 Schuljahre</strong>. Das ist <strong>Diskriminierung!</strong> In den Deutschförderklassen ist es für die Kinder schwieriger, gut Deutsch zu lernen. Sprache lernt man am besten, wenn man sie mit jemandem spricht, der sie kann. <br><strong>Die MIKA-D-Tests und die Deutschförderklassen müssen abgeschafft werden!</strong></p>



<figure class="wp-block-embed is-type-video is-provider-youtube wp-block-embed-youtube wp-embed-aspect-16-9 wp-has-aspect-ratio"><div class="wp-block-embed__wrapper">
<iframe loading="lazy" title="Lasst Kinder gemeinsam lernen!" width="500" height="281" src="https://www.youtube.com/embed/N7303RQ-H1E?feature=oembed" frameborder="0" allow="accelerometer; autoplay; clipboard-write; encrypted-media; gyroscope; picture-in-picture; web-share" referrerpolicy="strict-origin-when-cross-origin" allowfullscreen></iframe>
</div><figcaption class="wp-element-caption">Video: <a href="https://www.youtube.com/watch?v=N7303RQ-H1E">Lasst Kinder gemeinsam lernen! (Sprachen Rechte)</a></figcaption></figure>



<p><br>In manchen Schulen gibt es <a href="https://www.bildung-wien.gv.at/unterricht/Sprachf-rderzentrum.html"><strong>muttersprachlichen Unterricht</strong></a>. Hier können die Kinder ihre Erstsprache oder die Erstsprache ihrer Eltern üben.</p>



<p><br><strong>Nach der Volksschule</strong> kommt mein Kind <strong>4 Jahre</strong> entweder </p>



<ul class="wp-block-list">
<li>ins <strong>Gymnasium</strong> = <strong>Allgemeinbildende höhere Schule</strong> = <strong>AHS Unterstufe</strong></li>



<li>oder in die <strong>Mittelschule</strong> = <strong>NMS</strong>.</li>
</ul>



<div class="wp-block-buttons is-layout-flex wp-block-buttons-is-layout-flex">
<div class="wp-block-button"><a class="wp-block-button__link wp-element-button" href="https://digmit.at/index.php/gymnasium-mittelschule/">Gymnasium &amp; Mittelschule</a></div>
</div>



<p><br></p>



<div class="wp-block-group"><div class="wp-block-group__inner-container is-layout-constrained wp-block-group-is-layout-constrained">
<h2 class="wp-block-heading"><strong>weitere Informationen</strong><strong></strong></h2>



<ul class="wp-block-list">
<li><a href="https://www.wien.gv.at/menschen/integration/pdf/schul-abc.pdf">Schul ABC (Stadt Wien, MA 17)</a><br>für Eltern und Lehrer*innen<br><strong>Übersetzungen der wichtigsten Begriffe und Mitteilungen im Schulalltag<br></strong>Sprachen: Englisch, Französisch, Bosnisch/Kroatisch/Serbisch, Albanisch, Türkisch, Kurdisch, Polnisch, Ungarisch</li>



<li>interaktives Videoprojekt: <a href="https://bildungswege.arbeiterkammer.at/#0">Die richtige Ausbildung für mein Kind (AK)</a> in 10 Sprachen – Kapitel 1: SCHULE</li>



<li>KOMPAKT – eine mehrsprachige Videoreihe zur Elternbildung (Verein Orient Express)<br>Teil 2 &#8211; <strong>Kind, Eltern und Schule – Eine Kooperation</strong> <a href="https://www.youtube.com/watch?v=0URVX3bTAZI">Deutsch</a> | <a href="https://www.youtube.com/watch?v=Vb1ifmqqll8">Türkisch</a> | <a href="https://www.youtube.com/watch?v=OQpXPtMw3ds">Arabisch</a> | <a href="https://www.youtube.com/watch?v=b1J347ipWWM">Farsi</a><br>Teil 3 &#8211; <strong>Der Schulalltag</strong> <a href="https://www.youtube.com/watch?v=4j2uar-N5Q0&amp;list=PLX0wpxiwvhLcRynoyUOtViVCvll1P6enN&amp;index=2">Deutsch</a> | <a href="https://www.youtube.com/watch?v=UkplXDPE1Hs">Türkisch</a> | <a href="https://www.youtube.com/watch?v=BniRSKLA2iY">Arabisch</a> | <a href="https://www.youtube.com/watch?v=_baWACcIRNI">Farsi</a></li>
</ul>
</div></div>

<p>Wenn mein Kind 6 Jahre alt ist, kommt es im September in die Schule = Volksschule. Wenn mein Kind noch nicht für die Schule bereit ist und mehr Zeit braucht, kommt es noch ein Jahr in die Vorschule und danach in die Volksschule. Die Volksschule dauert 4 Jahre. Im Wiener Schulführer (wien.gv.at) finde ich alle [&hellip;]</p>
