{"id":3010,"date":"2023-10-15T01:06:53","date_gmt":"2023-10-15T01:06:53","guid":{"rendered":"https:\/\/digmit.at\/?page_id=3010"},"modified":"2023-10-19T20:51:46","modified_gmt":"2023-10-19T20:51:46","slug":"inklusiver-unterricht-sonderschule","status":"publish","type":"page","link":"https:\/\/digmit.at\/index.php\/inklusiver-unterricht-sonderschule\/","title":{"rendered":"Inklusiver Unterricht &amp; Sonderschule"},"content":{"rendered":"\n<p>Wenn mein Kind eine <strong>Behinderung<\/strong> oder <strong>sonderp\u00e4dagogischen F\u00f6rderbedarf<\/strong> (SPF) hat, kann es in eine <strong>inklusive Regelschule<\/strong> (\u201e<strong>Integrationsklasse<\/strong>\u201c) oder in eine <strong>Sonderschule<\/strong> gehen.<\/p>\n\n\n\n<p><br>In einer <strong>inklusiven Regelschule<\/strong> (\u201e<strong>Integrationsklasse<\/strong>\u201c) k\u00f6nnen Kinder und Jugendliche mit und ohne sonderp\u00e4dagogischem F\u00f6rderbedarf <strong>gemeinsam lernen<\/strong>. <\/p>\n\n\n\n<p>Inklusiven Unterricht gibt es in der <br>&#8211; Volksschule,<br>&#8211; Mittelschule,<br>&#8211; Unterstufe der allgemeinbildenden h\u00f6heren Schule (AHS),<br>&#8211; Polytechnischen Schule<br>&#8211; und in der einj\u00e4hrigen Fachschule f\u00fcr wirtschaftliche Berufe.<\/p>\n\n\n\n<p><br>In der <strong>Sonderschule<\/strong> sind <strong>nur Kinder und Jugendliche mit Behinderung oder mit sonderp\u00e4dagogischen F\u00f6rderbedarf<\/strong>. Sie haben in der Schule also keinen Kontakt zu Kindern und Jugendlichen ohne SPF.<\/p>\n\n\n\n<p>Die Sonderschule umfasst 9 Schulstufen. <\/p>\n\n\n\n<p>Im letzten Schuljahr wird mein Kind auf den Beruf vorbereitet.<\/p>\n\n\n\n<p>In der Sonderschule wird mein Kind je nach dem, was es braucht, um gut lernen zu k\u00f6nnen, gef\u00f6rdert.<\/p>\n\n\n\n<p>Es gibt verschiedene Sonderschulen, zum Beispiel Allgemeine Sonderschulen oder Volksschulen und Mittelschulen f\u00fcr blinde oder sehbeeintr\u00e4chtigte Kinder, f\u00fcr geh\u00f6rlose Kinder, f\u00fcr Kinder mit Sprachst\u00f6rungen, f\u00fcr Kinder mit k\u00f6rperlichen Beeintr\u00e4chtigungen.<\/p>\n\n\n\n<p><br><a href=\"https:\/\/www.bildung-wien.gv.at\/schulen\/Oesterreichisches-Schulsystem\/Allgemeinbildende-Pflichtschulen--APS-\/Integrationsberatungsstelle-der-Bildungsdirektion-fuer-Wien.html\"><strong>IBOZ<\/strong><\/a>, eine Beratungsstelle der Bildungsdirektion Wien, bietet Informationen zum Schulbesuch von <strong>Sch\u00fcler*innen mit Behinderung<\/strong> sowie zum Thema <strong>sonderp\u00e4dagogischer F\u00f6rderbedarf<\/strong>.<\/p>\n\n\n\n<p><br>Manchmal wird <strong>Kindern mit Migrationshintergrund sonderp\u00e4dagogischer F\u00f6rderbedarf<\/strong> attestiert, <strong>nur weil sie eine andere Erstsprache haben oder nicht gut Deutsch k\u00f6nnen<\/strong>.<br>Diese Kinder kommen dann zu unrecht in eine Sonderschule oder in eine Integrationsklasse.<br>Das ist Diskriminierung! Diskriminierung ist verboten!<\/p>\n\n\n\n<p>Wenn mein Kind diskriminiert wird, kann ich mich an die <a href=\"https:\/\/kja.at\/home\/bildungsombudsstelle-fuer-kindergarten-und-schule\/\">Bildungsombudsstelle f\u00fcr Kindergarten und Schule<\/a> (<a href=\"https:\/\/kja.at\/\">Kinder- und Jugendanwaltschaft Wien<\/a>) wenden. <\/p>\n\n\n\n<p>Auch die <a href=\"https:\/\/diskriminierungsfrei.at\/\">INITIATIVE F\u00dcR EIN DISKRIMINIERUNGSFREIES BILDUNGSWESEN (IDB)<\/a> kann weiterhelfen. <br>Ich kann Diskriminierung anonym \u00fcber das <a href=\"https:\/\/diskriminierungsfrei.at\/formular-zur-dokumentation\">Formular zur Dokumentation<\/a> oder die <a href=\"https:\/\/play.google.com\/store\/apps\/details?id=idb.report_it\">IDB \u2013 Report it!<\/a>-App dokumentieren. <br><br><\/p>\n\n\n\n<div class=\"wp-block-group\"><div class=\"wp-block-group__inner-container is-layout-constrained wp-block-group-is-layout-constrained\">\n<h2 class=\"wp-block-heading\"><strong>weitere Informationen<\/strong><\/h2>\n\n\n\n<ul class=\"wp-block-list\">\n<li><a href=\"https:\/\/www.oesterreich.gv.at\/themen\/bildung_und_neue_medien\/schule\/5\/sonderschule.html\">Sonderschule oder Besuch einer inklusiven Regelschule (oesterreich.gv.at)<\/a><\/li>\n\n\n\n<li><a href=\"https:\/\/www.bmbwf.gv.at\/Themen\/schule\/schulsystem\/sa\/sp\/sp_schwerpunkte.html\">F\u00f6rderschwerpunkte (BMBWF)<\/a><\/li>\n\n\n\n<li><a href=\"https:\/\/www.bizeps.or.at\/wissenswertes\/integrationsklasse\/\">Integrationsklasse (BIZEPS)<\/a><\/li>\n\n\n\n<li><a href=\"https:\/\/bbi.at\/\">Bundes-Blindeninstitut Wien (BBi)<\/a><\/li>\n\n\n\n<li><a href=\"https:\/\/www.wien.gv.at\/sozialinfo\/content\/de\/10\/InstitutionDetail.do?it_1=2097597\">Bundesinstitut f\u00fcr Geh\u00f6rlosenbildung (BIG)<\/a><\/li>\n<\/ul>\n<\/div><\/div>\n","protected":false},"excerpt":{"rendered":"<p>Wenn mein Kind eine Behinderung oder sonderp\u00e4dagogischen F\u00f6rderbedarf (SPF) hat, kann es in eine inklusive Regelschule (\u201eIntegrationsklasse\u201c) oder in eine Sonderschule gehen. In einer inklusiven Regelschule (\u201eIntegrationsklasse\u201c) k\u00f6nnen Kinder und Jugendliche mit und ohne sonderp\u00e4dagogischem F\u00f6rderbedarf gemeinsam lernen. Inklusiven Unterricht gibt es in der &#8211; Volksschule,&#8211; Mittelschule,&#8211; Unterstufe der allgemeinbildenden h\u00f6heren Schule (AHS),&#8211; Polytechnischen Schule&#8211; [&hellip;]<\/p>\n","protected":false},"author":2,"featured_media":0,"parent":0,"menu_order":0,"comment_status":"closed","ping_status":"closed","template":"","meta":{"footnotes":""},"class_list":["post-3010","page","type-page","status-publish","hentry"],"_links":{"self":[{"href":"https:\/\/digmit.at\/index.php\/wp-json\/wp\/v2\/pages\/3010","targetHints":{"allow":["GET"]}}],"collection":[{"href":"https:\/\/digmit.at\/index.php\/wp-json\/wp\/v2\/pages"}],"about":[{"href":"https:\/\/digmit.at\/index.php\/wp-json\/wp\/v2\/types\/page"}],"author":[{"embeddable":true,"href":"https:\/\/digmit.at\/index.php\/wp-json\/wp\/v2\/users\/2"}],"replies":[{"embeddable":true,"href":"https:\/\/digmit.at\/index.php\/wp-json\/wp\/v2\/comments?post=3010"}],"version-history":[{"count":5,"href":"https:\/\/digmit.at\/index.php\/wp-json\/wp\/v2\/pages\/3010\/revisions"}],"predecessor-version":[{"id":3473,"href":"https:\/\/digmit.at\/index.php\/wp-json\/wp\/v2\/pages\/3010\/revisions\/3473"}],"wp:attachment":[{"href":"https:\/\/digmit.at\/index.php\/wp-json\/wp\/v2\/media?parent=3010"}],"curies":[{"name":"wp","href":"https:\/\/api.w.org\/{rel}","templated":true}]}}