{"id":3080,"date":"2023-10-15T15:00:34","date_gmt":"2023-10-15T15:00:34","guid":{"rendered":"https:\/\/digmit.at\/?page_id=3080"},"modified":"2023-10-27T10:07:58","modified_gmt":"2023-10-27T10:07:58","slug":"ungerechtigkeit-diskriminierung-schule-und-bildung-sind-nicht-fair","status":"publish","type":"page","link":"https:\/\/digmit.at\/index.php\/ungerechtigkeit-diskriminierung-schule-und-bildung-sind-nicht-fair\/","title":{"rendered":"Ungerechtigkeit &amp; Diskriminierung: Schule und Bildung sind nicht fair!"},"content":{"rendered":"\n<p><strong>Das Bildungssystem in \u00d6sterreich ist ungerecht!<\/strong><\/p>\n\n\n\n<p><strong>Nicht alle Kinder haben die gleichen Chancen!<\/strong><\/p>\n\n\n\n<p>Der <strong>Schulerfolg<\/strong> der Kinder, also<br>&#8211; ob sie gut oder nicht so gut in der Schule sind, <br>&#8211; in welche Schule sie gehen und <br>&#8211; welche Ausbildung sie abschlie\u00dfen, <br>hat meistens sehr viel damit zu tun,<br>&#8211; ob ihre Eltern genug <strong>Geld<\/strong> haben,<br>&#8211; <strong>welche Ausbildung ihre Eltern<\/strong> abgeschlossen haben,<br>&#8211; oder auch <strong>woher die Kinder oder ihre Eltern kommen<\/strong>.<\/p>\n\n\n\n<p><strong>Schule und Bildung kosten<\/strong>: Nachhilfe, Laptop, Drucker, Internet\u2026<br><strong>Schule und Bildung m\u00fcssen kostenlos sein!<\/strong> Und das <strong>f\u00fcr alle!<\/strong><\/p>\n\n\n\n<p>Schule k\u00f6nnte fairer sein, wenn es eine <strong>Ganztagsschule<\/strong> geben w\u00fcrde.<br>Wenn Kinder und Jugendliche nur bis Mittag in der Schule sind, m\u00fcssen Eltern ihre Kinder beim Lernen unterst\u00fctzen oder ihnen eine Nachhilfe bezahlen. Aber viele Eltern haben keine Zeit, um mit ihren Kindern zu lernen, oder sie k\u00f6nnen ihnen beim Lernen nicht so gut helfen, oder sie haben kein Geld f\u00fcr Nachhilfe.<\/p>\n\n\n\n<figure class=\"wp-block-embed is-type-video is-provider-youtube wp-block-embed-youtube wp-embed-aspect-16-9 wp-has-aspect-ratio\"><div class=\"wp-block-embed__wrapper\">\n<iframe loading=\"lazy\" title=\"Wie ungerecht ist \u00d6sterreichs Schulsystem wirklich?\" width=\"500\" height=\"281\" src=\"https:\/\/www.youtube.com\/embed\/OHuAZXuuQCQ?start=39&#038;feature=oembed\" frameborder=\"0\" allow=\"accelerometer; autoplay; clipboard-write; encrypted-media; gyroscope; picture-in-picture; web-share\" referrerpolicy=\"strict-origin-when-cross-origin\" allowfullscreen><\/iframe>\n<\/div><figcaption class=\"wp-element-caption\">Video: <a href=\"https:\/\/www.youtube.com\/watch?v=OHuAZXuuQCQ&amp;t=39s\">So unfair ist Schule in \u00d6sterreich | Warum Geld, Bildung und Herkunft entscheiden (AK)<\/a><\/figcaption><\/figure>\n\n\n\n<p id=\"deutschfoerderklassen\"><br>Kinder, die eine andere Erstsprache (= Muttersprache) als Deutsch haben, m\u00fcssen einen <strong>MIKA-D-Test<\/strong> machen. <br>Bei diesem Test wird auf Grammatik geschaut. Vielleicht kann das Kind schon gut Deutsch verstehen und sprechen und schafft den Test trotzdem nicht. <br>Nach dem MIKA-D-Test bekommt das Kind <strong>Deutschf\u00f6rderunterricht<\/strong> oder muss in <strong>Deutschf\u00f6rderklassen<\/strong> gehen.<br>Deutschf\u00f6rderklassen sind <strong>Extra-Klassen<\/strong> f\u00fcr Kinder, die nicht gut Deutsch k\u00f6nnen. Die Kinder sind 15 bis 20 Stunden pro Woche in der Deutschf\u00f6rderklasse. <br>Kinder werden so <strong>ausgegrenzt<\/strong>. Oft <strong>verlieren<\/strong> Kinder so <strong>1 bis 2 Schuljahre<\/strong>. Das ist <strong>Diskriminierung!<\/strong> <br>In den Deutschf\u00f6rderklassen ist es f\u00fcr die Kinder schwieriger, gut Deutsch zu lernen. Sprache lernt man am besten, wenn man sie mit jemandem spricht, der sie kann. <br><strong>Die MIKA-D-Tests und die Deutschf\u00f6rderklassen m\u00fcssen abgeschafft werden!<\/strong><\/p>\n\n\n\n<figure class=\"wp-block-embed is-type-video is-provider-youtube wp-block-embed-youtube wp-embed-aspect-16-9 wp-has-aspect-ratio\"><div class=\"wp-block-embed__wrapper\">\n<iframe loading=\"lazy\" title=\"Lasst Kinder gemeinsam lernen!\" width=\"500\" height=\"281\" src=\"https:\/\/www.youtube.com\/embed\/N7303RQ-H1E?feature=oembed\" frameborder=\"0\" allow=\"accelerometer; autoplay; clipboard-write; encrypted-media; gyroscope; picture-in-picture; web-share\" referrerpolicy=\"strict-origin-when-cross-origin\" allowfullscreen><\/iframe>\n<\/div><figcaption class=\"wp-element-caption\">Video: <a href=\"https:\/\/www.youtube.com\/watch?v=N7303RQ-H1E\">Lasst Kinder gemeinsam lernen! (Sprachen Rechte)<\/a><\/figcaption><\/figure>\n\n\n\n<p><br>In der Schule kommt es leider oft zur <strong>Diskriminierung<\/strong> \u2013 <strong>durch Lehrer*innen<\/strong> oder auch <strong>Mitsch\u00fcler*innen<\/strong>. <br>Diskriminierung gibt es auch im Kindergarten oder sp\u00e4ter an der Uni.<br>Das bedeutet, dass <strong>nicht alle Kinder gleich behandelt<\/strong> werden. <br>Manche Kinder werden zum Beispiel aufgrund ihrer Hautfarbe, ihrer Herkunft, ihrer Religion, ihres Geschlechts, ihrer sexuellen Orientierung\u2026 schlechter behandelt als andere.<\/p>\n\n\n\n<p>Die h\u00e4ufigsten Formen von Diskriminierung im Bildungssystem sind<\/p>\n\n\n\n<ul class=\"wp-block-list\">\n<li><strong>Rassismus<\/strong>: Diskriminierung aufgrund von Hautfarbe oder aufgrund der ethnischen Zugeh\u00f6rigkeit oder Herkunft<\/li>\n\n\n\n<li><strong>antimuslimischer Rassismus<\/strong> \/ <strong>Islamophobie<\/strong>: Diskriminierung von muslimischen Sch\u00fcler*innen oder Muslim*innen allgemein<\/li>\n\n\n\n<li><strong>Sexismus<\/strong>: Diskriminierung von Sch\u00fclerinnen* oder Frauen* allgemein<\/li>\n\n\n\n<li><strong>Antisemitismus<\/strong>: Diskriminierung von j\u00fcdischen Sch\u00fcler*innen oder von J\u00fcd*innen allgemein<\/li>\n\n\n\n<li><strong>Heterosexismus<\/strong>: Diskriminierung von queeren: schwulen, lesbischen, trans*, inter*, asexuellen, bi- oder pansexuellen Personen<\/li>\n\n\n\n<li><strong>Ableismus<\/strong>: Diskriminierung von neurodiversen Sch\u00fcler*innen oder Sch\u00fcler*innen mit einer Behinderung<\/li>\n<\/ul>\n\n\n\n<p>Auch die <strong>Lernmaterialien<\/strong> sind oft diskriminierend.<\/p>\n\n\n\n<p>Nur bestimmtes <strong>Wissen<\/strong> wird als Wissen anerkannt und gelehrt; anderes Wissen wird abgewertet und ausgeschlossen.<\/p>\n\n\n\n<p>Die <strong>P\u00e4dagog*innen<\/strong> sind fast immer wei\u00dfe \u00d6sterreicher*innen, sehr selten Migrant*innen, sehr selten <em>People of Color<\/em>.<\/p>\n\n\n\n<p><br><\/p>\n\n\n\n<div class=\"wp-block-group\"><div class=\"wp-block-group__inner-container is-layout-constrained wp-block-group-is-layout-constrained\">\n<h2 class=\"wp-block-heading\"><strong>weitere Informationen<\/strong><strong><\/strong><\/h2>\n\n\n\n<ul class=\"wp-block-list\">\n<li>Video: <a href=\"https:\/\/www.youtube.com\/watch?v=RkzUPM0zAqk\">3 gro\u00dfe Mythen \u00fcber Schule in \u00d6sterreich (AK)<\/a><\/li>\n\n\n\n<li><a href=\"http:\/\/diskriminierungsfrei.at\/wp-content\/uploads\/2022\/06\/IDB_Jahresbericht-2021.pdf\">Diskriminierung im \u00f6sterreichischen Bildungswesen. Bericht 2021 (IDB \u2013 Initiative f\u00fcr ein diskriminierungsfreies Bildungswesen)<\/a><\/li>\n\n\n\n<li>Video: <a href=\"https:\/\/www.youtube.com\/watch?v=uXF4-kd8Ja0\">Diskriminierung: wie ungerecht ist das Bildungswesen (IDB diskriminierungsfrei)<\/a><\/li>\n\n\n\n<li><a href=\"https:\/\/lefoe.at\/wp-content\/uploads\/2022\/12\/Handbuch_MenschenRechteUtopien.pdf\">Handbuch MenschenRechteUtopien (LEF\u00d6)<\/a>: Kapitel Wissen\/Bildung<\/li>\n<\/ul>\n<\/div><\/div>\n","protected":false},"excerpt":{"rendered":"<p>Das Bildungssystem in \u00d6sterreich ist ungerecht! Nicht alle Kinder haben die gleichen Chancen! Der Schulerfolg der Kinder, also&#8211; ob sie gut oder nicht so gut in der Schule sind, &#8211; in welche Schule sie gehen und &#8211; welche Ausbildung sie abschlie\u00dfen, hat meistens sehr viel damit zu tun,&#8211; ob ihre Eltern genug Geld haben,&#8211; welche [&hellip;]<\/p>\n","protected":false},"author":2,"featured_media":0,"parent":0,"menu_order":0,"comment_status":"closed","ping_status":"closed","template":"","meta":{"footnotes":""},"class_list":["post-3080","page","type-page","status-publish","hentry"],"_links":{"self":[{"href":"https:\/\/digmit.at\/index.php\/wp-json\/wp\/v2\/pages\/3080","targetHints":{"allow":["GET"]}}],"collection":[{"href":"https:\/\/digmit.at\/index.php\/wp-json\/wp\/v2\/pages"}],"about":[{"href":"https:\/\/digmit.at\/index.php\/wp-json\/wp\/v2\/types\/page"}],"author":[{"embeddable":true,"href":"https:\/\/digmit.at\/index.php\/wp-json\/wp\/v2\/users\/2"}],"replies":[{"embeddable":true,"href":"https:\/\/digmit.at\/index.php\/wp-json\/wp\/v2\/comments?post=3080"}],"version-history":[{"count":6,"href":"https:\/\/digmit.at\/index.php\/wp-json\/wp\/v2\/pages\/3080\/revisions"}],"predecessor-version":[{"id":3744,"href":"https:\/\/digmit.at\/index.php\/wp-json\/wp\/v2\/pages\/3080\/revisions\/3744"}],"wp:attachment":[{"href":"https:\/\/digmit.at\/index.php\/wp-json\/wp\/v2\/media?parent=3080"}],"curies":[{"name":"wp","href":"https:\/\/api.w.org\/{rel}","templated":true}]}}

<p><strong>Das Bildungssystem in Österreich ist ungerecht!</strong></p>



<p><strong>Nicht alle Kinder haben die gleichen Chancen!</strong></p>



<p>Der <strong>Schulerfolg</strong> der Kinder, also<br>&#8211; ob sie gut oder nicht so gut in der Schule sind, <br>&#8211; in welche Schule sie gehen und <br>&#8211; welche Ausbildung sie abschließen, <br>hat meistens sehr viel damit zu tun,<br>&#8211; ob ihre Eltern genug <strong>Geld</strong> haben,<br>&#8211; <strong>welche Ausbildung ihre Eltern</strong> abgeschlossen haben,<br>&#8211; oder auch <strong>woher die Kinder oder ihre Eltern kommen</strong>.</p>



<p><strong>Schule und Bildung kosten</strong>: Nachhilfe, Laptop, Drucker, Internet…<br><strong>Schule und Bildung müssen kostenlos sein!</strong> Und das <strong>für alle!</strong></p>



<p>Schule könnte fairer sein, wenn es eine <strong>Ganztagsschule</strong> geben würde.<br>Wenn Kinder und Jugendliche nur bis Mittag in der Schule sind, müssen Eltern ihre Kinder beim Lernen unterstützen oder ihnen eine Nachhilfe bezahlen. Aber viele Eltern haben keine Zeit, um mit ihren Kindern zu lernen, oder sie können ihnen beim Lernen nicht so gut helfen, oder sie haben kein Geld für Nachhilfe.</p>



<figure class="wp-block-embed is-type-video is-provider-youtube wp-block-embed-youtube wp-embed-aspect-16-9 wp-has-aspect-ratio"><div class="wp-block-embed__wrapper">
<iframe loading="lazy" title="Wie ungerecht ist Österreichs Schulsystem wirklich?" width="500" height="281" src="https://www.youtube.com/embed/OHuAZXuuQCQ?start=39&#038;feature=oembed" frameborder="0" allow="accelerometer; autoplay; clipboard-write; encrypted-media; gyroscope; picture-in-picture; web-share" referrerpolicy="strict-origin-when-cross-origin" allowfullscreen></iframe>
</div><figcaption class="wp-element-caption">Video: <a href="https://www.youtube.com/watch?v=OHuAZXuuQCQ&amp;t=39s">So unfair ist Schule in Österreich | Warum Geld, Bildung und Herkunft entscheiden (AK)</a></figcaption></figure>



<p id="deutschfoerderklassen"><br>Kinder, die eine andere Erstsprache (= Muttersprache) als Deutsch haben, müssen einen <strong>MIKA-D-Test</strong> machen. <br>Bei diesem Test wird auf Grammatik geschaut. Vielleicht kann das Kind schon gut Deutsch verstehen und sprechen und schafft den Test trotzdem nicht. <br>Nach dem MIKA-D-Test bekommt das Kind <strong>Deutschförderunterricht</strong> oder muss in <strong>Deutschförderklassen</strong> gehen.<br>Deutschförderklassen sind <strong>Extra-Klassen</strong> für Kinder, die nicht gut Deutsch können. Die Kinder sind 15 bis 20 Stunden pro Woche in der Deutschförderklasse. <br>Kinder werden so <strong>ausgegrenzt</strong>. Oft <strong>verlieren</strong> Kinder so <strong>1 bis 2 Schuljahre</strong>. Das ist <strong>Diskriminierung!</strong> <br>In den Deutschförderklassen ist es für die Kinder schwieriger, gut Deutsch zu lernen. Sprache lernt man am besten, wenn man sie mit jemandem spricht, der sie kann. <br><strong>Die MIKA-D-Tests und die Deutschförderklassen müssen abgeschafft werden!</strong></p>



<figure class="wp-block-embed is-type-video is-provider-youtube wp-block-embed-youtube wp-embed-aspect-16-9 wp-has-aspect-ratio"><div class="wp-block-embed__wrapper">
<iframe loading="lazy" title="Lasst Kinder gemeinsam lernen!" width="500" height="281" src="https://www.youtube.com/embed/N7303RQ-H1E?feature=oembed" frameborder="0" allow="accelerometer; autoplay; clipboard-write; encrypted-media; gyroscope; picture-in-picture; web-share" referrerpolicy="strict-origin-when-cross-origin" allowfullscreen></iframe>
</div><figcaption class="wp-element-caption">Video: <a href="https://www.youtube.com/watch?v=N7303RQ-H1E">Lasst Kinder gemeinsam lernen! (Sprachen Rechte)</a></figcaption></figure>



<p><br>In der Schule kommt es leider oft zur <strong>Diskriminierung</strong> – <strong>durch Lehrer*innen</strong> oder auch <strong>Mitschüler*innen</strong>. <br>Diskriminierung gibt es auch im Kindergarten oder später an der Uni.<br>Das bedeutet, dass <strong>nicht alle Kinder gleich behandelt</strong> werden. <br>Manche Kinder werden zum Beispiel aufgrund ihrer Hautfarbe, ihrer Herkunft, ihrer Religion, ihres Geschlechts, ihrer sexuellen Orientierung… schlechter behandelt als andere.</p>



<p>Die häufigsten Formen von Diskriminierung im Bildungssystem sind</p>



<ul class="wp-block-list">
<li><strong>Rassismus</strong>: Diskriminierung aufgrund von Hautfarbe oder aufgrund der ethnischen Zugehörigkeit oder Herkunft</li>



<li><strong>antimuslimischer Rassismus</strong> / <strong>Islamophobie</strong>: Diskriminierung von muslimischen Schüler*innen oder Muslim*innen allgemein</li>



<li><strong>Sexismus</strong>: Diskriminierung von Schülerinnen* oder Frauen* allgemein</li>



<li><strong>Antisemitismus</strong>: Diskriminierung von jüdischen Schüler*innen oder von Jüd*innen allgemein</li>



<li><strong>Heterosexismus</strong>: Diskriminierung von queeren: schwulen, lesbischen, trans*, inter*, asexuellen, bi- oder pansexuellen Personen</li>



<li><strong>Ableismus</strong>: Diskriminierung von neurodiversen Schüler*innen oder Schüler*innen mit einer Behinderung</li>
</ul>



<p>Auch die <strong>Lernmaterialien</strong> sind oft diskriminierend.</p>



<p>Nur bestimmtes <strong>Wissen</strong> wird als Wissen anerkannt und gelehrt; anderes Wissen wird abgewertet und ausgeschlossen.</p>



<p>Die <strong>Pädagog*innen</strong> sind fast immer weiße Österreicher*innen, sehr selten Migrant*innen, sehr selten <em>People of Color</em>.</p>



<p><br></p>



<div class="wp-block-group"><div class="wp-block-group__inner-container is-layout-constrained wp-block-group-is-layout-constrained">
<h2 class="wp-block-heading"><strong>weitere Informationen</strong><strong></strong></h2>



<ul class="wp-block-list">
<li>Video: <a href="https://www.youtube.com/watch?v=RkzUPM0zAqk">3 große Mythen über Schule in Österreich (AK)</a></li>



<li><a href="http://diskriminierungsfrei.at/wp-content/uploads/2022/06/IDB_Jahresbericht-2021.pdf">Diskriminierung im österreichischen Bildungswesen. Bericht 2021 (IDB – Initiative für ein diskriminierungsfreies Bildungswesen)</a></li>



<li>Video: <a href="https://www.youtube.com/watch?v=uXF4-kd8Ja0">Diskriminierung: wie ungerecht ist das Bildungswesen (IDB diskriminierungsfrei)</a></li>



<li><a href="https://lefoe.at/wp-content/uploads/2022/12/Handbuch_MenschenRechteUtopien.pdf">Handbuch MenschenRechteUtopien (LEFÖ)</a>: Kapitel Wissen/Bildung</li>
</ul>
</div></div>

<p>Das Bildungssystem in Österreich ist ungerecht! Nicht alle Kinder haben die gleichen Chancen! Der Schulerfolg der Kinder, also&#8211; ob sie gut oder nicht so gut in der Schule sind, &#8211; in welche Schule sie gehen und &#8211; welche Ausbildung sie abschließen, hat meistens sehr viel damit zu tun,&#8211; ob ihre Eltern genug Geld haben,&#8211; welche [&hellip;]</p>
