{"id":402,"date":"2020-11-13T22:58:14","date_gmt":"2020-11-13T22:58:14","guid":{"rendered":"https:\/\/digmit.tantemalkah.at\/?page_id=402"},"modified":"2023-11-21T22:17:06","modified_gmt":"2023-11-21T22:17:06","slug":"arbeitslosengeld","status":"publish","type":"page","link":"https:\/\/digmit.at\/index.php\/startseite\/zeit-geld\/arbeitslosengeld-notstand\/arbeitslosengeld\/","title":{"rendered":"Arbeitslosengeld"},"content":{"rendered":"\n<p>Wenn ich <strong>gearbeitet<\/strong> habe und dann <strong>aufh\u00f6re zu arbeiten<\/strong>, also <strong>arbeitslos<\/strong> bin, bekomme ich <strong>Arbeitslosengeld<\/strong>.<br>Um Arbeitslosengeld zu bekommen, muss ich vorher eine <strong>bestimmte Zeit lang<\/strong> <strong>mehr als geringf\u00fcgig <\/strong>(2023: <strong>500,91 \u20ac<\/strong>) gearbeitet haben.<br>Genauere Informationen dazu, ob ich Anspruch auf Arbeitslosengeld habe, finde ich hier:<\/p>\n\n\n\n<div class=\"wp-block-buttons is-layout-flex wp-block-buttons-is-layout-flex\">\n<div class=\"wp-block-button\"><a class=\"wp-block-button__link wp-element-button\" href=\"https:\/\/digmit.at\/index.php\/wer-bekommt-arbeitslosengeld\/\">Wer bekommt Arbeitslosengeld?<\/a><\/div>\n<\/div>\n\n\n\n<p><br>Wenn ich unselbstst\u00e4ndig arbeite und \u00fcber der Geringf\u00fcgigkeitsgrenze (2023: <strong>500,91 \u20ac) <\/strong>verdiene, zahle ich automatisch in die <strong>Arbeitslosenversicherung<\/strong> ein. Ich habe also ein <strong>Recht auf Arbeitslosengeld<\/strong>, weil ich vorher <strong>selbst<\/strong> etwas <strong>eingezahlt<\/strong> habe.<\/p>\n\n\n\n<p>Das Arbeitslosengeld bekomme ich vom <a href=\"http:\/\/www.ams.at\/\"><strong>AMS<\/strong><\/a>.<br>Das Arbeitslosengeld soll mir helfen, w\u00e4hrend der Arbeitssuche mein Leben zu finanzieren.<\/p>\n\n\n\n<p><br><strong>Informationen zum Arbeitslosengeld<\/strong>:<\/p>\n\n\n\n<div class=\"wp-block-buttons is-layout-flex wp-block-buttons-is-layout-flex\">\n<div class=\"wp-block-button\"><a class=\"wp-block-button__link wp-element-button\" href=\"https:\/\/digmit.at\/index.php\/startseite\/zeit-geld\/arbeitslosengeld-notstand\/arbeitslosengeld\/rechner-arbeitslosengeld\/\">Wie viel Arbeitslosengeld bekomme ich?<\/a><\/div>\n<\/div>\n\n\n\n<div class=\"wp-block-buttons is-layout-flex wp-block-buttons-is-layout-flex\">\n<div class=\"wp-block-button\"><a class=\"wp-block-button__link wp-element-button\" href=\"https:\/\/digmit.at\/index.php\/wie-lange-bekomme-ich-arbeitslosengeld\/\">Wie lange bekomme ich Arbeitslosengeld?<\/a><\/div>\n<\/div>\n\n\n\n<div class=\"wp-block-buttons is-layout-flex wp-block-buttons-is-layout-flex\">\n<div class=\"wp-block-button\"><a class=\"wp-block-button__link wp-element-button\" href=\"https:\/\/digmit.at\/index.php\/wie-melde-ich-mich-arbeitslos-und-wie-beantrage-ich-arbeitslosengeld\/\">Wie melde ich mich arbeitslos, und wie beantrage ich Arbeitslosengeld?<\/a><\/div>\n<\/div>\n\n\n\n<div class=\"wp-block-buttons is-layout-flex wp-block-buttons-is-layout-flex\">\n<div class=\"wp-block-button\"><a class=\"wp-block-button__link wp-element-button\" href=\"https:\/\/digmit.at\/index.php\/kann-ich-zum-arbeitslosengeld-dazuverdienen\/\">Kann ich zum Arbeitslosengeld dazuverdienen?<\/a><\/div>\n<\/div>\n\n\n\n<div class=\"wp-block-buttons is-layout-flex wp-block-buttons-is-layout-flex\">\n<div class=\"wp-block-button\"><a class=\"wp-block-button__link wp-element-button\" href=\"https:\/\/digmit.at\/index.php\/ich-bin-arbeitslos-und-habe-ein-kind-er\/\">Ich habe ein Kind\/er.<\/a><\/div>\n<\/div>\n\n\n\n<div class=\"wp-block-buttons is-layout-flex wp-block-buttons-is-layout-flex\">\n<div class=\"wp-block-button\"><a class=\"wp-block-button__link wp-element-button\" href=\"https:\/\/digmit.at\/index.php\/startseite\/gesundheit\/ich-bin-krank\/ich-bin-krank-und-arbeite-nicht\/ich-bin-krank-und-arbeite-nicht-ich-bekomme-arbeitslosengeld-notstand\/\">Ich bin krank.<\/a><\/div>\n<\/div>\n\n\n\n<div class=\"wp-block-buttons is-layout-flex wp-block-buttons-is-layout-flex\">\n<div class=\"wp-block-button\"><a class=\"wp-block-button__link wp-element-button\" href=\"https:\/\/digmit.at\/index.php\/ich-bin-arbeitslos-und-mochte-auf-urlaub-fahren\/\">Ich m\u00f6chte auf Urlaub fahren.<\/a><\/div>\n<\/div>\n\n\n\n<p><br>Wenn ich Arbeitslosengeld bekomme, dann bin ich automatisch <strong>krankenversichert<\/strong>.<br>Zeiten, in denen ich Arbeitslosengeld bekomme, z\u00e4hlen auch als <a href=\"https:\/\/digmit.at\/index.php\/versicherungszeiten\/\"><strong>Versicherungszeiten f\u00fcr die Pension<\/strong><\/a>.<\/p>\n\n\n\n<p><br>Wenn ich <strong>kein Arbeitslosengeld mehr<\/strong> bekomme und noch keine neue Arbeit gefunden habe, kann ich <strong><a href=\"https:\/\/digmit.at\/index.php\/notstandshilfe\/\">Notstandshilfe<\/a><\/strong> beantragen.<\/p>\n\n\n\n<p><br><\/p>\n\n\n\n<h2 class=\"wp-block-heading\"><strong>weitere Informationen<\/strong><\/h2>\n\n\n\n<ul class=\"wp-block-list\">\n<li><a href=\"https:\/\/www.arbeiterkammer.at\/beratung\/arbeitundrecht\/Arbeitslosigkeit\/Arbeitslosengeld.html\">Alles zum Arbeitslosengeld (AK)<\/a><\/li>\n\n\n\n<li><a href=\"https:\/\/www.ams.at\/arbeitsuchende\/arbeitslos-was-tun\/geld-vom-ams\/arbeitslosengeld#wien\">Arbeitslosengeld (AMS)<\/a><\/li>\n\n\n\n<li>Video: <a href=\"https:\/\/www.youtube.com\/watch?v=1eAA76ShFpk&amp;t=16s\">Arbeitslosengeld in \u00d6sterreich | Antrag, Auszahlung &amp; Berechnung (AK)<\/a><\/li>\n\n\n\n<li>Video: <a href=\"https:\/\/youtube.com\/shorts\/9sLddFHI_Ys?feature=shared\">Arbeitslos? Das sind deine Rechte! (AK)<\/a><\/li>\n\n\n\n<li><a href=\"https:\/\/www.oesterreich.gv.at\/themen\/steuern_und_finanzen\/unterstuetzungen_bzw_beihilfen_fuer_arbeitsuchende_sowie_arbeitgeber\/1\/1.html\">Arbeitslosengeld (oesterreich.gv.at)<\/a><\/li>\n\n\n\n<li><a href=\"https:\/\/www.ams.at\/arbeitsuchende\/arbeitslos-was-tun\/beim-ams-arbeitslos-melden#wien\">Beim AMS arbeitslos melden (AMS)<\/a><\/li>\n\n\n\n<li>Video: <a href=\"https:\/\/www.youtube.com\/watch?v=tUxh9DxFFEc\">Arbeitslosengeld &#8211; Tipps zur Antragstellung (deutsch) (AK Wien)<\/a><\/li>\n\n\n\n<li><a href=\"https:\/\/www.arbeiterkammer.at\/beratung\/arbeitundrecht\/Arbeitslosigkeit\/Krankenstand_und_Arbeitslosigkeit.html\">Krankenstand &amp; Arbeitslosigkeit (AK)<\/a><\/li>\n\n\n\n<li><a href=\"https:\/\/www.arbeiterkammer.at\/beratung\/arbeitundrecht\/Urlaub\/Arbeitslos___Urlaub.html\">K\u00f6nnen Sie als Arbeitslose\/r auf Urlaub fahren? (AK)<\/a><\/li>\n\n\n\n<li>Video: <a href=\"https:\/\/www.youtube.com\/watch?v=dNpFlVfo8oA\">Arbeitslosigkeit &amp; Arbeitslosengeld: 3 Mythen (AK)<\/a><\/li>\n<\/ul>\n","protected":false},"excerpt":{"rendered":"<p>Wenn ich gearbeitet habe und dann aufh\u00f6re zu arbeiten, also arbeitslos bin, bekomme ich Arbeitslosengeld.Um Arbeitslosengeld zu bekommen, muss ich vorher eine bestimmte Zeit lang mehr als geringf\u00fcgig (2023: 500,91 \u20ac) gearbeitet haben.Genauere Informationen dazu, ob ich Anspruch auf Arbeitslosengeld habe, finde ich hier: Wenn ich unselbstst\u00e4ndig arbeite und \u00fcber der Geringf\u00fcgigkeitsgrenze (2023: 500,91 \u20ac) [&hellip;]<\/p>\n","protected":false},"author":2,"featured_media":0,"parent":399,"menu_order":0,"comment_status":"closed","ping_status":"closed","template":"","meta":{"footnotes":""},"class_list":["post-402","page","type-page","status-publish","hentry"],"_links":{"self":[{"href":"https:\/\/digmit.at\/index.php\/wp-json\/wp\/v2\/pages\/402","targetHints":{"allow":["GET"]}}],"collection":[{"href":"https:\/\/digmit.at\/index.php\/wp-json\/wp\/v2\/pages"}],"about":[{"href":"https:\/\/digmit.at\/index.php\/wp-json\/wp\/v2\/types\/page"}],"author":[{"embeddable":true,"href":"https:\/\/digmit.at\/index.php\/wp-json\/wp\/v2\/users\/2"}],"replies":[{"embeddable":true,"href":"https:\/\/digmit.at\/index.php\/wp-json\/wp\/v2\/comments?post=402"}],"version-history":[{"count":6,"href":"https:\/\/digmit.at\/index.php\/wp-json\/wp\/v2\/pages\/402\/revisions"}],"predecessor-version":[{"id":4267,"href":"https:\/\/digmit.at\/index.php\/wp-json\/wp\/v2\/pages\/402\/revisions\/4267"}],"up":[{"embeddable":true,"href":"https:\/\/digmit.at\/index.php\/wp-json\/wp\/v2\/pages\/399"}],"wp:attachment":[{"href":"https:\/\/digmit.at\/index.php\/wp-json\/wp\/v2\/media?parent=402"}],"curies":[{"name":"wp","href":"https:\/\/api.w.org\/{rel}","templated":true}]}}