{"id":4121,"date":"2023-11-21T19:07:02","date_gmt":"2023-11-21T19:07:02","guid":{"rendered":"https:\/\/digmit.at\/?page_id=4121"},"modified":"2023-11-21T21:10:39","modified_gmt":"2023-11-21T21:10:39","slug":"24-stunden-betreuung","status":"publish","type":"page","link":"https:\/\/digmit.at\/index.php\/24-stunden-betreuung\/","title":{"rendered":"24-Stunden-Betreuung"},"content":{"rendered":"\n<p>Als 24-Stunden-Betreuer*in bin ich <strong>selbstst\u00e4ndige*r Gewerbetreibende*r<\/strong>.<\/p>\n\n\n\n<p>Als Gewerbetreibende*r habe ich das Recht, <strong>selbst zu bestimmen<\/strong><\/p>\n\n\n\n<ul class=\"wp-block-list\">\n<li>wie viel ich f\u00fcr meine Arbeit verlange (<strong>Werklohn<\/strong>, <strong>Honorar<\/strong>),<\/li>\n\n\n\n<li>wann \/ wie viel ich arbeite (<strong>Arbeitszeit<\/strong>)<\/li>\n\n\n\n<li>und was ich mache (<strong>T\u00e4tigkeiten<\/strong>).<\/li>\n<\/ul>\n\n\n\n<p>Normalerweise <strong>verhandelt<\/strong> aber <strong>die Agentur die Honorare, die Arbeitszeiten und die T\u00e4tigkeiten mit den Klient*innen<\/strong>. <strong>Die Betreuer*innen werden nicht gefragt<\/strong>.<\/p>\n\n\n\n<p>Das ist <strong>Scheinselbstst\u00e4ndigkeit<\/strong>, also keine richtige selbstst\u00e4ndige Arbeit.<\/p>\n\n\n\n<p><br>Die Betreuer*innen arbeiten meist <strong>einige Wochen lang<\/strong>, <strong>7 Tage die Woche<\/strong>, <strong>24 Stunden am Tag<\/strong> und das oft <strong>f\u00fcr 2 bis 3 \u20ac pro Stunde<\/strong>.<\/p>\n\n\n\n<p>In den Haushalten arbeiten sie oft unter schlechten Bedingungen: Sie<\/p>\n\n\n\n<ul class=\"wp-block-list\">\n<li>m\u00fcssen andere Arbeiten machen, f\u00fcr die sie nicht bezahlt werden;<\/li>\n\n\n\n<li>m\u00fcssen in kleinen Kammern schlafen;<\/li>\n\n\n\n<li>bekommen nicht genug zu essen;<\/li>\n\n\n\n<li>erfahren (sexuelle) Gewalt.<\/li>\n<\/ul>\n\n\n\n<p><br>In der 24-Stunden-Betreuung arbeiten meist <strong>Migrant*innen<\/strong> und meist <strong>Frauen*<\/strong>.<\/p>\n\n\n\n<p>Sie reisen aus Rum\u00e4nien, der Slowakei, Bulgarien, Kroatien oder Ungarn zum Arbeiten nach \u00d6sterreich.<br>Oft werden sie auch gezwungen, mit einem Taxi, das die Agentur organisiert, zu fahren.<\/p>\n\n\n\n<p><br>Ich habe das <strong>Recht, alle Informationen und den Werkvertrag in meiner Erstsprache<\/strong> (= Muttersprache) zu bekommen. Leider ist das oft nicht der Fall.<\/p>\n\n\n\n<p><br>Als Selbstst\u00e4ndige werden die Betreuer*innen von der <a href=\"https:\/\/www.wko.at\/wien\"><strong>Wirtschaftskammer<\/strong><\/a> vertreten.<br>Die Wirtschaftskammer vertritt aber auch die Interessen der Agenturen.<br>Wenn es zu einem Konflikt zwischen einem*r Betreuer*in und der Agentur kommt, hilft die Wirtschaftskammer nicht.<\/p>\n\n\n\n<p><br>Betreuer*innen bekommen nur den <strong>halben Familienbonus<\/strong>.<\/p>\n\n\n\n<p><br>Die <a href=\"https:\/\/ig24.at\/\"><strong>IG 24 Interessengemeinschaft der 24h-Betereuer_innen<\/strong><\/a> k\u00e4mpft f\u00fcr <strong>Gerechtigkeit in der 24-Stunden Betreuung<\/strong>.<\/p>\n\n\n\n<p>Die IG 24 fordert unter anderem:<\/p>\n\n\n\n<ul class=\"wp-block-list\">\n<li><strong>Abschaffung der Scheinselbstst\u00e4ndigkeit!<\/strong><\/li>\n\n\n\n<li><strong>Anstellungen f\u00fcr alle 24h-Betreuer*innen!<\/strong><\/li>\n\n\n\n<li><strong>Zugang zu Arbeitslosengeld!<\/strong><\/li>\n\n\n\n<li><strong>Recht auf Krankenstand und Krankengeld!<\/strong><\/li>\n\n\n\n<li><strong>Interessenvertretung durch die <\/strong><a href=\"https:\/\/www.oegb.at\/gewerkschaften\"><strong>Gewerkschaft<\/strong><\/a><strong> und durch die <\/strong><a href=\"https:\/\/www.arbeiterkammer.at\/index.html\"><strong>Arbeiterkammer<\/strong><\/a><strong>!<\/strong><\/li>\n<\/ul>\n\n\n\n<figure class=\"wp-block-embed is-type-video is-provider-youtube wp-block-embed-youtube wp-embed-aspect-16-9 wp-has-aspect-ratio\"><div class=\"wp-block-embed__wrapper\">\n<iframe loading=\"lazy\" title=\"IG24: Gerechtigkeit in der 24h-Betreuung!\" width=\"500\" height=\"281\" src=\"https:\/\/www.youtube.com\/embed\/OVN1yVwDcoA?start=499&#038;feature=oembed\" frameborder=\"0\" allow=\"accelerometer; autoplay; clipboard-write; encrypted-media; gyroscope; picture-in-picture; web-share\" referrerpolicy=\"strict-origin-when-cross-origin\" allowfullscreen><\/iframe>\n<\/div><figcaption class=\"wp-element-caption\"><a href=\"https:\/\/www.youtube.com\/watch?v=OVN1yVwDcoA&amp;t=499s\">IG24: Gerechtigkeit in der 24h-Betreuung (DREPT pentru \u00eengrijire)<\/a><\/figcaption><\/figure>\n\n\n\n<p><\/p>\n\n\n\n<p>Auf der <a href=\"https:\/\/ig24.at\/\"><strong>IG24-Homepage<\/strong><\/a> finde ich viele <strong>Informationen<\/strong> <\/p>\n\n\n\n<ul class=\"wp-block-list\">\n<li>zur <a href=\"https:\/\/ig24.at\/situation-loesungen\/\"><strong>Situation von 24-Stunden-Betreuer*innen in \u00d6sterreich<\/strong><\/a><\/li>\n\n\n\n<li>und zu <a href=\"https:\/\/ig24.at\/deine-rechte\/\"><strong>meinen Rechten als 24-Stunden-Betreuer*in<\/strong><\/a>.<\/li>\n<\/ul>\n\n\n\n<p>Ich bekomme wichtige <a href=\"https:\/\/ig24.at\/services\/\"><strong>Tipps<\/strong><\/a>.<\/p>\n\n\n\n<p>Alle wichtigen Informationen finde ich auch in der <a href=\"https:\/\/ig24.at\/wp-content\/uploads\/2022\/11\/2212194-Volkshilfe-Broschuere-FMB-24-Stunden-Betreuung-A5_DE_Nov22.pdf\">Brosch\u00fcre \u201eArbeiten als Personen-Betreuer*in in \u00d6sterreich\u201c<\/a>.<\/p>\n\n\n\n<p>Es gibt auch <strong>Informationsvideos<\/strong> in verschiedenen Sprachen:<\/p>\n\n\n\n<p>Bosnisch\/Kroatisch\/Serbisch<br><a href=\"https:\/\/www.youtube.com\/watch?v=DqzEmOXMLS8&amp;list=PLhy-uPWAAYxLc2VI3IQR2vXNslmst9Ft4\">\u0160to trebate znati prije putovanja u Austriju?<\/a><br><a href=\"https:\/\/www.youtube.com\/watch?v=f3XAl350-Is&amp;list=PLhy-uPWAAYxLc2VI3IQR2vXNslmst9Ft4&amp;index=2\">\u0160to morate u\u010diniti nakon \u0161to stignete u Austriju?<\/a><\/p>\n\n\n\n<p>Bulgarisch:<br><a href=\"https:\/\/www.youtube.com\/watch?v=uMCYkdbQjIU&amp;list=PLhy-uPWAAYxL8puQCI_9_O-ygZdwFYl7S\">24h-Betreuung: \u041a\u0430\u043a\u0432\u043e \u0442\u0440\u044f\u0431\u0432\u0430 \u0434\u0430 \u0437\u043d\u0430\u0435\u0442\u0435, \u043f\u0440\u0435\u0434\u0438 \u0434\u0430 \u043f\u043e\u0442\u0435\u0433\u043b\u0438\u0442\u0435 \u0437\u0430 \u0410\u0432\u0441\u0442\u0440\u0438\u044f?<\/a><br><a href=\"https:\/\/www.youtube.com\/watch?v=C2WRBpmeyQk&amp;list=PLhy-uPWAAYxL8puQCI_9_O-ygZdwFYl7S&amp;index=2\">24h-Betreuung: \u041a\u0430\u043a\u0432\u043e \u0434\u0430 \u043f\u0440\u0430\u0432\u0438\u0442\u0435, \u043a\u043e\u0433\u0430\u0442\u043e \u0432\u0435\u0447\u0435 \u0441\u0442\u0435 \u0432 \u0410\u0432\u0441\u0442\u0440\u0438\u044f<\/a><\/p>\n\n\n\n<p>Deutsch<br><a href=\"https:\/\/www.youtube.com\/watch?v=faLIpCENAJM&amp;list=PLhy-uPWAAYxJWgM3_oKQ4S47BvpCLFkNc\">24h-Betreuung in \u00d6sterreich: Was m\u00fcssen Sie wissen, bevor Sie nach \u00d6sterreich reisen?<\/a> <a href=\"https:\/\/www.youtube.com\/watch?v=ZCcTmoPkkuw&amp;list=PLhy-uPWAAYxJWgM3_oKQ4S47BvpCLFkNc&amp;index=2\">24h-Betreuung: <\/a><br><a href=\"https:\/\/www.youtube.com\/watch?v=ZCcTmoPkkuw&amp;list=PLhy-uPWAAYxJWgM3_oKQ4S47BvpCLFkNc&amp;index=2\">Was m\u00fcssen Sie tun, wenn Sie in \u00d6sterreich angekommen sind?<\/a><\/p>\n\n\n\n<p>Englisch:<br><a href=\"https:\/\/www.youtube.com\/watch?v=PaSpSqjwdHg\">24\/7 LIVE-IN CARE IN AUSTRIA: What do you need to know?<\/a><\/p>\n\n\n\n<p>Rum\u00e4nisch:<br><a href=\"https:\/\/www.youtube.com\/watch?v=uxiEiHECYos&amp;list=PLhy-uPWAAYxKTyaIu13yuDxEXnXVWW_V0&amp;index=1\">\u00cengrijitoare rom\u00e2nce \u00een Austria: Ce trebuie s\u0103 \u0219tim despre contractele de munc\u0103?<\/a><br><a href=\"https:\/\/www.youtube.com\/watch?v=XCPiuoWbnJk&amp;list=PLhy-uPWAAYxKTyaIu13yuDxEXnXVWW_V0&amp;index=2\">\u00cengrijirea de b\u0103tr\u00e2ni 24\/24 \u00een Austria: Ce trebuie s\u0103 \u0219tii?<\/a><br><a href=\"https:\/\/www.youtube.com\/watch?v=JewPwmxb7QY&amp;list=PLhy-uPWAAYxKTyaIu13yuDxEXnXVWW_V0&amp;index=3\">\u00cengrijirea 24\/24 din Austria: Am ajuns la munc\u0103. Ce trebuie s\u0103 \u0219tiu?<\/a>&#8216;<a href=\"https:\/\/www.youtube.com\/watch?v=l_NZ30ih67E&amp;list=PLhy-uPWAAYxKTyaIu13yuDxEXnXVWW_V0&amp;index=4\">IG24: Depresia, \u00eensingurarea \u0219i burn-out-ul la locul de munc\u0103. #24h-Betreuung<\/a><\/p>\n\n\n\n<p>Ungarisch:\u00a0<br><a href=\"https:\/\/www.youtube.com\/watch?v=F_FtVP52Ynk&amp;list=PLhy-uPWAAYxLCkNsl-ERC6F0dbvq_DBaO\">24\/24 ell\u00e1t\u00e1s Ausztri\u00e1ban: Mit kell tudnom, miel\u0151tt munk\u00e1ba \u00e1llok?<\/a><br><a href=\"https:\/\/www.youtube.com\/watch?v=v3apDuJipk4&amp;list=PLhy-uPWAAYxLCkNsl-ERC6F0dbvq_DBaO&amp;index=2\">24\/24 ell\u00e1t\u00e1s Ausztri\u00e1ban: Munk\u00e1ba \u00e1lltam. Mit kell tudnom?<\/a><\/p>\n","protected":false},"excerpt":{"rendered":"<p>Als 24-Stunden-Betreuer*in bin ich selbstst\u00e4ndige*r Gewerbetreibende*r. Als Gewerbetreibende*r habe ich das Recht, selbst zu bestimmen Normalerweise verhandelt aber die Agentur die Honorare, die Arbeitszeiten und die T\u00e4tigkeiten mit den Klient*innen. Die Betreuer*innen werden nicht gefragt. Das ist Scheinselbstst\u00e4ndigkeit, also keine richtige selbstst\u00e4ndige Arbeit. Die Betreuer*innen arbeiten meist einige Wochen lang, 7 Tage die Woche, 24 [&hellip;]<\/p>\n","protected":false},"author":2,"featured_media":0,"parent":0,"menu_order":0,"comment_status":"closed","ping_status":"closed","template":"","meta":{"footnotes":""},"class_list":["post-4121","page","type-page","status-publish","hentry"],"_links":{"self":[{"href":"https:\/\/digmit.at\/index.php\/wp-json\/wp\/v2\/pages\/4121","targetHints":{"allow":["GET"]}}],"collection":[{"href":"https:\/\/digmit.at\/index.php\/wp-json\/wp\/v2\/pages"}],"about":[{"href":"https:\/\/digmit.at\/index.php\/wp-json\/wp\/v2\/types\/page"}],"author":[{"embeddable":true,"href":"https:\/\/digmit.at\/index.php\/wp-json\/wp\/v2\/users\/2"}],"replies":[{"embeddable":true,"href":"https:\/\/digmit.at\/index.php\/wp-json\/wp\/v2\/comments?post=4121"}],"version-history":[{"count":3,"href":"https:\/\/digmit.at\/index.php\/wp-json\/wp\/v2\/pages\/4121\/revisions"}],"predecessor-version":[{"id":4220,"href":"https:\/\/digmit.at\/index.php\/wp-json\/wp\/v2\/pages\/4121\/revisions\/4220"}],"wp:attachment":[{"href":"https:\/\/digmit.at\/index.php\/wp-json\/wp\/v2\/media?parent=4121"}],"curies":[{"name":"wp","href":"https:\/\/api.w.org\/{rel}","templated":true}]}}