{"id":4125,"date":"2023-11-21T19:16:18","date_gmt":"2023-11-21T19:16:18","guid":{"rendered":"https:\/\/digmit.at\/?page_id=4125"},"modified":"2023-11-22T01:58:03","modified_gmt":"2023-11-22T01:58:03","slug":"sexarbeit","status":"publish","type":"page","link":"https:\/\/digmit.at\/index.php\/sexarbeit\/","title":{"rendered":"Sexarbeit"},"content":{"rendered":"\n<p>Wenn ich in der Sexarbeit arbeite, bin ich <strong><a href=\"https:\/\/digmit.at\/index.php\/werkvertrag-selbststandige\/\">Selbstst\u00e4ndige*r<\/a><\/strong>.<\/p>\n\n\n\n<p>Als Selbstst\u00e4ndige*r kann ich zum Beispiel<\/p>\n\n\n\n<ul class=\"wp-block-list\">\n<li>meine <strong>Arbeitszeit<\/strong>&nbsp;<\/li>\n\n\n\n<li>und mein <strong>Honorar selbst bestimmen<\/strong>,<\/li>\n\n\n\n<li>selbst entscheiden, <strong>welche Kund*innen<\/strong> ich bediene&nbsp;<\/li>\n\n\n\n<li>und <strong>was ich anbiete<\/strong>.<\/li>\n<\/ul>\n\n\n\n<p>Hier finde ich Informationen zum Thema <strong><a href=\"https:\/\/digmit.at\/index.php\/werkvertrag-selbststandige\/#sozialversicherung\">Sozialversicherung f\u00fcr Selbstst\u00e4ndige<\/a><\/strong>.<\/p>\n\n\n\n<p>Als Selbstst\u00e4ndige*r bin ich <strong>Unternehmer*in<\/strong>.<br>Ich muss mein<strong> Einkommen selbst versteuern<\/strong>.<br>Das hei\u00dft, ich muss eine <strong><a href=\"https:\/\/digmit.at\/index.php\/einkommensteuererklarung\/\" data-type=\"page\" data-id=\"4208\">Einkommensteuererkl\u00e4rung<\/a><\/strong> machen.<\/p>\n\n\n\n<p>Dazu muss ich das <a href=\"https:\/\/www.usp.gv.at\/linkaufloesung\/applikation-flow?flow=FO&amp;quelle=HELP&amp;leistung=LA-HP-GL-FormularE1_2009\">Formular E1<\/a> einreichen.<\/p>\n\n\n\n<p>Wenn ich <strong>Migrantin*<\/strong> bin und <strong>in der Sexarbeit<\/strong> arbeite, kann ich mich bei <a href=\"https:\/\/lefoe.at\/tampep\/\"><strong>LEF\u00d6 TAMPEP<\/strong><\/a> <strong>kostenlos beraten<\/strong> lassen.<br>Ich bekomme Beratung auf <strong>Spanisch<\/strong>, <strong>Englisch<\/strong>, <strong>Rum\u00e4nisch<\/strong>, <strong>Chinesisch<\/strong> und <strong>Deutsch<\/strong>.<br>Telefon: 01 581 18 81, 0699 12233102<br>Adresse: 5. Bezirk, Kettenbr\u00fcckengasse 15\/4<br><a href=\"https:\/\/lefoe.at\/tampep\/#kontaktformular\">Kontaktformular<\/a><\/p>\n\n\n\n<p>Hier gibt es viele <strong>Informationen<\/strong> f\u00fcr Sexarbeiterinnen*:<\/p>\n\n\n\n<ul class=\"wp-block-list\">\n<li><strong>TAMPEP-Flyer<\/strong> auf <a href=\"https:\/\/lefoe.at\/wp-content\/uploads\/2021\/06\/flyer_BG_v01.pdf\">Bulgarisch<\/a>, <a href=\"https:\/\/lefoe.at\/wp-content\/uploads\/2021\/06\/flyer_deutsch_v01.pdf\">Deutsch<\/a>, <a href=\"https:\/\/lefoe.at\/wp-content\/uploads\/2021\/06\/flyer_englisch_v01.pdf\">Englisch<\/a>, <a href=\"https:\/\/lefoe.at\/wp-content\/uploads\/2021\/07\/2020_TAMPEP_folder_rumaenisch.pdf\">Rum\u00e4nisch<\/a>, <a href=\"https:\/\/lefoe.at\/wp-content\/uploads\/2021\/06\/flyer_spanisch_v01.pdf\">Spanisch<\/a>, <a href=\"https:\/\/lefoe.at\/wp-content\/uploads\/2021\/07\/2020_TAMPEP_folder_chinesisch.pdf\">Chinesisch<\/a>, <a href=\"https:\/\/lefoe.at\/wp-content\/uploads\/2021\/06\/flyer_ungarisch_v01.pdf\">Ungarisch<\/a><\/li>\n\n\n\n<li>Informationen zu <strong>Versicherung und Steuer<\/strong>: <a href=\"https:\/\/lefoe.at\/wp-content\/uploads\/2023\/05\/%D0%A2%D0%B0%D0%BA%D1%81%D0%B0-%D0%B8-%D0%B7%D0%B0%D1%81%D1%82%D1%80%D0%B0%D1%85%D0%BE%D0%B2%D0%BA%D0%B0_bulgarisch2023.pdf\">Bulgarisch<\/a>, <a href=\"https:\/\/lefoe.at\/wp-content\/uploads\/2023\/05\/2023_INFOPAKET_Steuer-und-Versicherung.pdf\">Deutsch<\/a>, <a href=\"https:\/\/lefoe.at\/wp-content\/uploads\/2023\/05\/taxes-and-insurance-2023.pdf\">Englisch<\/a>, <a href=\"https:\/\/lefoe.at\/wp-content\/uploads\/2023\/06\/Fiscala-si-de-asigurare-2023_RO.pdf\">Rum\u00e4nisch<\/a>, <a href=\"https:\/\/lefoe.at\/wp-content\/uploads\/2023\/05\/seguros-y-fiscalidad_span-2023.pdf\">Spanisch<\/a>, <a href=\"https:\/\/lefoe.at\/wp-content\/uploads\/2023\/05\/Informace-o-pojisteni-a-danich_Tschechisch2023.pdf\">Tschechisch<\/a>, <a href=\"https:\/\/lefoe.at\/wp-content\/uploads\/2022\/02\/2014_Infoblatt-Besteuerung_Tuerk.pdf\">T\u00fcrkisch<\/a>, <a href=\"https:\/\/lefoe.at\/wp-content\/uploads\/2023\/06\/Ungarisch.pdf\">Ungarisch<\/a><\/li>\n\n\n\n<li>Informationen zur <strong>Situation in \u00d6sterreich<\/strong>: <a href=\"https:\/\/lefoe.at\/wp-content\/uploads\/2022\/04\/Sexwork-Info-Web-4.-Auflage-Bulgarisch.pdf\">Bulgarisch<\/a>, <a href=\"https:\/\/lefoe.at\/wp-content\/uploads\/2022\/04\/Sexwork-Info-Web-4.-Auflage-Deutsch.pdf\">Deutsch<\/a>, <a href=\"https:\/\/lefoe.at\/wp-content\/uploads\/2022\/04\/Sexwork-Info-Web-4.-Auflage-Englisch.pdf\">Englisch<\/a>, <a href=\"https:\/\/lefoe.at\/wp-content\/uploads\/2022\/04\/Sexwork-Info-Web-4.-Auflage-Mandarin.pdf\">Mandarin<\/a>, <a href=\"https:\/\/lefoe.at\/wp-content\/uploads\/2022\/04\/Sexwork-Info-Web-4.-Auflage-Ruma%CC%88nisch.pdf\">Rum\u00e4nisch<\/a>, <a href=\"https:\/\/lefoe.at\/wp-content\/uploads\/2022\/04\/Sexwork-Info-Web-4.-Auflage-Spanisch.pdf\">Spanisch<\/a>, <a href=\"https:\/\/lefoe.at\/wp-content\/uploads\/2022\/04\/Sexwork-Info-Web-4.-Auflage-Tschechisch.pdf\">Tschechisch<\/a>, <a href=\"https:\/\/lefoe.at\/wp-content\/uploads\/2022\/04\/Sexwork-Info-Web-4.-Auflage-Ungarisch.pdf\">Ungarisch<\/a><\/li>\n<\/ul>\n\n\n\n<p><br>Als Selbstst\u00e4ndige*r bin ich kein Mitglied der <a href=\"http:\/\/arbeiterkammer\">Arbeiterkammer (AK)<\/a>.<br>Wenn ich Fragen habe, kann ich mich bei der <a href=\"https:\/\/www.wko.at\/wien\"><strong>Wirtschaftskammer \u00d6sterreich (WKO)<\/strong><\/a> informieren:<br>Telefon: 01 51450 1010<br>Adresse: Stra\u00dfe der Wiener Wirtschaft 1, 1020 Wien<br><a href=\"https:\/\/www.wko.at\/service\/w\/Kontakt-WKW.html\">Kontaktformular<\/a><\/p>\n","protected":false},"excerpt":{"rendered":"<p>Wenn ich in der Sexarbeit arbeite, bin ich Selbstst\u00e4ndige*r. Als Selbstst\u00e4ndige*r kann ich zum Beispiel Hier finde ich Informationen zum Thema Sozialversicherung f\u00fcr Selbstst\u00e4ndige. Als Selbstst\u00e4ndige*r bin ich Unternehmer*in.Ich muss mein Einkommen selbst versteuern.Das hei\u00dft, ich muss eine Einkommensteuererkl\u00e4rung machen. Dazu muss ich das Formular E1 einreichen. Wenn ich Migrantin* bin und in der Sexarbeit [&hellip;]<\/p>\n","protected":false},"author":2,"featured_media":0,"parent":0,"menu_order":0,"comment_status":"closed","ping_status":"closed","template":"","meta":{"footnotes":""},"class_list":["post-4125","page","type-page","status-publish","hentry"],"_links":{"self":[{"href":"https:\/\/digmit.at\/index.php\/wp-json\/wp\/v2\/pages\/4125","targetHints":{"allow":["GET"]}}],"collection":[{"href":"https:\/\/digmit.at\/index.php\/wp-json\/wp\/v2\/pages"}],"about":[{"href":"https:\/\/digmit.at\/index.php\/wp-json\/wp\/v2\/types\/page"}],"author":[{"embeddable":true,"href":"https:\/\/digmit.at\/index.php\/wp-json\/wp\/v2\/users\/2"}],"replies":[{"embeddable":true,"href":"https:\/\/digmit.at\/index.php\/wp-json\/wp\/v2\/comments?post=4125"}],"version-history":[{"count":4,"href":"https:\/\/digmit.at\/index.php\/wp-json\/wp\/v2\/pages\/4125\/revisions"}],"predecessor-version":[{"id":4447,"href":"https:\/\/digmit.at\/index.php\/wp-json\/wp\/v2\/pages\/4125\/revisions\/4447"}],"wp:attachment":[{"href":"https:\/\/digmit.at\/index.php\/wp-json\/wp\/v2\/media?parent=4125"}],"curies":[{"name":"wp","href":"https:\/\/api.w.org\/{rel}","templated":true}]}}