{"id":4229,"date":"2023-11-21T21:27:38","date_gmt":"2023-11-21T21:27:38","guid":{"rendered":"https:\/\/digmit.at\/?page_id=4229"},"modified":"2023-11-22T02:14:37","modified_gmt":"2023-11-22T02:14:37","slug":"ich-will-meinen-job-kundigen","status":"publish","type":"page","link":"https:\/\/digmit.at\/index.php\/ich-will-meinen-job-kundigen\/","title":{"rendered":"Ich will meinen Job k\u00fcndigen."},"content":{"rendered":"\n<p>Wenn mein Job zeitlich <strong>befristet<\/strong> ist, darf ich erst gehen, <strong>wenn der Vertrag ausl\u00e4uft<\/strong>.<br>Um fr\u00fcher aufh\u00f6ren zu k\u00f6nnen, brauche ich einen Grund.<\/p>\n\n\n\n<p>Wenn ich <strong>unbefristet<\/strong> angestellt bin, muss ich eine <strong>K\u00fcndigungsfrist<\/strong> einhalten.<br>Die K\u00fcndigungsfrist ist die Zeit ab der K\u00fcndigung, bis ich nicht mehr arbeiten muss.<br>Wie lang die K\u00fcndigungsfrist ist, steht in meinem Arbeitsvertrag oder im Kollektivvertrag.&nbsp;<\/p>\n\n\n\n<p><br>Ich kann mit meinem*r Arbeitgeber*in eine <a href=\"https:\/\/www.arbeiterkammer.at\/beratung\/arbeitundrecht\/beendigung\/Einvernehmliche_Aufloesung.html\"><strong>einvernehmliche Aufl\u00f6sung<\/strong><\/a> des Dienstverh\u00e4ltnisses vereinbaren.<br>Das bedeutet, dass ich mich mit meinem*r Arbeitgeber*in darauf einige, das Arbeitsverh\u00e4ltnis zu beenden.<br>Eine einvernehmliche Aufl\u00f6sung ist jederzeit m\u00f6glich; es gibt keine K\u00fcndigungsfristen.<\/p>\n\n\n\n<p><br>Mein*e Arbeitgeber*in kann mich auch vom Dienst freistellen (<strong>Dienstfreistellung<\/strong>).<br>Das bedeutet, dass ich in dieser Zeit nicht arbeiten muss, aber mein volles Entgelt bekomme.<br>Ich muss nicht zustimmen, w\u00e4hrend der Dienstfreistellung meinen Urlaub zu verbrauchen.<\/p>\n\n\n\n<p><br>ACHTUNG<br>Egal, ob ich selbst k\u00fcndige, oder ob es zu einer einvernehmlichen Aufl\u00f6sung kommt, ist es wichtig, dass ich mir <strong>alles<\/strong> vom*von der Arbeitgeber*in <strong>schriftlich<\/strong> geben lasse.<\/p>\n\n\n\n<p><br>ACHTUNG<br><strong>Wenn ich<\/strong> selbst <strong>k\u00fcndige<\/strong>, bekomme ich <strong>4 Wochen kein <a href=\"http:\/\/Arbeitslosengeld\">Arbeitslosengeld<\/a><\/strong>.<\/p>\n\n\n\n<figure class=\"wp-block-embed is-type-video is-provider-youtube wp-block-embed-youtube wp-embed-aspect-16-9 wp-has-aspect-ratio\"><div class=\"wp-block-embed__wrapper\">\n<iframe loading=\"lazy\" title=\"Wie k\u00fcndige ich richtig?\" width=\"500\" height=\"281\" src=\"https:\/\/www.youtube.com\/embed\/YO96yGT6EHw?feature=oembed\" frameborder=\"0\" allow=\"accelerometer; autoplay; clipboard-write; encrypted-media; gyroscope; picture-in-picture; web-share\" referrerpolicy=\"strict-origin-when-cross-origin\" allowfullscreen><\/iframe>\n<\/div><figcaption class=\"wp-element-caption\"><a href=\"https:\/\/www.youtube.com\/watch?v=YO96yGT6EHw\">Wie k\u00fcndige ich richtig? (AK)<\/a><\/figcaption><\/figure>\n\n\n\n<p><br>Ich kann das <strong>Arbeitsverh\u00e4ltnis<\/strong> auch <strong>sofort beenden<\/strong> (\u201e<a href=\"https:\/\/www.arbeiterkammer.at\/beratung\/arbeitundrecht\/beendigung\/Vorzeitiger_Austritt.html\">Vorzeitiger Austritt<\/a>\u201c).<\/p>\n\n\n\n<p>Mein Austritt kann berechtigt sein zum Beispiel,&nbsp;<\/p>\n\n\n\n<ul class=\"wp-block-list\">\n<li>wenn die Firma mir kein Gehalt \/ keinen Lohn bezahlt,<\/li>\n\n\n\n<li>oder wenn meine Arbeit meine Gesundheit gef\u00e4hrdet.<\/li>\n<\/ul>\n\n\n\n<p>ACHTUNG<br><strong>Wenn mein Austritt nicht berechtigt<\/strong> ist, hat das viele <strong>Nachteile und negative Folgen<\/strong> f\u00fcr mich.<br>Ich sollte mich unbedingt vor meinem Austritt bei der <a href=\"https:\/\/www.arbeiterkammer.at\/index.html\"><strong>Arbeiterkammer<\/strong><\/a> oder bei der <a href=\"https:\/\/www.oegb.at\/gewerkschaften\"><strong>Gewerkschaft<\/strong><\/a> beraten lassen.<\/p>\n\n\n\n<p><br>In der <strong>Probezeit<\/strong> darf ich jederzeit aufh\u00f6ren zu arbeiten.<br>Ich muss keine Fristen und Termine einhalten und auch keinen Grund angeben.<\/p>\n\n\n\n<p><br><\/p>\n\n\n\n<h2 class=\"wp-block-heading\"><strong>weitere Informationen<\/strong><\/h2>\n\n\n\n<ul class=\"wp-block-list\">\n<li><a href=\"https:\/\/www.arbeiterkammer.at\/beratung\/arbeitundrecht\/beendigung\/Arbeitnehmer-Kuendigung.html\">Arbeitnehmerk\u00fcndigung (AK)<\/a><\/li>\n\n\n\n<li><a href=\"https:\/\/www.arbeiterkammer.at\/beratung\/arbeitundrecht\/beendigung\/Einvernehmliche_Aufloesung.html\">Einvernehmliche Aufl\u00f6sung (AK)<\/a><\/li>\n\n\n\n<li>Video: <a href=\"https:\/\/www.youtube.com\/watch?v=twzOVAJ3Uvo&amp;t=25s\">K\u00fcndigung vs einvernehmliche Aufl\u00f6sung | Vor- und Nachteile f\u00fcr Arbeitnehmer:innen (AK)<\/a><\/li>\n\n\n\n<li><a href=\"https:\/\/www.arbeiterkammer.at\/beratung\/arbeitundrecht\/beendigung\/Vorzeitiger_Austritt.html\">Vorzeitiger Austritt (AK)<\/a><\/li>\n\n\n\n<li><a href=\"https:\/\/www.arbeiterkammer.at\/beratung\/arbeitundrecht\/Arbeitsvertraege\/Ihre_Rechte_in_der_Probezeit.html\">Probezeit \u2013 Ihre Rechte (AK)<\/a><\/li>\n<\/ul>\n","protected":false},"excerpt":{"rendered":"<p>Wenn mein Job zeitlich befristet ist, darf ich erst gehen, wenn der Vertrag ausl\u00e4uft.Um fr\u00fcher aufh\u00f6ren zu k\u00f6nnen, brauche ich einen Grund. Wenn ich unbefristet angestellt bin, muss ich eine K\u00fcndigungsfrist einhalten.Die K\u00fcndigungsfrist ist die Zeit ab der K\u00fcndigung, bis ich nicht mehr arbeiten muss.Wie lang die K\u00fcndigungsfrist ist, steht in meinem Arbeitsvertrag oder im [&hellip;]<\/p>\n","protected":false},"author":2,"featured_media":0,"parent":0,"menu_order":0,"comment_status":"closed","ping_status":"closed","template":"","meta":{"footnotes":""},"class_list":["post-4229","page","type-page","status-publish","hentry"],"_links":{"self":[{"href":"https:\/\/digmit.at\/index.php\/wp-json\/wp\/v2\/pages\/4229","targetHints":{"allow":["GET"]}}],"collection":[{"href":"https:\/\/digmit.at\/index.php\/wp-json\/wp\/v2\/pages"}],"about":[{"href":"https:\/\/digmit.at\/index.php\/wp-json\/wp\/v2\/types\/page"}],"author":[{"embeddable":true,"href":"https:\/\/digmit.at\/index.php\/wp-json\/wp\/v2\/users\/2"}],"replies":[{"embeddable":true,"href":"https:\/\/digmit.at\/index.php\/wp-json\/wp\/v2\/comments?post=4229"}],"version-history":[{"count":2,"href":"https:\/\/digmit.at\/index.php\/wp-json\/wp\/v2\/pages\/4229\/revisions"}],"predecessor-version":[{"id":4461,"href":"https:\/\/digmit.at\/index.php\/wp-json\/wp\/v2\/pages\/4229\/revisions\/4461"}],"wp:attachment":[{"href":"https:\/\/digmit.at\/index.php\/wp-json\/wp\/v2\/media?parent=4229"}],"curies":[{"name":"wp","href":"https:\/\/api.w.org\/{rel}","templated":true}]}}