{"id":4384,"date":"2023-11-22T00:43:27","date_gmt":"2023-11-22T00:43:27","guid":{"rendered":"https:\/\/digmit.at\/?page_id=4384"},"modified":"2023-11-22T00:43:27","modified_gmt":"2023-11-22T00:43:27","slug":"ich-bin-eu-burgerin-ich-arbeite-in-osterreich-mein-kind-lebt-in-einem-anderen-eu-land","status":"publish","type":"page","link":"https:\/\/digmit.at\/index.php\/ich-bin-eu-burgerin-ich-arbeite-in-osterreich-mein-kind-lebt-in-einem-anderen-eu-land\/","title":{"rendered":"Ich bin EU-B\u00fcrger*in. Ich arbeite in \u00d6sterreich. Mein Kind lebt in einem anderen EU-Land."},"content":{"rendered":"\n<p>Wenn ich als <strong>EU-B\u00fcrger*in in \u00d6sterreich arbeite<\/strong> und mein <strong>Kind in einem anderen EU-Land lebt<\/strong>, habe ich <strong>Anspruch auf dieselben Familienleistungen wie f\u00fcr Kinder, die in \u00d6sterreich leben<\/strong>.<br>Das bedeutet, dass ich gleich viel<br>&#8211; <a href=\"https:\/\/digmit.at\/index.php\/familienbeihilfe\/\" data-type=\"page\" data-id=\"4342\">Familienbeihilfe<\/a> und <a href=\"https:\/\/www.oesterreich.gv.at\/themen\/menschen_mit_behinderungen\/kindheit_und_behinderung\/1\/Seite.1220330.html\">erh\u00f6hte Familienbeihilfe bei Behinderung<br><\/a>&#8211; <a href=\"https:\/\/digmit.at\/index.php\/wie-viel-familienbeihilfe-bekomme-ich\/\" data-type=\"page\" data-id=\"4351\">Kinderabsetzbetrag<\/a><br>&#8211; <a href=\"https:\/\/digmit.at\/index.php\/schule\/\" data-type=\"page\" data-id=\"4365\">Schulstartgeld<\/a><br>&#8211; <a href=\"https:\/\/digmit.at\/index.php\/fur-arbeitnehmerinnen\/\" data-type=\"page\" data-id=\"4376\">Familienbonus Plus<\/a><br>&#8211; Alleinverdiener*innenabsetzbetrag<br>&#8211; Alleinerzieher*innenabsetzbetrag<br>&#8211; <a href=\"https:\/\/ooe.arbeiterkammer.at\/beratung\/steuerundeinkommen\/arbeitnehmerveranlagung_schrittfuerschritt\/aussergewoehnlichebelastungen\/Unterhaltsabsetzbetrag_und_Unterhaltsleistungen.html\">Unterhaltsabsetzbetrag<\/a><br>bekomme.<\/p>\n\n\n\n<p><strong>Zwischen dem 1.1.2019 und dem 30.6.2022<\/strong> wurden diese <strong>Familienleistungen an die Lebenshaltungskosten des Landes angepasst, in dem das Kind gelebt hat<\/strong>.&nbsp;<\/p>\n\n\n\n<p>Das war <strong>diskriminierend<\/strong> und <strong>falsch<\/strong>.<\/p>\n\n\n\n<p>Wenn mir das passiert ist, <strong>bekomme ich das Geld zur\u00fcck<\/strong>. <br>Wenn das Finanzamt meine Kontodaten und meine Adresse hat, bekomme ich das Geld automatisch zur\u00fcck. Wenn nicht, dann muss ich es einfordern.<\/p>\n","protected":false},"excerpt":{"rendered":"<p>Wenn ich als EU-B\u00fcrger*in in \u00d6sterreich arbeite und mein Kind in einem anderen EU-Land lebt, habe ich Anspruch auf dieselben Familienleistungen wie f\u00fcr Kinder, die in \u00d6sterreich leben.Das bedeutet, dass ich gleich viel&#8211; Familienbeihilfe und erh\u00f6hte Familienbeihilfe bei Behinderung&#8211; Kinderabsetzbetrag&#8211; Schulstartgeld&#8211; Familienbonus Plus&#8211; Alleinverdiener*innenabsetzbetrag&#8211; Alleinerzieher*innenabsetzbetrag&#8211; Unterhaltsabsetzbetragbekomme. Zwischen dem 1.1.2019 und dem 30.6.2022 wurden diese Familienleistungen [&hellip;]<\/p>\n","protected":false},"author":2,"featured_media":0,"parent":0,"menu_order":0,"comment_status":"closed","ping_status":"closed","template":"","meta":{"footnotes":""},"class_list":["post-4384","page","type-page","status-publish","hentry"],"_links":{"self":[{"href":"https:\/\/digmit.at\/index.php\/wp-json\/wp\/v2\/pages\/4384","targetHints":{"allow":["GET"]}}],"collection":[{"href":"https:\/\/digmit.at\/index.php\/wp-json\/wp\/v2\/pages"}],"about":[{"href":"https:\/\/digmit.at\/index.php\/wp-json\/wp\/v2\/types\/page"}],"author":[{"embeddable":true,"href":"https:\/\/digmit.at\/index.php\/wp-json\/wp\/v2\/users\/2"}],"replies":[{"embeddable":true,"href":"https:\/\/digmit.at\/index.php\/wp-json\/wp\/v2\/comments?post=4384"}],"version-history":[{"count":1,"href":"https:\/\/digmit.at\/index.php\/wp-json\/wp\/v2\/pages\/4384\/revisions"}],"predecessor-version":[{"id":4385,"href":"https:\/\/digmit.at\/index.php\/wp-json\/wp\/v2\/pages\/4384\/revisions\/4385"}],"wp:attachment":[{"href":"https:\/\/digmit.at\/index.php\/wp-json\/wp\/v2\/media?parent=4384"}],"curies":[{"name":"wp","href":"https:\/\/api.w.org\/{rel}","templated":true}]}}