{"id":4431,"date":"2023-11-22T01:43:23","date_gmt":"2023-11-22T01:43:23","guid":{"rendered":"https:\/\/digmit.at\/?page_id=4431"},"modified":"2024-01-22T08:57:24","modified_gmt":"2024-01-22T08:57:24","slug":"bank-konto","status":"publish","type":"page","link":"https:\/\/digmit.at\/index.php\/bank-konto\/","title":{"rendered":"Bank \/ Konto"},"content":{"rendered":"\n<p>Mit dem <a href=\"https:\/\/wien.arbeiterkammer.at\/beratung\/konsumentenschutz\/geld\/konto\/AK-Bankenrechner_ist_offizielle_Konto-Vergleichsseite.html\"><strong>AK-Banken\u00adrechner<\/strong><\/a> kann ich verschiedene<br>&#8211; <strong>Girokonten<\/strong><br>&#8211; <strong>Sparkonten<\/strong><br>&#8211; <strong>Kredite<\/strong><br>&#8211; <strong>Bausparer<\/strong><br>&#8211; <strong>Kreditkarten<\/strong><br><strong>vergleichen<\/strong>.<\/p>\n\n\n\n<p>Hier die verschiedenen Rechner:<br>&#8211; <a href=\"https:\/\/www.bankenrechner.at\/girokonto\">Girokonten im Test<br><\/a>&#8211; <a href=\"https:\/\/www.bankenrechner.at\/sparen\">Sparb\u00fccher im Test<br><\/a>&#8211; <a href=\"https:\/\/www.bankenrechner.at\/privatkredit\">Kredite im Test<\/a><\/p>\n\n\n\n<p><br><\/p>\n\n\n\n<p><a href=\"https:\/\/wien.arbeiterkammer.at\/beratung\/konsumentenschutz\/geld\/konto\/Bankkonto_fuer_Jedermann.html\"><strong>Basiskonto<\/strong><\/a><\/p>\n\n\n\n<p>Jede*r hat ein <strong>Recht auf ein Basiskonto<\/strong>.<\/p>\n\n\n\n<p>Ein Basiskonto ist <strong>wie ein normales Konto<\/strong>, nur darf ich es <strong>nicht \u00fcberziehen<\/strong>. Das bedeutet, dass ich nicht ins Minus gehen darf.<\/p>\n\n\n\n<p>Basiskonten gibt es bei jeder Bank.<\/p>\n\n\n\n<p>Ich habe ein Recht auf ein Basiskonto, wenn ich<br>&#8211; EU-B\u00fcrger*in bin oder<br>&#8211; Aufenthaltspapiere (\u201eVisum\u201c) in \u00d6sterreich habe oder<br>&#8211; Asylwerber*in bin.<\/p>\n\n\n\n<p>Das Basiskonto kostet <strong>maximal 83,45 \u20ac pro Jahr<\/strong>.<\/p>\n\n\n\n<p>Ich muss <strong>maximal 41,73 \u20ac pro Jahr<\/strong> bezahlen, wenn ich <strong>wenig Geld<\/strong> habe, zum Beispiel wenn ich<br>&#8211; <a href=\"https:\/\/digmit.at\/index.php\/wiener-mindestsicherung-sozialhilfe\/\" data-type=\"page\" data-id=\"4287\">Mindestsicherung (\u201eSozialhilfe\u201c)<\/a> bekomme<br>&#8211; wenig vediene<br>&#8211; wenig <a href=\"https:\/\/digmit.at\/index.php\/startseite\/zeit-geld\/arbeitslosengeld-notstand\/arbeitslosengeld\/\" data-type=\"page\" data-id=\"402\">Arbeitslosengeld<\/a> oder wenig <a href=\"https:\/\/digmit.at\/index.php\/notstandshilfe\/\" data-type=\"page\" data-id=\"4264\">Notstandshilfe<\/a> bekomme<br>&#8211; von den <a href=\"https:\/\/digmit.at\/index.php\/fernsehen-telefonie-internet\/\" data-type=\"page\" data-id=\"4411\">GIS-Geb\u00fchren<\/a> befreit bin<br>&#8211; <a href=\"https:\/\/digmit.at\/index.php\/studienbeihilfe\/\">Studienbeihilfe<\/a> bekomme<br>&#8211; in Privatkonkurs bin<br>&#8211; Asylwerber*in bin<br>&#8211; wohnungslos\/obdachlos bin<\/p>\n\n\n\n<p>Bei <strong>Online-Banken<\/strong> ist das Basiskonto meistens <strong>g\u00fcnstiger oder kostenlos<\/strong>.<\/p>\n\n\n\n<p>Die Bank muss mir pers\u00f6nlich helfen, ein Basiskonto zu er\u00f6ffnen und mir erkl\u00e4ren, wie ich es nutzen kann.<\/p>\n","protected":false},"excerpt":{"rendered":"<p>Mit dem AK-Banken\u00adrechner kann ich verschiedene&#8211; Girokonten&#8211; Sparkonten&#8211; Kredite&#8211; Bausparer&#8211; Kreditkartenvergleichen. Hier die verschiedenen Rechner:&#8211; Girokonten im Test&#8211; Sparb\u00fccher im Test&#8211; Kredite im Test Basiskonto Jede*r hat ein Recht auf ein Basiskonto. Ein Basiskonto ist wie ein normales Konto, nur darf ich es nicht \u00fcberziehen. Das bedeutet, dass ich nicht ins Minus gehen darf. Basiskonten [&hellip;]<\/p>\n","protected":false},"author":2,"featured_media":0,"parent":0,"menu_order":0,"comment_status":"closed","ping_status":"closed","template":"","meta":{"footnotes":""},"class_list":["post-4431","page","type-page","status-publish","hentry"],"_links":{"self":[{"href":"https:\/\/digmit.at\/index.php\/wp-json\/wp\/v2\/pages\/4431","targetHints":{"allow":["GET"]}}],"collection":[{"href":"https:\/\/digmit.at\/index.php\/wp-json\/wp\/v2\/pages"}],"about":[{"href":"https:\/\/digmit.at\/index.php\/wp-json\/wp\/v2\/types\/page"}],"author":[{"embeddable":true,"href":"https:\/\/digmit.at\/index.php\/wp-json\/wp\/v2\/users\/2"}],"replies":[{"embeddable":true,"href":"https:\/\/digmit.at\/index.php\/wp-json\/wp\/v2\/comments?post=4431"}],"version-history":[{"count":2,"href":"https:\/\/digmit.at\/index.php\/wp-json\/wp\/v2\/pages\/4431\/revisions"}],"predecessor-version":[{"id":4685,"href":"https:\/\/digmit.at\/index.php\/wp-json\/wp\/v2\/pages\/4431\/revisions\/4685"}],"wp:attachment":[{"href":"https:\/\/digmit.at\/index.php\/wp-json\/wp\/v2\/media?parent=4431"}],"curies":[{"name":"wp","href":"https:\/\/api.w.org\/{rel}","templated":true}]}}