{"id":541,"date":"2020-12-13T15:50:12","date_gmt":"2020-12-13T15:50:12","guid":{"rendered":"https:\/\/digmit.tantemalkah.at\/?page_id=541"},"modified":"2023-10-17T20:08:53","modified_gmt":"2023-10-17T20:08:53","slug":"1450-gesundheitsberatung","status":"publish","type":"page","link":"https:\/\/digmit.at\/index.php\/startseite\/gesundheit\/ich-suche-eine-n-arztin\/1450-gesundheitsberatung\/","title":{"rendered":"1450 Gesundheitsberatung"},"content":{"rendered":"\n<p><strong><a href=\"tel: 1450\">1450<\/a><\/strong> ist eine <strong>telefonische Gesundheitsberatung<\/strong>. <\/p>\n\n\n\n<p>Die Gesundheitsberatung ist <strong>t\u00e4glich rund um die Uhr <\/strong>(<strong>0\u201324 h<\/strong>) erreichbar.<\/p>\n\n\n\n<p>Wenn ich <strong>gesundheitliche Fragen<\/strong> oder <strong>Beschwerden<\/strong> habe, kann ich die Gesundheitsberatung unter der Nummer 1450 (ohne Vorwahl) anrufen.<\/p>\n\n\n\n<p>Ich kann die Gesundheitsberatung anrufen, <strong>wenn ich nicht wei\u00df, ob ich einen Notfall habe und ob ich die Rettung oder den \u00c4rztefunkdienst anrufen soll oder ins Krankenhaus oder zu einem*r \u00c4rzt*in gehen soll<\/strong>. <strong>Die Gesundheitsberatung sagt mir, was ich am besten machen soll<\/strong>.<br><br><\/p>\n\n\n\n<p>Ich rufe auch <strong>1450<\/strong> an, wenn ich glaube, dass ich vielleicht <strong>Corona<\/strong> habe. Wenn ich <strong>Fragen zum Coronavirus<\/strong> habe, kann ich <strong><a href=\"tel: 0800555621\">0800 555621<\/a><\/strong> anrufen.<br><br><\/p>\n\n\n\n<p>In medizinischen <strong>Notf\u00e4lle<\/strong>n muss ich sofort die <strong>Rettung<\/strong> unter der <strong><a href=\"tel: 144\">Notrufnummer 144<\/a><\/strong> anrufen und <strong>nicht die Gesundheitsberatung<\/strong>.<\/p>\n","protected":false},"excerpt":{"rendered":"<p>1450 ist eine telefonische Gesundheitsberatung. Die Gesundheitsberatung ist t\u00e4glich rund um die Uhr (0\u201324 h) erreichbar. Wenn ich gesundheitliche Fragen oder Beschwerden habe, kann ich die Gesundheitsberatung unter der Nummer 1450 (ohne Vorwahl) anrufen. Ich kann die Gesundheitsberatung anrufen, wenn ich nicht wei\u00df, ob ich einen Notfall habe und ob ich die Rettung oder den [&hellip;]<\/p>\n","protected":false},"author":2,"featured_media":0,"parent":128,"menu_order":0,"comment_status":"closed","ping_status":"closed","template":"","meta":{"footnotes":""},"class_list":["post-541","page","type-page","status-publish","hentry"],"_links":{"self":[{"href":"https:\/\/digmit.at\/index.php\/wp-json\/wp\/v2\/pages\/541","targetHints":{"allow":["GET"]}}],"collection":[{"href":"https:\/\/digmit.at\/index.php\/wp-json\/wp\/v2\/pages"}],"about":[{"href":"https:\/\/digmit.at\/index.php\/wp-json\/wp\/v2\/types\/page"}],"author":[{"embeddable":true,"href":"https:\/\/digmit.at\/index.php\/wp-json\/wp\/v2\/users\/2"}],"replies":[{"embeddable":true,"href":"https:\/\/digmit.at\/index.php\/wp-json\/wp\/v2\/comments?post=541"}],"version-history":[{"count":4,"href":"https:\/\/digmit.at\/index.php\/wp-json\/wp\/v2\/pages\/541\/revisions"}],"predecessor-version":[{"id":3344,"href":"https:\/\/digmit.at\/index.php\/wp-json\/wp\/v2\/pages\/541\/revisions\/3344"}],"up":[{"embeddable":true,"href":"https:\/\/digmit.at\/index.php\/wp-json\/wp\/v2\/pages\/128"}],"wp:attachment":[{"href":"https:\/\/digmit.at\/index.php\/wp-json\/wp\/v2\/media?parent=541"}],"curies":[{"name":"wp","href":"https:\/\/api.w.org\/{rel}","templated":true}]}}