{"id":655,"date":"2020-12-14T10:02:53","date_gmt":"2020-12-14T10:02:53","guid":{"rendered":"https:\/\/digmit.tantemalkah.at\/?page_id=655"},"modified":"2020-12-17T12:39:05","modified_gmt":"2020-12-17T12:39:05","slug":"thema-2-undok","status":"publish","type":"page","link":"https:\/\/digmit.at\/index.php\/deutsch-alpha\/thema-2-undok\/thema-2-undok\/","title":{"rendered":"UNDOK-Infovideo &#8220;Arbeit ohne Papiere &#8230; aber nicht ohne Rechte!&#8221;"},"content":{"rendered":"\n<p>UNDOK \u2013 Anlaufstelle zur gewerkschaftlichen Unterst\u00fctzung undokumentiert Arbeitender<br><a rel=\"noreferrer noopener\" target=\"_blank\" href=\"https:\/\/businesswebmail.a1.net\/webmail\/redirect?u=http%3A%2F%2Fwww.undok.at\">www.undok.at<\/a><\/p>\n\n\n\n<p>Video in verschiedenen Sprachen:<\/p>\n\n\n\n<figure class=\"wp-block-video\"><video height=\"540\" style=\"aspect-ratio: 960 \/ 540;\" width=\"960\" controls poster=\"https:\/\/digmit.at\/wp-content\/uploads\/2020\/12\/UNDOK_Video_Posterimage.png\" src=\"https:\/\/digmit.at\/wp-content\/uploads\/2020\/12\/05_Deutsch_UT.960x540.mp4\"><\/video><figcaption>UNDOK-Infovideo &#8220;Arbeit ohne Papiere &#8230; aber nicht ohne Rechte!&#8221; (Deutsch\/UT)<\/figcaption><\/figure>\n\n\n\n<figure class=\"wp-block-video\"><video height=\"540\" style=\"aspect-ratio: 960 \/ 540;\" width=\"960\" controls poster=\"https:\/\/digmit.at\/wp-content\/uploads\/2020\/12\/UNDOK_Video_Posterimage.png\" src=\"https:\/\/digmit.at\/wp-content\/uploads\/2020\/12\/01_Englisch_UT.960x540.mp4\"><\/video><figcaption>UNDOK Information Video &#8220;Working without papers &#8230; but not without rights!&#8221; (English subtitled)<\/figcaption><\/figure>\n\n\n\n<figure class=\"wp-block-video\"><video height=\"540\" style=\"aspect-ratio: 960 \/ 540;\" width=\"960\" controls poster=\"https:\/\/digmit.at\/wp-content\/uploads\/2020\/12\/UNDOK_Video_Posterimage.png\" src=\"https:\/\/digmit.at\/wp-content\/uploads\/2020\/12\/06_Arabic_UT.960x540.mp4\"><\/video><figcaption>UNDOK-Infovideo (Arabisch UT) \u2013 !\u0627\u0644\u0639\u0645\u0644&nbsp;\u0628\u062f\u0648\u0646&nbsp;\u0623\u0648\u0631\u0627\u0642&#8230;&nbsp;\u0648\u0644\u0643\u0646&nbsp;\u0644\u064a\u0633&nbsp;\u0628\u062f\u0648\u0646&nbsp;\u062d\u0642\u0648\u0642<\/figcaption><\/figure>\n\n\n\n<figure class=\"wp-block-video\"><video height=\"540\" style=\"aspect-ratio: 960 \/ 540;\" width=\"960\" controls poster=\"https:\/\/digmit.at\/wp-content\/uploads\/2020\/12\/UNDOK_Video_Posterimage.png\" src=\"https:\/\/digmit.at\/wp-content\/uploads\/2020\/12\/04_Farsi_UT.960x540.mp4\"><\/video><figcaption>UNDOK-Infovideo (Farsi UT) \u2013&nbsp;\u0628\u062f\u0648\u0646&nbsp;\u0627\u062c\u0627\u0632&nbsp;\u0647&nbsp;\u0643\u0627\u0631&#8230;&nbsp;\u0648\u0644\u0649&nbsp;\u0646\u0647&nbsp;\u0628\u062f\u0648\u0646&nbsp;\u062f\u0627\u0634\u062a\u0646&nbsp;\u062d\u0642&nbsp;\u0648&nbsp;\u062d\u0642\u0648\u0642&nbsp;\u0643\u0627\u0631<\/figcaption><\/figure>\n\n\n\n<figure class=\"wp-block-video\"><video height=\"540\" style=\"aspect-ratio: 960 \/ 540;\" width=\"960\" controls poster=\"https:\/\/digmit.at\/wp-content\/uploads\/2020\/12\/UNDOK_Video_Posterimage.png\" src=\"https:\/\/digmit.at\/wp-content\/uploads\/2020\/12\/03_Turkisch_UT.960x540.mp4\"><\/video><figcaption>UNDOK-Infovideo (T\u00fcrkisch UT) \u2013 \u00c7al\u0131\u015fma ve oturum iznin olmadan \u00e7al\u0131\u015fsan da haklarin var!<\/figcaption><\/figure>\n\n\n\n<figure class=\"wp-block-video\"><video height=\"540\" style=\"aspect-ratio: 960 \/ 540;\" width=\"960\" controls poster=\"https:\/\/digmit.at\/wp-content\/uploads\/2020\/12\/UNDOK_Video_Posterimage.png\" src=\"https:\/\/digmit.at\/wp-content\/uploads\/2020\/12\/02_BKS_UT.960x540.mp4\"><\/video><figcaption>UNDOK-Infovideo (BKS UT) \u2013 Ako nemas radnu dozvolu ne znaci da nemas prava!<\/figcaption><\/figure>\n","protected":false},"excerpt":{"rendered":"<p>UNDOK \u2013 Anlaufstelle zur gewerkschaftlichen Unterst\u00fctzung undokumentiert Arbeitenderwww.undok.at Video in verschiedenen Sprachen:<\/p>\n","protected":false},"author":2,"featured_media":0,"parent":465,"menu_order":0,"comment_status":"closed","ping_status":"closed","template":"","meta":{"footnotes":""},"class_list":["post-655","page","type-page","status-publish","hentry"],"_links":{"self":[{"href":"https:\/\/digmit.at\/index.php\/wp-json\/wp\/v2\/pages\/655","targetHints":{"allow":["GET"]}}],"collection":[{"href":"https:\/\/digmit.at\/index.php\/wp-json\/wp\/v2\/pages"}],"about":[{"href":"https:\/\/digmit.at\/index.php\/wp-json\/wp\/v2\/types\/page"}],"author":[{"embeddable":true,"href":"https:\/\/digmit.at\/index.php\/wp-json\/wp\/v2\/users\/2"}],"replies":[{"embeddable":true,"href":"https:\/\/digmit.at\/index.php\/wp-json\/wp\/v2\/comments?post=655"}],"version-history":[{"count":7,"href":"https:\/\/digmit.at\/index.php\/wp-json\/wp\/v2\/pages\/655\/revisions"}],"predecessor-version":[{"id":992,"href":"https:\/\/digmit.at\/index.php\/wp-json\/wp\/v2\/pages\/655\/revisions\/992"}],"up":[{"embeddable":true,"href":"https:\/\/digmit.at\/index.php\/wp-json\/wp\/v2\/pages\/465"}],"wp:attachment":[{"href":"https:\/\/digmit.at\/index.php\/wp-json\/wp\/v2\/media?parent=655"}],"curies":[{"name":"wp","href":"https:\/\/api.w.org\/{rel}","templated":true}]}}