{"id":890,"date":"2020-12-16T11:44:42","date_gmt":"2020-12-16T11:44:42","guid":{"rendered":"https:\/\/digmit.at\/?page_id=890"},"modified":"2024-01-02T14:38:43","modified_gmt":"2024-01-02T14:38:43","slug":"ich-will-nach-einer-scheidung-in-osterreich-bleiben-und-habe-einen-daueraufenthalt-eu","status":"publish","type":"page","link":"https:\/\/digmit.at\/index.php\/startseite\/aufenthaltsrecht\/ich-will-nach-einer-scheidung-in-osterreich-bleiben-und-habe\/ich-will-nach-einer-scheidung-in-osterreich-bleiben-und-habe-einen-daueraufenthalt-eu\/","title":{"rendered":"Ich will nach einer Scheidung in \u00d6sterreich bleiben und habe einen Daueraufenthalt \u2013 EU."},"content":{"rendered":"\n<p>Wenn ich einen <strong>Daueraufenthalt \u2013 EU<\/strong> habe und <strong>mich scheiden lasse<\/strong>, <strong>kann ich weiterhin in \u00d6sterreich bleiben<\/strong>.<\/p>\n\n\n\n<p><br>ACHTUNG<br>Wenn ich <strong>l\u00e4ngere Zeit im Ausland<\/strong> bin\/war, kann ich meinen <strong>Daueraufenthalt \u2013 EU verlieren<\/strong>!<br>Als Drittstaatsangeh\u00f6rige*r darf ich nicht mehr als 12 Monate au\u00dferhalb des EWR-Raums sein.<br>In diesen Ausnahmef\u00e4llen darf l\u00e4nger (bis zu 24 Monate) im Ausland sein: Erkrankungen, Pflege Angeh\u00f6riger, Wehrdienst, \u201esoziale Verpflichtungen\u201c<br>Wenn ich die <strong><a href=\"https:\/\/digmit.at\/index.php\/ich-mochte-die-osterreichische-staatsburgerschaft-beantragen\/\">\u00f6sterreichische Staatsb\u00fcrgerschaft<\/a><\/strong> beantragen will, <strong>darf ich nicht l\u00e4nger im Ausland sein!<\/strong> <br>Ich sollte mich <strong>rechtzeitig informieren<\/strong>! Ich kann zu einer <a href=\"https:\/\/digmit.at\/index.php\/startseite\/aufenthaltsrecht\/beratungsstellen\/\" data-type=\"page\" data-id=\"824\"><strong>Beratungsstelle<\/strong><\/a> gehen.<\/p>\n\n\n\n<p>Ich kann meinen <strong>Daueraufenthalt \u2013 EU<\/strong> auch aufgrund bestimmter <strong>Straftaten verlieren<\/strong>!<\/p>\n","protected":false},"excerpt":{"rendered":"<p>Wenn ich einen Daueraufenthalt \u2013 EU habe und mich scheiden lasse, kann ich weiterhin in \u00d6sterreich bleiben. ACHTUNGWenn ich l\u00e4ngere Zeit im Ausland bin\/war, kann ich meinen Daueraufenthalt \u2013 EU verlieren!Als Drittstaatsangeh\u00f6rige*r darf ich nicht mehr als 12 Monate au\u00dferhalb des EWR-Raums sein.In diesen Ausnahmef\u00e4llen darf l\u00e4nger (bis zu 24 Monate) im Ausland sein: Erkrankungen, [&hellip;]<\/p>\n","protected":false},"author":2,"featured_media":0,"parent":822,"menu_order":0,"comment_status":"closed","ping_status":"closed","template":"","meta":{"footnotes":""},"class_list":["post-890","page","type-page","status-publish","hentry"],"_links":{"self":[{"href":"https:\/\/digmit.at\/index.php\/wp-json\/wp\/v2\/pages\/890","targetHints":{"allow":["GET"]}}],"collection":[{"href":"https:\/\/digmit.at\/index.php\/wp-json\/wp\/v2\/pages"}],"about":[{"href":"https:\/\/digmit.at\/index.php\/wp-json\/wp\/v2\/types\/page"}],"author":[{"embeddable":true,"href":"https:\/\/digmit.at\/index.php\/wp-json\/wp\/v2\/users\/2"}],"replies":[{"embeddable":true,"href":"https:\/\/digmit.at\/index.php\/wp-json\/wp\/v2\/comments?post=890"}],"version-history":[{"count":9,"href":"https:\/\/digmit.at\/index.php\/wp-json\/wp\/v2\/pages\/890\/revisions"}],"predecessor-version":[{"id":4640,"href":"https:\/\/digmit.at\/index.php\/wp-json\/wp\/v2\/pages\/890\/revisions\/4640"}],"up":[{"embeddable":true,"href":"https:\/\/digmit.at\/index.php\/wp-json\/wp\/v2\/pages\/822"}],"wp:attachment":[{"href":"https:\/\/digmit.at\/index.php\/wp-json\/wp\/v2\/media?parent=890"}],"curies":[{"name":"wp","href":"https:\/\/api.w.org\/{rel}","templated":true}]}}